{"id":24666,"date":"2025-05-28T11:40:24","date_gmt":"2025-05-28T09:40:24","guid":{"rendered":"https:\/\/eterle.cz\/eshop\/produkt\/konferencni-stolek-10\/"},"modified":"2025-07-12T21:14:53","modified_gmt":"2025-07-12T19:14:53","slug":"konferencni-stolek-10","status":"publish","type":"product","link":"https:\/\/eterle.cz\/eshop\/produkt\/konferencni-stolek-10\/","title":{"rendered":"Konferen\u010dn\u00ed stolek"},"content":{"rendered":"<p>V\u00fdrazn\u00fd k\u00e1vov\u00fd stolek inspirovan\u00fd stylem Hollywood Regency \u2013 designov\u00fdm sm\u011brem obl\u00edben\u00fdm mezi filmov\u00fdmi hv\u011bzdami 50.\u201370. let, kter\u00fd kombinuje lesk, eleganci a v\u00fdrazn\u00e9 materi\u00e1ly. Stolek m\u00e1 zlat\u011b chromovanou ocelovou konstrukci se zaoblen\u00fdmi rohy a desku z kou\u0159ov\u00e9ho skla, co\u017e mu d\u00e1v\u00e1 elegantn\u00ed i lehce excentrick\u00fd charakter.<\/p>\n<p>Stav: dobr\u00fd p\u016fvodn\u00ed, m\u00edsty zlat\u00e1 barva tro\u0161ku od\u0159en\u00e1<br \/>\nRozm\u011br<br \/>\nV\u00fd\u0161ka: 50 cm<br \/>\n\u0160\u00ed\u0159ka: 68 cm<br \/>\nHloubka: 53 cm<\/p>\n<p>&nbsp;<\/p>\n","protected":false},"excerpt":{"rendered":"<p>V\u00fdrazn\u00fd k\u00e1vov\u00fd stolek inspirovan\u00fd stylem Hollywood Regency \u2013 designov\u00fdm sm\u011brem obl\u00edben\u00fdm mezi filmov\u00fdmi hv\u011bzdami 50.\u201370. let, kter\u00fd kombinuje lesk, eleganci<\/p>\n","protected":false},"featured_media":24668,"template":"","meta":[],"product_brand":[],"product_cat":[130,124],"product_tag":[],"class_list":{"0":"post-24666","1":"product","2":"type-product","3":"status-publish","4":"has-post-thumbnail","6":"product_cat-nabytek","7":"product_cat-stoly","8":"product_shipping_class-nadrozmerne","10":"first","11":"instock","12":"purchasable","13":"product-type-simple"},"_links":{"self":[{"href":"https:\/\/eterle.cz\/eshop\/wp-json\/wp\/v2\/product\/24666","targetHints":{"allow":["GET"]}}],"collection":[{"href":"https:\/\/eterle.cz\/eshop\/wp-json\/wp\/v2\/product"}],"about":[{"href":"https:\/\/eterle.cz\/eshop\/wp-json\/wp\/v2\/types\/product"}],"version-history":[{"count":1,"href":"https:\/\/eterle.cz\/eshop\/wp-json\/wp\/v2\/product\/24666\/revisions"}],"predecessor-version":[{"id":24667,"href":"https:\/\/eterle.cz\/eshop\/wp-json\/wp\/v2\/product\/24666\/revisions\/24667"}],"wp:featuredmedia":[{"embeddable":true,"href":"https:\/\/eterle.cz\/eshop\/wp-json\/wp\/v2\/media\/24668"}],"wp:attachment":[{"href":"https:\/\/eterle.cz\/eshop\/wp-json\/wp\/v2\/media?parent=24666"}],"wp:term":[{"taxonomy":"product_brand","embeddable":true,"href":"https:\/\/eterle.cz\/eshop\/wp-json\/wp\/v2\/product_brand?post=24666"},{"taxonomy":"product_cat","embeddable":true,"href":"https:\/\/eterle.cz\/eshop\/wp-json\/wp\/v2\/product_cat?post=24666"},{"taxonomy":"product_tag","embeddable":true,"href":"https:\/\/eterle.cz\/eshop\/wp-json\/wp\/v2\/product_tag?post=24666"}],"curies":[{"name":"wp","href":"https:\/\/api.w.org\/{rel}","templated":true}]}}