{"id":24684,"date":"2025-05-28T11:40:34","date_gmt":"2025-05-28T09:40:34","guid":{"rendered":"https:\/\/eterle.cz\/eshop\/produkt\/stolicka-vanek-2\/"},"modified":"2025-06-23T01:33:55","modified_gmt":"2025-06-22T23:33:55","slug":"stolicka-vanek-2","status":"publish","type":"product","link":"https:\/\/eterle.cz\/eshop\/produkt\/stolicka-vanek-2\/","title":{"rendered":"Stoli\u010dka \/ Van\u011bk"},"content":{"rendered":"<p>V\u00fdjime\u010dn\u00fd taburet navr\u017een\u00fd Janem Va\u0148kem pro legend\u00e1rn\u00ed obchod Kr\u00e1sn\u00e1 jizba v 60. letech minul\u00e9ho stolet\u00ed. Elegantn\u011b tvarovan\u00e1 konstrukce z oh\u00fdban\u00e9ho d\u0159eva je dopln\u011bna ru\u010dn\u011b propl\u00e9tan\u00fdm sed\u00e1kem z re\u017en\u00e9ho popruhu. Jednoduch\u00e1 forma a poctiv\u00e9 \u0159emesln\u00e9 zpracov\u00e1n\u00ed d\u011blaj\u00ed z tohoto kusu nad\u010dasov\u00fd p\u0159\u00edklad \u010deskoslovensk\u00e9ho modernismu s jemn\u00fdm skandin\u00e1vsk\u00fdm n\u00e1dechem. Vz\u00e1cn\u00fd sb\u011bratelsk\u00fd kus, kter\u00fd skv\u011ble vynikne jako solit\u00e9r nebo dopln\u011bk k modern\u00edmu i retro interi\u00e9ru<\/p>\n<p>Stav: po komletn\u00ed renovaci<br \/>\nZna\u010dka: Jan Van\u011bk, Kr\u00e1sn\u00e1 Jizba<br \/>\nRozm\u011br<br \/>\nV\u00fd\u0161ka: 42 cm<br \/>\n\u0160\u00ed\u0159ka: 56 cm<br \/>\nHloubka: 37 cm<\/p>\n<p>&nbsp;<\/p>\n","protected":false},"excerpt":{"rendered":"<p>V\u00fdjime\u010dn\u00fd taburet navr\u017een\u00fd Janem Va\u0148kem pro legend\u00e1rn\u00ed obchod Kr\u00e1sn\u00e1 jizba v 60. letech minul\u00e9ho stolet\u00ed. Elegantn\u011b tvarovan\u00e1 konstrukce z oh\u00fdban\u00e9ho<\/p>\n","protected":false},"featured_media":24686,"template":"","meta":[],"product_brand":[],"product_cat":[91],"product_tag":[],"class_list":{"0":"post-24684","1":"product","2":"type-product","3":"status-publish","4":"has-post-thumbnail","6":"product_cat-prodane","7":"product_shipping_class-nadrozmerne","9":"first","10":"outofstock","11":"purchasable","12":"product-type-simple"},"_links":{"self":[{"href":"https:\/\/eterle.cz\/eshop\/wp-json\/wp\/v2\/product\/24684","targetHints":{"allow":["GET"]}}],"collection":[{"href":"https:\/\/eterle.cz\/eshop\/wp-json\/wp\/v2\/product"}],"about":[{"href":"https:\/\/eterle.cz\/eshop\/wp-json\/wp\/v2\/types\/product"}],"version-history":[{"count":1,"href":"https:\/\/eterle.cz\/eshop\/wp-json\/wp\/v2\/product\/24684\/revisions"}],"predecessor-version":[{"id":24685,"href":"https:\/\/eterle.cz\/eshop\/wp-json\/wp\/v2\/product\/24684\/revisions\/24685"}],"wp:featuredmedia":[{"embeddable":true,"href":"https:\/\/eterle.cz\/eshop\/wp-json\/wp\/v2\/media\/24686"}],"wp:attachment":[{"href":"https:\/\/eterle.cz\/eshop\/wp-json\/wp\/v2\/media?parent=24684"}],"wp:term":[{"taxonomy":"product_brand","embeddable":true,"href":"https:\/\/eterle.cz\/eshop\/wp-json\/wp\/v2\/product_brand?post=24684"},{"taxonomy":"product_cat","embeddable":true,"href":"https:\/\/eterle.cz\/eshop\/wp-json\/wp\/v2\/product_cat?post=24684"},{"taxonomy":"product_tag","embeddable":true,"href":"https:\/\/eterle.cz\/eshop\/wp-json\/wp\/v2\/product_tag?post=24684"}],"curies":[{"name":"wp","href":"https:\/\/api.w.org\/{rel}","templated":true}]}}

Stolička / Vaněk

<p>Výjimečný taburet navržený Janem Vaňkem pro legendární obchod Krásná jizba v 60. letech minulého století. Elegantně tvarovaná konstrukce z ohýbaného dřeva je doplněna ručně proplétaným sedákem z režného popruhu. Jednoduchá forma a poctivé řemeslné zpracování dělají z tohoto kusu nadčasový příklad československého modernismu s jemným skandinávským nádechem. Vzácný sběratelský kus, který skvěle vynikne jako solitér nebo doplněk k modernímu i retro interiéru</p>
<p>Stav: po komletní renovaci<br />
Značka: Jan Vaněk, Krásná Jizba<br />
Rozměr<br />
Výška: 42 cm<br />
Šířka: 56 cm<br />
Hloubka: 37 cm</p>
<p>&nbsp;</p>

<p>Výjimečný taburet navržený Janem Vaňkem pro legendární obchod Krásná jizba v 60. letech minulého století. Elegantně tvarovaná konstrukce z ohýbaného</p>
