{"id":24818,"date":"2025-05-28T11:41:49","date_gmt":"2025-05-28T09:41:49","guid":{"rendered":"https:\/\/eterle.cz\/eshop\/produkt\/funkcionalisticky-gauc\/"},"modified":"2025-11-29T22:02:19","modified_gmt":"2025-11-29T21:02:19","slug":"funkcionalisticky-gauc","status":"publish","type":"product","link":"https:\/\/eterle.cz\/eshop\/produkt\/funkcionalisticky-gauc\/","title":{"rendered":"Funkcionalistick\u00fd gau\u010d"},"content":{"rendered":"<p>Minimalistick\u00e1 pohovka z oh\u00fdban\u00fdch ocelov\u00fdch trubek navr\u017een\u00e1 ve funkcionalistick\u00e9m duchu 30. let minul\u00e9ho stolet\u00ed. Tvarov\u00e9 \u0159e\u0161en\u00ed a materi\u00e1lov\u00e1 skladba odkazuj\u00ed na n\u00e1vrhy Antona Lorenze, nicm\u00e9n\u011b konstruk\u010dn\u00ed detaily \u2013 zejm\u00e9na ploch\u00fd ohyb nohou a vertik\u00e1ln\u00ed \u010dlen\u011bn\u00ed zadn\u00ed op\u011brky \u2013 nazna\u010duj\u00ed, \u017ee se s nejv\u011bt\u0161\u00ed pravd\u011bpodobnost\u00ed jedn\u00e1 o \u010deskoslovenskou v\u00fdrobu z meziv\u00e1le\u010dn\u00e9ho obdob\u00ed.<\/p>\n<p>Stav: p\u016fvodn\u00ed zachoval\u00fd, m\u00edsty koroze ( na nohou, vr\u0161ek m\u00e1 hezk\u00fd chrom)<br \/>\nRozm\u011br<br \/>\nV\u00fd\u0161ka: 65,5 cm<br \/>\nD\u00e9lka: 193 cm (185 d\u00e9lka matrace)<br \/>\nHloubka: 85 cm (85 hloubka matrace)<\/p>\n<p>&nbsp;<\/p>\n","protected":false},"excerpt":{"rendered":"<p>Minimalistick\u00e1 pohovka z oh\u00fdban\u00fdch ocelov\u00fdch trubek navr\u017een\u00e1 ve funkcionalistick\u00e9m duchu 30. let minul\u00e9ho stolet\u00ed. Tvarov\u00e9 \u0159e\u0161en\u00ed a materi\u00e1lov\u00e1 skladba odkazuj\u00ed<\/p>\n","protected":false},"featured_media":24820,"template":"","meta":[],"product_brand":[],"product_cat":[91],"product_tag":[],"class_list":{"0":"post-24818","1":"product","2":"type-product","3":"status-publish","4":"has-post-thumbnail","6":"product_cat-prodane","7":"product_shipping_class-nadrozmerne","9":"first","10":"outofstock","11":"purchasable","12":"product-type-simple"},"_links":{"self":[{"href":"https:\/\/eterle.cz\/eshop\/wp-json\/wp\/v2\/product\/24818","targetHints":{"allow":["GET"]}}],"collection":[{"href":"https:\/\/eterle.cz\/eshop\/wp-json\/wp\/v2\/product"}],"about":[{"href":"https:\/\/eterle.cz\/eshop\/wp-json\/wp\/v2\/types\/product"}],"version-history":[{"count":2,"href":"https:\/\/eterle.cz\/eshop\/wp-json\/wp\/v2\/product\/24818\/revisions"}],"predecessor-version":[{"id":31923,"href":"https:\/\/eterle.cz\/eshop\/wp-json\/wp\/v2\/product\/24818\/revisions\/31923"}],"wp:featuredmedia":[{"embeddable":true,"href":"https:\/\/eterle.cz\/eshop\/wp-json\/wp\/v2\/media\/24820"}],"wp:attachment":[{"href":"https:\/\/eterle.cz\/eshop\/wp-json\/wp\/v2\/media?parent=24818"}],"wp:term":[{"taxonomy":"product_brand","embeddable":true,"href":"https:\/\/eterle.cz\/eshop\/wp-json\/wp\/v2\/product_brand?post=24818"},{"taxonomy":"product_cat","embeddable":true,"href":"https:\/\/eterle.cz\/eshop\/wp-json\/wp\/v2\/product_cat?post=24818"},{"taxonomy":"product_tag","embeddable":true,"href":"https:\/\/eterle.cz\/eshop\/wp-json\/wp\/v2\/product_tag?post=24818"}],"curies":[{"name":"wp","href":"https:\/\/api.w.org\/{rel}","templated":true}]}}