{"id":24863,"date":"2025-05-28T11:42:15","date_gmt":"2025-05-28T09:42:15","guid":{"rendered":"https:\/\/eterle.cz\/eshop\/produkt\/skrin-se-stolkem-tmavsi-f-mezulanik\/"},"modified":"2025-07-12T21:15:55","modified_gmt":"2025-07-12T19:15:55","slug":"skrin-se-stolkem-tmavsi-f-mezulanik","status":"publish","type":"product","link":"https:\/\/eterle.cz\/eshop\/produkt\/skrin-se-stolkem-tmavsi-f-mezulanik\/","title":{"rendered":"Sk\u0159\u00ed\u0148 se stolkem (tmav\u0161\u00ed) \/ F. Mezul\u00e1nik"},"content":{"rendered":"<p>Tento kousek je takov\u00e1 mal\u00e1 dom\u00e1c\u00ed kancel\u00e1\u0159. Sk\u0159\u00ed\u0148, kter\u00e1 m\u00e1 v horn\u00ed polovin\u011b v\u00fdklopnou \u010d\u00e1st za n\u00ed\u017e se skr\u00fdvaj\u00ed poli\u010dky. Samotn\u00e1 deska pak slou\u017e\u00ed jako psac\u00ed st\u016fl. Na v\u011bt\u0161\u00ed dokumenty se daj\u00ed vyu\u017e\u00edt doln\u00ed \u0161upl\u00edky. N\u00e1bytek poch\u00e1z\u00ed od design\u00e9ra Franti\u0161ka Mezul\u00e1nika, kter\u00fd byl jeden z ocen\u011bn\u00fdch architekt\u016f za odleh\u010den\u00fd sektorov\u00fd n\u00e1bytek (U-1) v pov\u00e1le\u010dn\u00e9m obdob\u00ed. <\/p>\n<p>Od stejnojmen\u00e9ho n\u00e1vrh\u00e1\u0159e m\u00e1me k dispozici je\u0161t\u011b n\u011bkolik dal\u0161\u00edch kousk\u016f: komodu, knihovnu, pe\u0159i\u0148\u00e1k a sk\u0159\u00ed\u0148.<\/p>\n<p>Stav: velmi dobr\u00fd, pouze jeden bok m\u00e1 vrchn\u00ed polovinu vy\u0161isovanou; kousek d\u00fdhy vy\u0161t\u00edpl\u00fd u otv\u00edrac\u00ed \u010d\u00e1sti<br \/>\nZna\u010dka: Franti\u0161ek Mezul\u00e1nik<br \/>\nRozm\u011br<br \/>\nV\u00fd\u0161ka: 131 cm<br \/>\n\u0160\u00ed\u0159ka: 79 cm<br \/>\nHloubka: 45 cm<\/p>\n<p>&nbsp;<\/p>\n","protected":false},"excerpt":{"rendered":"<p>Tento kousek je takov\u00e1 mal\u00e1 dom\u00e1c\u00ed kancel\u00e1\u0159. Sk\u0159\u00ed\u0148, kter\u00e1 m\u00e1 v horn\u00ed polovin\u011b v\u00fdklopnou \u010d\u00e1st za n\u00ed\u017e se skr\u00fdvaj\u00ed poli\u010dky.<\/p>\n","protected":false},"featured_media":24865,"template":"","meta":[],"product_brand":[],"product_cat":[130,125],"product_tag":[],"class_list":{"0":"post-24863","1":"product","2":"type-product","3":"status-publish","4":"has-post-thumbnail","6":"product_cat-nabytek","7":"product_cat-komody-a-skrine","8":"product_shipping_class-nadrozmerne","10":"first","11":"instock","12":"purchasable","13":"product-type-simple"},"_links":{"self":[{"href":"https:\/\/eterle.cz\/eshop\/wp-json\/wp\/v2\/product\/24863","targetHints":{"allow":["GET"]}}],"collection":[{"href":"https:\/\/eterle.cz\/eshop\/wp-json\/wp\/v2\/product"}],"about":[{"href":"https:\/\/eterle.cz\/eshop\/wp-json\/wp\/v2\/types\/product"}],"version-history":[{"count":1,"href":"https:\/\/eterle.cz\/eshop\/wp-json\/wp\/v2\/product\/24863\/revisions"}],"predecessor-version":[{"id":24864,"href":"https:\/\/eterle.cz\/eshop\/wp-json\/wp\/v2\/product\/24863\/revisions\/24864"}],"wp:featuredmedia":[{"embeddable":true,"href":"https:\/\/eterle.cz\/eshop\/wp-json\/wp\/v2\/media\/24865"}],"wp:attachment":[{"href":"https:\/\/eterle.cz\/eshop\/wp-json\/wp\/v2\/media?parent=24863"}],"wp:term":[{"taxonomy":"product_brand","embeddable":true,"href":"https:\/\/eterle.cz\/eshop\/wp-json\/wp\/v2\/product_brand?post=24863"},{"taxonomy":"product_cat","embeddable":true,"href":"https:\/\/eterle.cz\/eshop\/wp-json\/wp\/v2\/product_cat?post=24863"},{"taxonomy":"product_tag","embeddable":true,"href":"https:\/\/eterle.cz\/eshop\/wp-json\/wp\/v2\/product_tag?post=24863"}],"curies":[{"name":"wp","href":"https:\/\/api.w.org\/{rel}","templated":true}]}}