{"id":24889,"date":"2025-05-28T11:42:29","date_gmt":"2025-05-28T09:42:29","guid":{"rendered":"https:\/\/eterle.cz\/eshop\/produkt\/knihovna-f-mezulanik\/"},"modified":"2026-02-18T21:33:19","modified_gmt":"2026-02-18T20:33:19","slug":"knihovna-f-mezulanik","status":"publish","type":"product","link":"https:\/\/eterle.cz\/eshop\/produkt\/knihovna-f-mezulanik\/","title":{"rendered":"Knihovna \/ F. Mezul\u00e1nik"},"content":{"rendered":"<p>Prosklen\u00e1 knihovna v kombinaci s uzaviratelnou sk\u0159\u00ed\u0148kou a \u0161upl\u00edky, kde je mo\u017eno uschovat je\u0161t\u011b plno nezbitnost\u00ed, kter\u00e9 ale nechcete m\u00edt zcela na o\u010d\u00edch. Tento n\u00e1bytek poch\u00e1z\u00ed od design\u00e9ra Franti\u0161ka Mezul\u00e1nika, kter\u00fd byl jeden z ocen\u011bn\u00fdch architekt\u016f za odleh\u010den\u00fd sektorov\u00fd n\u00e1bytek (U-1) v pov\u00e1le\u010dn\u00e9m obdob\u00ed. <\/p>\n<p>Od stejnojmen\u00e9ho n\u00e1vrh\u00e1\u0159e m\u00e1me k dispozici je\u0161t\u011b n\u011bkolik dal\u0161\u00edch kousk\u016f: komodu, sk\u0159\u00ed\u0148 se stolkem, pe\u0159i\u0148\u00e1k a sk\u0159\u00ed\u0148.<\/p>\n<p>Stav: velmi dobr\u00fd<br \/>\nZna\u010dka: Franti\u0161ek Mezul\u00e1nik<br \/>\nRozm\u011br<br \/>\nV\u00fd\u0161ka: 131 cm<br \/>\n\u0160\u00ed\u0159ka: 124 cm<br \/>\nHloubka: 45 cm<\/p>\n<p>&nbsp;<\/p>\n","protected":false},"excerpt":{"rendered":"<p>Prosklen\u00e1 knihovna v kombinaci s uzaviratelnou sk\u0159\u00ed\u0148kou a \u0161upl\u00edky, kde je mo\u017eno uschovat je\u0161t\u011b plno nezbitnost\u00ed, kter\u00e9 ale nechcete m\u00edt<\/p>\n","protected":false},"featured_media":24891,"template":"","meta":[],"product_brand":[],"product_cat":[91],"product_tag":[],"class_list":{"0":"post-24889","1":"product","2":"type-product","3":"status-publish","4":"has-post-thumbnail","6":"product_cat-prodane","7":"product_shipping_class-nadrozmerne","9":"first","10":"outofstock","11":"purchasable","12":"product-type-simple"},"_links":{"self":[{"href":"https:\/\/eterle.cz\/eshop\/wp-json\/wp\/v2\/product\/24889","targetHints":{"allow":["GET"]}}],"collection":[{"href":"https:\/\/eterle.cz\/eshop\/wp-json\/wp\/v2\/product"}],"about":[{"href":"https:\/\/eterle.cz\/eshop\/wp-json\/wp\/v2\/types\/product"}],"version-history":[{"count":1,"href":"https:\/\/eterle.cz\/eshop\/wp-json\/wp\/v2\/product\/24889\/revisions"}],"predecessor-version":[{"id":24890,"href":"https:\/\/eterle.cz\/eshop\/wp-json\/wp\/v2\/product\/24889\/revisions\/24890"}],"wp:featuredmedia":[{"embeddable":true,"href":"https:\/\/eterle.cz\/eshop\/wp-json\/wp\/v2\/media\/24891"}],"wp:attachment":[{"href":"https:\/\/eterle.cz\/eshop\/wp-json\/wp\/v2\/media?parent=24889"}],"wp:term":[{"taxonomy":"product_brand","embeddable":true,"href":"https:\/\/eterle.cz\/eshop\/wp-json\/wp\/v2\/product_brand?post=24889"},{"taxonomy":"product_cat","embeddable":true,"href":"https:\/\/eterle.cz\/eshop\/wp-json\/wp\/v2\/product_cat?post=24889"},{"taxonomy":"product_tag","embeddable":true,"href":"https:\/\/eterle.cz\/eshop\/wp-json\/wp\/v2\/product_tag?post=24889"}],"curies":[{"name":"wp","href":"https:\/\/api.w.org\/{rel}","templated":true}]}}