{"id":24958,"date":"2025-05-28T11:43:10","date_gmt":"2025-05-28T09:43:10","guid":{"rendered":"https:\/\/eterle.cz\/eshop\/produkt\/jidleni-stul-halabala-2\/"},"modified":"2025-06-16T15:39:40","modified_gmt":"2025-06-16T13:39:40","slug":"jidleni-stul-halabala-2","status":"publish","type":"product","link":"https:\/\/eterle.cz\/eshop\/produkt\/jidleni-stul-halabala-2\/","title":{"rendered":"J\u00eddlen\u00ed st\u016fl \/ Halabala"},"content":{"rendered":"<p>Rozkl\u00e1dac\u00ed j\u00eddelni st\u016fl od Jind\u0159icha Halabaly vhodn\u00fd pro 4 a\u017e 6 osob s kr\u00e1snou kresbou d\u0159eva.<\/p>\n<p>Stav: p\u016fvodn\u00ed zachoval\u00fd s lehkou patinou (m\u00edsty popraskan\u00fd lak)<br \/>\nZna\u010dka: Jind\u0159ich Halabala<br \/>\nRozm\u011br<br \/>\nV\u00fd\u0161ka: 76 cm<br \/>\n\u0160\u00ed\u0159ka: 120 cm (191 cm rozlo\u017een\u00fd)<br \/>\nHloubka: 85 cm<\/p>\n<p>&nbsp;<\/p>\n","protected":false},"excerpt":{"rendered":"<p>Rozkl\u00e1dac\u00ed j\u00eddelni st\u016fl od Jind\u0159icha Halabaly vhodn\u00fd pro 4 a\u017e 6 osob s kr\u00e1snou kresbou d\u0159eva. Stav: p\u016fvodn\u00ed zachoval\u00fd s<\/p>\n","protected":false},"featured_media":24960,"template":"","meta":[],"product_brand":[],"product_cat":[91],"product_tag":[],"class_list":{"0":"post-24958","1":"product","2":"type-product","3":"status-publish","4":"has-post-thumbnail","6":"product_cat-prodane","7":"product_shipping_class-nadrozmerne","9":"first","10":"outofstock","11":"purchasable","12":"product-type-simple"},"_links":{"self":[{"href":"https:\/\/eterle.cz\/eshop\/wp-json\/wp\/v2\/product\/24958","targetHints":{"allow":["GET"]}}],"collection":[{"href":"https:\/\/eterle.cz\/eshop\/wp-json\/wp\/v2\/product"}],"about":[{"href":"https:\/\/eterle.cz\/eshop\/wp-json\/wp\/v2\/types\/product"}],"version-history":[{"count":1,"href":"https:\/\/eterle.cz\/eshop\/wp-json\/wp\/v2\/product\/24958\/revisions"}],"predecessor-version":[{"id":24959,"href":"https:\/\/eterle.cz\/eshop\/wp-json\/wp\/v2\/product\/24958\/revisions\/24959"}],"wp:featuredmedia":[{"embeddable":true,"href":"https:\/\/eterle.cz\/eshop\/wp-json\/wp\/v2\/media\/24960"}],"wp:attachment":[{"href":"https:\/\/eterle.cz\/eshop\/wp-json\/wp\/v2\/media?parent=24958"}],"wp:term":[{"taxonomy":"product_brand","embeddable":true,"href":"https:\/\/eterle.cz\/eshop\/wp-json\/wp\/v2\/product_brand?post=24958"},{"taxonomy":"product_cat","embeddable":true,"href":"https:\/\/eterle.cz\/eshop\/wp-json\/wp\/v2\/product_cat?post=24958"},{"taxonomy":"product_tag","embeddable":true,"href":"https:\/\/eterle.cz\/eshop\/wp-json\/wp\/v2\/product_tag?post=24958"}],"curies":[{"name":"wp","href":"https:\/\/api.w.org\/{rel}","templated":true}]}}