{"id":25141,"date":"2025-05-28T11:44:52","date_gmt":"2025-05-28T09:44:52","guid":{"rendered":"https:\/\/eterle.cz\/eshop\/produkt\/konferencni-stolek-jiroutek\/"},"modified":"2025-07-12T21:18:39","modified_gmt":"2025-07-12T19:18:39","slug":"konferencni-stolek-jiroutek","status":"publish","type":"product","link":"https:\/\/eterle.cz\/eshop\/produkt\/konferencni-stolek-jiroutek\/","title":{"rendered":"Konferen\u010dn\u00ed stolek \/ Jiroutek"},"content":{"rendered":"<p>Konferen\u010dn\u00ed stolek z 60. let 20. stolet\u00ed, kter\u00fd je posledn\u00ed dobou velmi obl\u00edben\u00fd a st\u00e1le stoup\u00e1 na cen\u011b. Byl vyroben\u00fd v podniku Interier Praha podle n\u00e1vrhu Ji\u0159\u00edho Jiroutka a d\u011blal se ve dvou variant\u00e1ch &#8211; s b\u00edlou nebo \u010dernou sklen\u011bnou opaxitovou deskou. Podno\u017e\u00ed stolu je z masivn\u00edho bukov\u00e9ho d\u0159eva. Sklen\u011bn\u00e1 deska je vyj\u00edmateln\u00e1, tak\u017ee opatrn\u011b p\u0159i manipulaci, a\u0165 v\u00e1m nevypadne.<\/p>\n<p>Stav: d\u0159evo po renovaci, sklo drobn\u00e9 \u0161kr\u00e1bance<br \/>\nZna\u010dka: JI\u0159\u00ed Jiroutek, Interi\u00e9r Praha<br \/>\nRozm\u011br<br \/>\nV\u00fd\u0161ka: 60 cm<br \/>\n\u0160\u00ed\u0159ka: 88 cm<br \/>\nHloubka: 55 cm<\/p>\n<p>&nbsp;<\/p>\n","protected":false},"excerpt":{"rendered":"<p>Konferen\u010dn\u00ed stolek z 60. let 20. stolet\u00ed, kter\u00fd je posledn\u00ed dobou velmi obl\u00edben\u00fd a st\u00e1le stoup\u00e1 na cen\u011b. Byl vyroben\u00fd<\/p>\n","protected":false},"featured_media":25143,"template":"","meta":[],"product_brand":[],"product_cat":[130,124],"product_tag":[],"class_list":{"0":"post-25141","1":"product","2":"type-product","3":"status-publish","4":"has-post-thumbnail","6":"product_cat-nabytek","7":"product_cat-stoly","8":"product_shipping_class-nadrozmerne","10":"first","11":"instock","12":"purchasable","13":"product-type-simple"},"_links":{"self":[{"href":"https:\/\/eterle.cz\/eshop\/wp-json\/wp\/v2\/product\/25141","targetHints":{"allow":["GET"]}}],"collection":[{"href":"https:\/\/eterle.cz\/eshop\/wp-json\/wp\/v2\/product"}],"about":[{"href":"https:\/\/eterle.cz\/eshop\/wp-json\/wp\/v2\/types\/product"}],"version-history":[{"count":1,"href":"https:\/\/eterle.cz\/eshop\/wp-json\/wp\/v2\/product\/25141\/revisions"}],"predecessor-version":[{"id":25142,"href":"https:\/\/eterle.cz\/eshop\/wp-json\/wp\/v2\/product\/25141\/revisions\/25142"}],"wp:featuredmedia":[{"embeddable":true,"href":"https:\/\/eterle.cz\/eshop\/wp-json\/wp\/v2\/media\/25143"}],"wp:attachment":[{"href":"https:\/\/eterle.cz\/eshop\/wp-json\/wp\/v2\/media?parent=25141"}],"wp:term":[{"taxonomy":"product_brand","embeddable":true,"href":"https:\/\/eterle.cz\/eshop\/wp-json\/wp\/v2\/product_brand?post=25141"},{"taxonomy":"product_cat","embeddable":true,"href":"https:\/\/eterle.cz\/eshop\/wp-json\/wp\/v2\/product_cat?post=25141"},{"taxonomy":"product_tag","embeddable":true,"href":"https:\/\/eterle.cz\/eshop\/wp-json\/wp\/v2\/product_tag?post=25141"}],"curies":[{"name":"wp","href":"https:\/\/api.w.org\/{rel}","templated":true}]}}