{"id":25307,"date":"2025-05-30T08:53:24","date_gmt":"2025-05-30T06:53:24","guid":{"rendered":"https:\/\/eterle.cz\/eshop\/produkt\/funkcionalisticky-vesak-4\/"},"modified":"2026-02-04T14:09:34","modified_gmt":"2026-02-04T13:09:34","slug":"funkcionalisticky-vesak-4","status":"publish","type":"product","link":"https:\/\/eterle.cz\/eshop\/produkt\/funkcionalisticky-vesak-4\/","title":{"rendered":"Funkcionalistick\u00fd v\u011b\u0161\u00e1k"},"content":{"rendered":"<p>\u010cistota tvaru a \u00fa\u010del bez ozdob, to je n\u00e1st\u011bnn\u00fd v\u011b\u0161\u00e1k, jak\u00fd by mohl viset v prvorepublikov\u00e9 \u0161kole, tov\u00e1rn\u00ed kancel\u00e1\u0159i i elegantn\u00ed hale. T\u0159i trubky pro odlo\u017een\u00ed klobouk\u016f, osm p\u016fvodn\u00edch h\u00e1\u010dk\u016f na kab\u00e1ty, kter\u00e9 za\u017eily nejedno ro\u010dn\u00ed obdob\u00ed. V\u011b\u0161\u00e1k vych\u00e1zej\u00edc\u00ed z odkazu funkcionalismu, stylu, kter\u00fd neok\u00e1zale slou\u017e\u00ed a nech\u00e1v\u00e1 mluvit materi\u00e1l, konstrukci a smysl. P\u0159ipraven na dal\u0161\u00ed dek\u00e1du slu\u017eby, klidn\u011b i u v\u00e1s v p\u0159eds\u00edni.<\/p>\n<p>Stav: chrom ve velmi dobr\u00e9m stavu, h\u00e1ky koroze<br \/>\nRozm\u011br<br \/>\nV\u00fd\u0161ka: 20 cm<br \/>\nHloubka: 29 cm<br \/>\n\u0160\u00ed\u0159ka: 82,5 cm<\/p>\n<p>&nbsp;<\/p>\n","protected":false},"excerpt":{"rendered":"<p>\u010cistota tvaru a \u00fa\u010del bez ozdob, to je n\u00e1st\u011bnn\u00fd v\u011b\u0161\u00e1k, jak\u00fd by mohl viset v prvorepublikov\u00e9 \u0161kole, tov\u00e1rn\u00ed kancel\u00e1\u0159i i<\/p>\n","protected":false},"featured_media":25309,"template":"","meta":[],"product_brand":[],"product_cat":[91],"product_tag":[],"class_list":{"0":"post-25307","1":"product","2":"type-product","3":"status-publish","4":"has-post-thumbnail","6":"product_cat-prodane","7":"product_shipping_class-nadrozmerne","9":"first","10":"outofstock","11":"purchasable","12":"product-type-simple"},"_links":{"self":[{"href":"https:\/\/eterle.cz\/eshop\/wp-json\/wp\/v2\/product\/25307","targetHints":{"allow":["GET"]}}],"collection":[{"href":"https:\/\/eterle.cz\/eshop\/wp-json\/wp\/v2\/product"}],"about":[{"href":"https:\/\/eterle.cz\/eshop\/wp-json\/wp\/v2\/types\/product"}],"version-history":[{"count":1,"href":"https:\/\/eterle.cz\/eshop\/wp-json\/wp\/v2\/product\/25307\/revisions"}],"predecessor-version":[{"id":25308,"href":"https:\/\/eterle.cz\/eshop\/wp-json\/wp\/v2\/product\/25307\/revisions\/25308"}],"wp:featuredmedia":[{"embeddable":true,"href":"https:\/\/eterle.cz\/eshop\/wp-json\/wp\/v2\/media\/25309"}],"wp:attachment":[{"href":"https:\/\/eterle.cz\/eshop\/wp-json\/wp\/v2\/media?parent=25307"}],"wp:term":[{"taxonomy":"product_brand","embeddable":true,"href":"https:\/\/eterle.cz\/eshop\/wp-json\/wp\/v2\/product_brand?post=25307"},{"taxonomy":"product_cat","embeddable":true,"href":"https:\/\/eterle.cz\/eshop\/wp-json\/wp\/v2\/product_cat?post=25307"},{"taxonomy":"product_tag","embeddable":true,"href":"https:\/\/eterle.cz\/eshop\/wp-json\/wp\/v2\/product_tag?post=25307"}],"curies":[{"name":"wp","href":"https:\/\/api.w.org\/{rel}","templated":true}]}}