{"id":25350,"date":"2025-05-30T08:53:49","date_gmt":"2025-05-30T06:53:49","guid":{"rendered":"https:\/\/eterle.cz\/eshop\/produkt\/obal-na-kvetinac-2\/"},"modified":"2026-01-24T14:49:28","modified_gmt":"2026-01-24T13:49:28","slug":"obal-na-kvetinac-2","status":"publish","type":"product","link":"https:\/\/eterle.cz\/eshop\/produkt\/obal-na-kvetinac-2\/","title":{"rendered":"Obal na kv\u011btin\u00e1\u010d"},"content":{"rendered":"<p>Sklen\u011bn\u00fd obal na kv\u011btin\u00e1\u010d zaujme strukturou plnou drobn\u00fdch bublinek, kter\u00e9 vznikly technikou tzv. bublinkov\u00e9ho skla. Tvar se zaoblen\u00fdmi \u017eebry sm\u011brem ke dnu p\u016fsob\u00ed organicky a lad\u00ed s p\u0159irozen\u00fdm rytmem rostlin. Pravd\u011bpodobn\u011b poch\u00e1z\u00ed z \u010desk\u00e9 ateli\u00e9rov\u00e9 nebo malos\u00e9riov\u00e9 v\u00fdroby 60.\u201380. let, kdy se kombinoval u\u017eitn\u00fd design s dekorativn\u00edm efektem. Vynikne nejen s kv\u011btinou, ale i jako solit\u00e9r na sv\u011btle, kde bublinky rozz\u00e1\u0159\u00ed cel\u00fd prostor.<\/p>\n<p>Stav: velmi dobr\u00fd<br \/>\nRozm\u011br<br \/>\nV\u00fd\u0161ka: 19 cm<br \/>\nOtvor: 18 ml<\/p>\n<p>&nbsp;<\/p>\n","protected":false},"excerpt":{"rendered":"<p>Sklen\u011bn\u00fd obal na kv\u011btin\u00e1\u010d zaujme strukturou plnou drobn\u00fdch bublinek, kter\u00e9 vznikly technikou tzv. bublinkov\u00e9ho skla. Tvar se zaoblen\u00fdmi \u017eebry sm\u011brem<\/p>\n","protected":false},"featured_media":25352,"template":"","meta":[],"product_brand":[],"product_cat":[91],"product_tag":[],"class_list":{"0":"post-25350","1":"product","2":"type-product","3":"status-publish","4":"has-post-thumbnail","6":"product_cat-prodane","8":"first","9":"outofstock","10":"purchasable","11":"product-type-simple"},"_links":{"self":[{"href":"https:\/\/eterle.cz\/eshop\/wp-json\/wp\/v2\/product\/25350","targetHints":{"allow":["GET"]}}],"collection":[{"href":"https:\/\/eterle.cz\/eshop\/wp-json\/wp\/v2\/product"}],"about":[{"href":"https:\/\/eterle.cz\/eshop\/wp-json\/wp\/v2\/types\/product"}],"version-history":[{"count":1,"href":"https:\/\/eterle.cz\/eshop\/wp-json\/wp\/v2\/product\/25350\/revisions"}],"predecessor-version":[{"id":25351,"href":"https:\/\/eterle.cz\/eshop\/wp-json\/wp\/v2\/product\/25350\/revisions\/25351"}],"wp:featuredmedia":[{"embeddable":true,"href":"https:\/\/eterle.cz\/eshop\/wp-json\/wp\/v2\/media\/25352"}],"wp:attachment":[{"href":"https:\/\/eterle.cz\/eshop\/wp-json\/wp\/v2\/media?parent=25350"}],"wp:term":[{"taxonomy":"product_brand","embeddable":true,"href":"https:\/\/eterle.cz\/eshop\/wp-json\/wp\/v2\/product_brand?post=25350"},{"taxonomy":"product_cat","embeddable":true,"href":"https:\/\/eterle.cz\/eshop\/wp-json\/wp\/v2\/product_cat?post=25350"},{"taxonomy":"product_tag","embeddable":true,"href":"https:\/\/eterle.cz\/eshop\/wp-json\/wp\/v2\/product_tag?post=25350"}],"curies":[{"name":"wp","href":"https:\/\/api.w.org\/{rel}","templated":true}]}}