{"id":25368,"date":"2025-05-30T08:54:00","date_gmt":"2025-05-30T06:54:00","guid":{"rendered":"https:\/\/eterle.cz\/eshop\/produkt\/vaza-kpm\/"},"modified":"2026-03-25T19:48:48","modified_gmt":"2026-03-25T18:48:48","slug":"vaza-kpm","status":"publish","type":"product","link":"https:\/\/eterle.cz\/eshop\/produkt\/vaza-kpm\/","title":{"rendered":"V\u00e1za \/ KPM"},"content":{"rendered":"<p>Porcel\u00e1nov\u00e1 v\u00e1za z d\u00edlny presti\u017en\u00ed manufaktury KPM (K\u00f6nigliche Porzellan-Manufaktur Berlin) zaujme sv\u00fdm elegantn\u00edm tvarem a reli\u00e9fn\u00edm dekorem, kter\u00fd p\u0159ipom\u00edn\u00e1 rozev\u00edraj\u00edc\u00ed se okv\u011btn\u00ed pl\u00e1tky. Jemn\u011b leskl\u00fd b\u00edl\u00fd porcel\u00e1n d\u00e1v\u00e1 vyniknout i drobn\u00e9 kytici a nese v sob\u011b ducha klasick\u00e9 n\u011bmeck\u00e9 \u0159emeslnosti. Zna\u010dka KPM je synonymem pro kvalitu a tradici sahaj\u00edc\u00ed a\u017e do 18. stolet\u00ed.<\/p>\n<p>Stav: velmi dobr\u00fd<br \/>\nZna\u010dka: KPM<br \/>\nRozm\u011br<br \/>\nV\u00fd\u0161ka: 18 cm<br \/>\nOtvor:  8,5 x 3 cm<\/p>\n<p>&nbsp;<\/p>\n","protected":false},"excerpt":{"rendered":"<p>Porcel\u00e1nov\u00e1 v\u00e1za z d\u00edlny presti\u017en\u00ed manufaktury KPM (K\u00f6nigliche Porzellan-Manufaktur Berlin) zaujme sv\u00fdm elegantn\u00edm tvarem a reli\u00e9fn\u00edm dekorem, kter\u00fd p\u0159ipom\u00edn\u00e1 rozev\u00edraj\u00edc\u00ed<\/p>\n","protected":false},"featured_media":25370,"template":"","meta":[],"product_brand":[],"product_cat":[91],"product_tag":[],"class_list":{"0":"post-25368","1":"product","2":"type-product","3":"status-publish","4":"has-post-thumbnail","6":"product_cat-prodane","8":"first","9":"outofstock","10":"purchasable","11":"product-type-simple"},"_links":{"self":[{"href":"https:\/\/eterle.cz\/eshop\/wp-json\/wp\/v2\/product\/25368","targetHints":{"allow":["GET"]}}],"collection":[{"href":"https:\/\/eterle.cz\/eshop\/wp-json\/wp\/v2\/product"}],"about":[{"href":"https:\/\/eterle.cz\/eshop\/wp-json\/wp\/v2\/types\/product"}],"version-history":[{"count":1,"href":"https:\/\/eterle.cz\/eshop\/wp-json\/wp\/v2\/product\/25368\/revisions"}],"predecessor-version":[{"id":25369,"href":"https:\/\/eterle.cz\/eshop\/wp-json\/wp\/v2\/product\/25368\/revisions\/25369"}],"wp:featuredmedia":[{"embeddable":true,"href":"https:\/\/eterle.cz\/eshop\/wp-json\/wp\/v2\/media\/25370"}],"wp:attachment":[{"href":"https:\/\/eterle.cz\/eshop\/wp-json\/wp\/v2\/media?parent=25368"}],"wp:term":[{"taxonomy":"product_brand","embeddable":true,"href":"https:\/\/eterle.cz\/eshop\/wp-json\/wp\/v2\/product_brand?post=25368"},{"taxonomy":"product_cat","embeddable":true,"href":"https:\/\/eterle.cz\/eshop\/wp-json\/wp\/v2\/product_cat?post=25368"},{"taxonomy":"product_tag","embeddable":true,"href":"https:\/\/eterle.cz\/eshop\/wp-json\/wp\/v2\/product_tag?post=25368"}],"curies":[{"name":"wp","href":"https:\/\/api.w.org\/{rel}","templated":true}]}}