{"id":25491,"date":"2025-05-30T08:57:22","date_gmt":"2025-05-30T06:57:22","guid":{"rendered":"https:\/\/eterle.cz\/eshop\/produkt\/lustr-ruzovy-mramor\/"},"modified":"2025-07-12T21:19:40","modified_gmt":"2025-07-12T19:19:40","slug":"lustr-ruzovy-mramor","status":"publish","type":"product","link":"https:\/\/eterle.cz\/eshop\/produkt\/lustr-ruzovy-mramor\/","title":{"rendered":"Lustr r\u016f\u017eov\u00fd &#8222;mramor&#8220;"},"content":{"rendered":"<p>Z\u00e1kladn\u00ed tvar koule a jemn\u00e9 \u0161rafov\u00e1n\u00ed v odst\u00ednech r\u016f\u017eov\u00e9, kter\u00e9 jako by se rozpl\u00fdvalo v ml\u00e9\u010dn\u00e9m skle. Tento lustr p\u016fsob\u00ed jako zhmotn\u011bn\u00e1 kapka barevn\u00e9 mlhoviny. Skv\u011bl\u00fd solit\u00e9r pro ty, kdo hledaj\u00ed decentn\u00ed, a p\u0159esto origin\u00e1ln\u00ed stropn\u00ed sv\u00edtidlo. R\u016f\u017eov\u00e9 \u017eilkov\u00e1n\u00ed v ka\u017ed\u00e9m kusu vytv\u00e1\u0159\u00ed unik\u00e1tn\u00ed kresbu, \u017e\u00e1dn\u00e9 dv\u011b koule nejsou zcela toto\u017en\u00e9. Hod\u00ed se jak do romantick\u00e9ho interi\u00e9ru, tak jako jemn\u00fd kontrast do minimalistick\u00e9ho prostoru.<\/p>\n<p>Stav: elektroinstalace nov\u00e1; poklop na st\u00ednidle patina &#8211; drobn\u00e9 od\u011brky<br \/>\nRozm\u011br<br \/>\nV\u00fd\u0161ka: 63 cm<br \/>\nD\u00e9lka ty\u010de: 43 cm<br \/>\nPr\u016fm\u011br: 19 cm<\/p>\n<p>&nbsp;<\/p>\n","protected":false},"excerpt":{"rendered":"<p>Z\u00e1kladn\u00ed tvar koule a jemn\u00e9 \u0161rafov\u00e1n\u00ed v odst\u00ednech r\u016f\u017eov\u00e9, kter\u00e9 jako by se rozpl\u00fdvalo v ml\u00e9\u010dn\u00e9m skle. Tento lustr p\u016fsob\u00ed<\/p>\n","protected":false},"featured_media":25493,"template":"","meta":[],"product_brand":[],"product_cat":[79,140],"product_tag":[],"class_list":{"0":"post-25491","1":"product","2":"type-product","3":"status-publish","4":"has-post-thumbnail","6":"product_cat-svetla","7":"product_cat-lustry","8":"product_shipping_class-nadrozmerne","10":"first","11":"instock","12":"purchasable","13":"product-type-simple"},"_links":{"self":[{"href":"https:\/\/eterle.cz\/eshop\/wp-json\/wp\/v2\/product\/25491","targetHints":{"allow":["GET"]}}],"collection":[{"href":"https:\/\/eterle.cz\/eshop\/wp-json\/wp\/v2\/product"}],"about":[{"href":"https:\/\/eterle.cz\/eshop\/wp-json\/wp\/v2\/types\/product"}],"version-history":[{"count":1,"href":"https:\/\/eterle.cz\/eshop\/wp-json\/wp\/v2\/product\/25491\/revisions"}],"predecessor-version":[{"id":25492,"href":"https:\/\/eterle.cz\/eshop\/wp-json\/wp\/v2\/product\/25491\/revisions\/25492"}],"wp:featuredmedia":[{"embeddable":true,"href":"https:\/\/eterle.cz\/eshop\/wp-json\/wp\/v2\/media\/25493"}],"wp:attachment":[{"href":"https:\/\/eterle.cz\/eshop\/wp-json\/wp\/v2\/media?parent=25491"}],"wp:term":[{"taxonomy":"product_brand","embeddable":true,"href":"https:\/\/eterle.cz\/eshop\/wp-json\/wp\/v2\/product_brand?post=25491"},{"taxonomy":"product_cat","embeddable":true,"href":"https:\/\/eterle.cz\/eshop\/wp-json\/wp\/v2\/product_cat?post=25491"},{"taxonomy":"product_tag","embeddable":true,"href":"https:\/\/eterle.cz\/eshop\/wp-json\/wp\/v2\/product_tag?post=25491"}],"curies":[{"name":"wp","href":"https:\/\/api.w.org\/{rel}","templated":true}]}}