{"id":25583,"date":"2025-05-30T08:58:18","date_gmt":"2025-05-30T06:58:18","guid":{"rendered":"https:\/\/eterle.cz\/eshop\/produkt\/lustr-kapka\/"},"modified":"2025-07-12T21:20:32","modified_gmt":"2025-07-12T19:20:32","slug":"lustr-kapka","status":"publish","type":"product","link":"https:\/\/eterle.cz\/eshop\/produkt\/lustr-kapka\/","title":{"rendered":"Lustr kapka"},"content":{"rendered":"<p>Kapka sv\u011btla v prostoru. Jednoduch\u00e9 a p\u0159itom mimo\u0159\u00e1dn\u011b elegantn\u00ed z\u00e1v\u011bsn\u00e9 sv\u00edtidlo s matn\u00fdm op\u00e1lov\u00fdm sklem ve tvaru kapky. Jemn\u011b rozptyluje sv\u011btlo a p\u0159in\u00e1\u0161\u00ed do interi\u00e9ru klid a m\u011bkkost. Minimalistick\u00fd tvar bez zbyte\u010dn\u00fdch ozdob je typick\u00fd pro \u010desk\u00fd design druh\u00e9 poloviny 20. stolet\u00ed. D\u00edky sv\u00e9 univerz\u00e1ln\u00ed estetice se hod\u00ed jak do modern\u00edch interi\u00e9r\u016f, tak do t\u011bch, kde dominuj\u00ed p\u0159\u00edrodn\u00ed materi\u00e1ly a jemn\u00e9 kontrasty.<\/p>\n<p>Stav: dobr\u00fd, pouze ty\u010d m\u00edrn\u00e1 patina; elektroinstalace nov\u00e1<br \/>\nRozm\u011br<br \/>\nV\u00fd\u0161ka: 74 cm<br \/>\nD\u00e9lka ty\u010de: 47 cm<br \/>\nPr\u016fm\u011br: 35 cm<\/p>\n<p>&nbsp;<\/p>\n","protected":false},"excerpt":{"rendered":"<p>Kapka sv\u011btla v prostoru. Jednoduch\u00e9 a p\u0159itom mimo\u0159\u00e1dn\u011b elegantn\u00ed z\u00e1v\u011bsn\u00e9 sv\u00edtidlo s matn\u00fdm op\u00e1lov\u00fdm sklem ve tvaru kapky. Jemn\u011b rozptyluje<\/p>\n","protected":false},"featured_media":25585,"template":"","meta":[],"product_brand":[],"product_cat":[79,140],"product_tag":[],"class_list":{"0":"post-25583","1":"product","2":"type-product","3":"status-publish","4":"has-post-thumbnail","6":"product_cat-svetla","7":"product_cat-lustry","8":"product_shipping_class-nadrozmerne","10":"first","11":"instock","12":"purchasable","13":"product-type-simple"},"_links":{"self":[{"href":"https:\/\/eterle.cz\/eshop\/wp-json\/wp\/v2\/product\/25583","targetHints":{"allow":["GET"]}}],"collection":[{"href":"https:\/\/eterle.cz\/eshop\/wp-json\/wp\/v2\/product"}],"about":[{"href":"https:\/\/eterle.cz\/eshop\/wp-json\/wp\/v2\/types\/product"}],"version-history":[{"count":1,"href":"https:\/\/eterle.cz\/eshop\/wp-json\/wp\/v2\/product\/25583\/revisions"}],"predecessor-version":[{"id":25584,"href":"https:\/\/eterle.cz\/eshop\/wp-json\/wp\/v2\/product\/25583\/revisions\/25584"}],"wp:featuredmedia":[{"embeddable":true,"href":"https:\/\/eterle.cz\/eshop\/wp-json\/wp\/v2\/media\/25585"}],"wp:attachment":[{"href":"https:\/\/eterle.cz\/eshop\/wp-json\/wp\/v2\/media?parent=25583"}],"wp:term":[{"taxonomy":"product_brand","embeddable":true,"href":"https:\/\/eterle.cz\/eshop\/wp-json\/wp\/v2\/product_brand?post=25583"},{"taxonomy":"product_cat","embeddable":true,"href":"https:\/\/eterle.cz\/eshop\/wp-json\/wp\/v2\/product_cat?post=25583"},{"taxonomy":"product_tag","embeddable":true,"href":"https:\/\/eterle.cz\/eshop\/wp-json\/wp\/v2\/product_tag?post=25583"}],"curies":[{"name":"wp","href":"https:\/\/api.w.org\/{rel}","templated":true}]}}