{"id":25804,"date":"2025-05-31T01:53:06","date_gmt":"2025-05-30T23:53:06","guid":{"rendered":"https:\/\/eterle.cz\/eshop\/produkt\/velka-ruzova-jidleni-sada-winterling\/"},"modified":"2025-07-12T21:21:21","modified_gmt":"2025-07-12T19:21:21","slug":"velka-ruzova-jidleni-sada-winterling","status":"publish","type":"product","link":"https:\/\/eterle.cz\/eshop\/produkt\/velka-ruzova-jidleni-sada-winterling\/","title":{"rendered":"Velk\u00e1 r\u016f\u017eov\u00e1 j\u00eddlen\u00ed sada \/ Winterling"},"content":{"rendered":"<p>Velk\u00e1 porcel\u00e1nov\u00e1 sada pro \u0161est stolovn\u00edk\u016f poch\u00e1z\u00ed z n\u011bmeck\u00e9 porcel\u00e1nky Winterling, kter\u00e1 byla zalo\u017eena v roce 1907 v bavorsk\u00e9m R\u00f6slau. Zna\u010dka se proslavila kvalitn\u00edm dom\u00e1c\u00edm porcel\u00e1nem s d\u016frazem na klasickou eleganci a funk\u010dnost. Jemn\u00fd r\u016f\u017eov\u00fd pruh lemovan\u00fd zlatou linkou dod\u00e1v\u00e1 klasick\u00e9mu tvaroslov\u00ed t\u00e9to sady n\u00e1dech n\u011bhy a slavnostnosti. Ide\u00e1ln\u00ed volba pro milovn\u00edky tradi\u010dn\u00edho serv\u00edrov\u00e1n\u00ed, kte\u0159\u00ed ocen\u00ed jak estetiku, tak kompletnost t\u00e9to sestavy. <\/p>\n<p> Sada se skl\u00e1d\u00e1 ze 49 kus\u016f: 6 m\u011blk\u00fdch tal\u00ed\u0159\u016f, 6 hlubok\u00fdch tal\u00ed\u0159\u016f, 6 dezert\u00edch tal\u00ed\u0159\u016f, 6 stoj\u00e1nk\u016f na vaj\u00ed\u010dka, 6 \u0161ap\u00f3, 6 kompotov\u00fdch misek, ml\u00e9kovky, om\u00e1\u010dn\u00edku, 2 sal\u00e1tov\u00fdch misek, 1 ov\u00e1ln\u00e9ho t\u00e1cu, 1 hranat\u00e9ho t\u00e1cu, 1 tal\u00ed\u0159e na dort v\u0161e v jednotn\u00e9m dekoru.<\/p>\n<p>Stav: perfektn\u00ed<br \/>\n Zna\u010dka: Winterling<br \/>\n Rozm\u011br<br \/>\n Pr\u016fm\u011br m\u011blk\u00e9ho tal\u00ed\u0159e: 24,5 cm<br \/>\n Pr\u016fm\u011br hlubok\u00e9ho tal\u00ed\u0159e: 22 cm<br \/>\n Pr\u016fm\u011br dezertn\u00edho tal\u00ed\u0159e: 19 cm<br \/>\n Pr\u016fm\u011br stoj\u00e1nku na vaj\u00ed\u010dka: 13 cm<br \/>\n Pr\u016fm\u011br kompotov\u00fdch misek: 13,5 cm<br \/>\n Pr\u016fm\u011br pod\u0161\u00e1lku: 15 cm<br \/>\n Objem hrne\u010dku: 150 ml<br \/>\n Objem ml\u00e9kovky: 200 ml<br \/>\n Objem om\u00e1\u010dn\u00edku: 350 ml<br \/>\n Pr\u016fm\u011br sal\u00e1tov\u00e9 m\u00edsy: 19 cm<br \/>\n Pr\u016fmr sal\u00e1tov\u00e9 m\u00edsy: 22 cm<br \/>\n Ov\u00e1ln\u00fd t\u00e1c: 33 x 22,5 cm<br \/>\n Hranat\u00fd t\u00e1c: 33,5 x 16 cm<br \/>\n Pr\u016fm\u011br tal\u00ed\u0159e na dort: 31,5 cm<\/p>\n<p>&nbsp;<\/p>\n","protected":false},"excerpt":{"rendered":"<p>Velk\u00e1 porcel\u00e1nov\u00e1 sada pro \u0161est stolovn\u00edk\u016f poch\u00e1z\u00ed z n\u011bmeck\u00e9 porcel\u00e1nky Winterling, kter\u00e1 byla zalo\u017eena v roce 1907 v bavorsk\u00e9m R\u00f6slau.<\/p>\n","protected":false},"featured_media":25806,"template":"","meta":[],"product_brand":[],"product_cat":[76,111],"product_tag":[],"class_list":{"0":"post-25804","1":"product","2":"type-product","3":"status-publish","4":"has-post-thumbnail","6":"product_cat-porcelan","7":"product_cat-porcelanove-sady","8":"product_shipping_class-nadrozmerne","10":"first","11":"instock","12":"purchasable","13":"product-type-simple"},"_links":{"self":[{"href":"https:\/\/eterle.cz\/eshop\/wp-json\/wp\/v2\/product\/25804","targetHints":{"allow":["GET"]}}],"collection":[{"href":"https:\/\/eterle.cz\/eshop\/wp-json\/wp\/v2\/product"}],"about":[{"href":"https:\/\/eterle.cz\/eshop\/wp-json\/wp\/v2\/types\/product"}],"version-history":[{"count":1,"href":"https:\/\/eterle.cz\/eshop\/wp-json\/wp\/v2\/product\/25804\/revisions"}],"predecessor-version":[{"id":25805,"href":"https:\/\/eterle.cz\/eshop\/wp-json\/wp\/v2\/product\/25804\/revisions\/25805"}],"wp:featuredmedia":[{"embeddable":true,"href":"https:\/\/eterle.cz\/eshop\/wp-json\/wp\/v2\/media\/25806"}],"wp:attachment":[{"href":"https:\/\/eterle.cz\/eshop\/wp-json\/wp\/v2\/media?parent=25804"}],"wp:term":[{"taxonomy":"product_brand","embeddable":true,"href":"https:\/\/eterle.cz\/eshop\/wp-json\/wp\/v2\/product_brand?post=25804"},{"taxonomy":"product_cat","embeddable":true,"href":"https:\/\/eterle.cz\/eshop\/wp-json\/wp\/v2\/product_cat?post=25804"},{"taxonomy":"product_tag","embeddable":true,"href":"https:\/\/eterle.cz\/eshop\/wp-json\/wp\/v2\/product_tag?post=25804"}],"curies":[{"name":"wp","href":"https:\/\/api.w.org\/{rel}","templated":true}]}}

Velká růžová jídlení sada / Winterling

<p>Velká porcelánová sada pro šest stolovníků pochází z německé porcelánky Winterling, která byla založena v roce 1907 v bavorském Röslau. Značka se proslavila kvalitním domácím porcelánem s důrazem na klasickou eleganci a funkčnost. Jemný růžový pruh lemovaný zlatou linkou dodává klasickému tvarosloví této sady nádech něhy a slavnostnosti. Ideální volba pro milovníky tradičního servírování, kteří ocení jak estetiku, tak kompletnost této sestavy. </p>
<p> Sada se skládá ze 49 kusů: 6 mělkých talířů, 6 hlubokých talířů, 6 dezertích talířů, 6 stojánků na vajíčka, 6 šapó, 6 kompotových misek, mlékovky, omáčníku, 2 salátových misek, 1 oválného tácu, 1 hranatého tácu, 1 talíře na dort vše v jednotném dekoru.</p>
<p>Stav: perfektní<br />
 Značka: Winterling<br />
 Rozměr<br />
 Průměr mělkého talíře: 24,5 cm<br />
 Průměr hlubokého talíře: 22 cm<br />
 Průměr dezertního talíře: 19 cm<br />
 Průměr stojánku na vajíčka: 13 cm<br />
 Průměr kompotových misek: 13,5 cm<br />
 Průměr podšálku: 15 cm<br />
 Objem hrnečku: 150 ml<br />
 Objem mlékovky: 200 ml<br />
 Objem omáčníku: 350 ml<br />
 Průměr salátové mísy: 19 cm<br />
 Průmr salátové mísy: 22 cm<br />
 Oválný tác: 33 x 22,5 cm<br />
 Hranatý tác: 33,5 x 16 cm<br />
 Průměr talíře na dort: 31,5 cm</p>
<p>&nbsp;</p>

<p>Velká porcelánová sada pro šest stolovníků pochází z německé porcelánky Winterling, která byla založena v roce 1907 v bavorském Röslau.</p>
