{"id":25815,"date":"2025-05-31T01:53:11","date_gmt":"2025-05-30T23:53:11","guid":{"rendered":"https:\/\/eterle.cz\/eshop\/produkt\/cajova-sada-pro-4-rosenthal-3\/"},"modified":"2026-01-05T07:47:12","modified_gmt":"2026-01-05T06:47:12","slug":"cajova-sada-pro-4-rosenthal-3","status":"publish","type":"product","link":"https:\/\/eterle.cz\/eshop\/produkt\/cajova-sada-pro-4-rosenthal-3\/","title":{"rendered":"\u010cajov\u00e1 sada pro 4 \/ Rosenthal"},"content":{"rendered":"<p>Elegantn\u00ed j\u00eddeln\u00ed sada z \u0159ady Lotus, navr\u017een\u00e9 d\u00e1nsk\u00fdm design\u00e9rem Bj\u00f8rnem Wiinbladem pro zna\u010dku Rosenthal. Jemn\u00fd geometrick\u00fd dekor inspirovan\u00fd tvarem lotosu a typick\u00e1 pastelov\u00e1 barevnost odr\u00e1\u017eej\u00ed Wiinblad\u016fv dekorativn\u00ed styl. Design s p\u0159\u00edb\u011bhem, kter\u00fd v sob\u011b spojuje n\u011bmeckou porcel\u00e1novou kvalitu a severskou hravost. Wiinblad, v\u00fdrazn\u00e1 osobnost skandin\u00e1vsk\u00e9ho designu, byl v roce 1985 jmenov\u00e1n Mu\u017eem roku v New Yorku a v roce 1995 ocen\u011bn kulturn\u00ed cenou Americko-skandin\u00e1vsk\u00e9 nadace.<\/p>\n<p> Sada obsahuje: konvici, cuk\u0159enku a 4x \u0161ap\u00f3<\/p>\n<p>Stav: nov\u00e9<br \/>\n Zna\u010dka: Rosenthal<br \/>\n Rozm\u011br<br \/>\n Objem konvice: 1,2 l<br \/>\n Objem hrne\u010dku: 100 ml<br \/>\n Pr\u016fm\u011br tal\u00ed\u0159ku: 17 cm<br \/>\n V\u00fd\u0161ka cuk\u0159enky: 14 cm<\/p>\n<p>&nbsp;<\/p>\n","protected":false},"excerpt":{"rendered":"<p>Elegantn\u00ed j\u00eddeln\u00ed sada z \u0159ady Lotus, navr\u017een\u00e9 d\u00e1nsk\u00fdm design\u00e9rem Bj\u00f8rnem Wiinbladem pro zna\u010dku Rosenthal. Jemn\u00fd geometrick\u00fd dekor inspirovan\u00fd tvarem lotosu<\/p>\n","protected":false},"featured_media":25817,"template":"","meta":[],"product_brand":[],"product_cat":[91],"product_tag":[],"class_list":{"0":"post-25815","1":"product","2":"type-product","3":"status-publish","4":"has-post-thumbnail","6":"product_cat-prodane","8":"first","9":"outofstock","10":"purchasable","11":"product-type-simple"},"_links":{"self":[{"href":"https:\/\/eterle.cz\/eshop\/wp-json\/wp\/v2\/product\/25815","targetHints":{"allow":["GET"]}}],"collection":[{"href":"https:\/\/eterle.cz\/eshop\/wp-json\/wp\/v2\/product"}],"about":[{"href":"https:\/\/eterle.cz\/eshop\/wp-json\/wp\/v2\/types\/product"}],"version-history":[{"count":1,"href":"https:\/\/eterle.cz\/eshop\/wp-json\/wp\/v2\/product\/25815\/revisions"}],"predecessor-version":[{"id":25816,"href":"https:\/\/eterle.cz\/eshop\/wp-json\/wp\/v2\/product\/25815\/revisions\/25816"}],"wp:featuredmedia":[{"embeddable":true,"href":"https:\/\/eterle.cz\/eshop\/wp-json\/wp\/v2\/media\/25817"}],"wp:attachment":[{"href":"https:\/\/eterle.cz\/eshop\/wp-json\/wp\/v2\/media?parent=25815"}],"wp:term":[{"taxonomy":"product_brand","embeddable":true,"href":"https:\/\/eterle.cz\/eshop\/wp-json\/wp\/v2\/product_brand?post=25815"},{"taxonomy":"product_cat","embeddable":true,"href":"https:\/\/eterle.cz\/eshop\/wp-json\/wp\/v2\/product_cat?post=25815"},{"taxonomy":"product_tag","embeddable":true,"href":"https:\/\/eterle.cz\/eshop\/wp-json\/wp\/v2\/product_tag?post=25815"}],"curies":[{"name":"wp","href":"https:\/\/api.w.org\/{rel}","templated":true}]}}