{"id":25896,"date":"2025-05-31T01:53:56","date_gmt":"2025-05-30T23:53:56","guid":{"rendered":"https:\/\/eterle.cz\/eshop\/produkt\/porcelanova-misa-na-noze-rudolf-kampf\/"},"modified":"2025-11-09T00:33:53","modified_gmt":"2025-11-08T23:33:53","slug":"porcelanova-misa-na-noze-rudolf-kampf","status":"publish","type":"product","link":"https:\/\/eterle.cz\/eshop\/produkt\/porcelanova-misa-na-noze-rudolf-kampf\/","title":{"rendered":"Porcel\u00e1nov\u00e1 m\u00edsa na noze \/ Rudolf K\u00e4mpf"},"content":{"rendered":"<p>V\u00fdrazn\u00e1 porcel\u00e1nov\u00e1 m\u00edsa z d\u00edlny presti\u017en\u00ed zna\u010dky Rudolf K\u00e4mpf zaujme dramatickou modelac\u00ed a povrchovou \u00fapravou z platiny. D\u00edky sv\u00e9 plastick\u00e9 geometrii p\u016fsob\u00ed t\u00e9m\u011b\u0159 jako socha\u0159sk\u00fd objekt a stane se nep\u0159ehl\u00e9dnuteln\u00fdm akcentem v ka\u017ed\u00e9m interi\u00e9ru. Porcel\u00e1nka Rudolf K\u00e4mpf, zalo\u017een\u00e1 roku 1907 v Lou\u010dk\u00e1ch u Karlov\u00fdch Var\u016f, pat\u0159\u00ed k nejv\u00fdznamn\u011bj\u0161\u00edm \u010desk\u00fdm v\u00fdrobc\u016fm luxusn\u00edho porcel\u00e1nu. Navazuje na prvorepublikovou tradici precizn\u00edho \u0159emesla a ru\u010dn\u00ed v\u00fdroby v duchu noblesn\u00edho evropsk\u00e9ho designu.<\/p>\n<p>Stav: nov\u00e1<br \/>\n Zna\u010dka: Rudolf K\u00e4mpf<br \/>\n Rozm\u011br<br \/>\n V\u00fd\u0161ka: 17 cm<br \/>\n Pr\u016fm\u011br: 34 cm<\/p>\n<p>&nbsp;<\/p>\n","protected":false},"excerpt":{"rendered":"<p>V\u00fdrazn\u00e1 porcel\u00e1nov\u00e1 m\u00edsa z d\u00edlny presti\u017en\u00ed zna\u010dky Rudolf K\u00e4mpf zaujme dramatickou modelac\u00ed a povrchovou \u00fapravou z platiny. D\u00edky sv\u00e9 plastick\u00e9<\/p>\n","protected":false},"featured_media":25898,"template":"","meta":[],"product_brand":[],"product_cat":[91],"product_tag":[],"class_list":{"0":"post-25896","1":"product","2":"type-product","3":"status-publish","4":"has-post-thumbnail","6":"product_cat-prodane","8":"first","9":"outofstock","10":"purchasable","11":"product-type-simple"},"_links":{"self":[{"href":"https:\/\/eterle.cz\/eshop\/wp-json\/wp\/v2\/product\/25896","targetHints":{"allow":["GET"]}}],"collection":[{"href":"https:\/\/eterle.cz\/eshop\/wp-json\/wp\/v2\/product"}],"about":[{"href":"https:\/\/eterle.cz\/eshop\/wp-json\/wp\/v2\/types\/product"}],"version-history":[{"count":1,"href":"https:\/\/eterle.cz\/eshop\/wp-json\/wp\/v2\/product\/25896\/revisions"}],"predecessor-version":[{"id":25897,"href":"https:\/\/eterle.cz\/eshop\/wp-json\/wp\/v2\/product\/25896\/revisions\/25897"}],"wp:featuredmedia":[{"embeddable":true,"href":"https:\/\/eterle.cz\/eshop\/wp-json\/wp\/v2\/media\/25898"}],"wp:attachment":[{"href":"https:\/\/eterle.cz\/eshop\/wp-json\/wp\/v2\/media?parent=25896"}],"wp:term":[{"taxonomy":"product_brand","embeddable":true,"href":"https:\/\/eterle.cz\/eshop\/wp-json\/wp\/v2\/product_brand?post=25896"},{"taxonomy":"product_cat","embeddable":true,"href":"https:\/\/eterle.cz\/eshop\/wp-json\/wp\/v2\/product_cat?post=25896"},{"taxonomy":"product_tag","embeddable":true,"href":"https:\/\/eterle.cz\/eshop\/wp-json\/wp\/v2\/product_tag?post=25896"}],"curies":[{"name":"wp","href":"https:\/\/api.w.org\/{rel}","templated":true}]}}