{"id":25931,"date":"2025-05-31T01:54:18","date_gmt":"2025-05-30T23:54:18","guid":{"rendered":"https:\/\/eterle.cz\/eshop\/produkt\/cajova-sada-pro-2-jenaer-glas\/"},"modified":"2025-06-10T15:41:47","modified_gmt":"2025-06-10T13:41:47","slug":"cajova-sada-pro-2-jenaer-glas","status":"publish","type":"product","link":"https:\/\/eterle.cz\/eshop\/produkt\/cajova-sada-pro-2-jenaer-glas\/","title":{"rendered":"\u010cajov\u00e1 sada pro 2 \/ Jenaer Glas"},"content":{"rendered":"<p>\u010cajov\u00e1 sada pro dva od renomovan\u00e9 n\u011bmeck\u00e9 zna\u010dky Jenaer Glas, kter\u00e1 se specializuje na varn\u00e9 a \u017e\u00e1ruvzdorn\u00e9 sklo. Minimalistick\u00fd design z \u010dir\u00e9ho borosilik\u00e1tov\u00e9ho skla dopl\u0148uj\u00ed elegantn\u00ed kobaltov\u011b modr\u00e9 detaily na ou\u0161k\u00e1ch a v\u00ed\u010dku. Lehkost, odolnost a \u010dist\u00e9 linie d\u011blaj\u00ed z t\u00e9to sady ide\u00e1ln\u00ed volbu pro ka\u017edodenn\u00ed \u010dajov\u00e9 ritu\u00e1ly s n\u00e1dechem modern\u00ed elegance.<\/p>\n<p>Stav: velmi dobr\u00fd<br \/>\n Zna\u010dka: Jenaer glas, Germany<br \/>\n Rozm\u011br<br \/>\n Objem konvice: 1 l<br \/>\n Objem hrne\u010dku: 100 ml<br \/>\n Objem ml\u00e9kovk: 100 ml<br \/>\n Pr\u016fm\u011br pod\u0161\u00e1lku: 14 cm<\/p>\n<p>&nbsp;<\/p>\n","protected":false},"excerpt":{"rendered":"<p>\u010cajov\u00e1 sada pro dva od renomovan\u00e9 n\u011bmeck\u00e9 zna\u010dky Jenaer Glas, kter\u00e1 se specializuje na varn\u00e9 a \u017e\u00e1ruvzdorn\u00e9 sklo. Minimalistick\u00fd design<\/p>\n","protected":false},"featured_media":25933,"template":"","meta":[],"product_brand":[],"product_cat":[91],"product_tag":[],"class_list":{"0":"post-25931","1":"product","2":"type-product","3":"status-publish","4":"has-post-thumbnail","6":"product_cat-prodane","8":"first","9":"outofstock","10":"purchasable","11":"product-type-simple"},"_links":{"self":[{"href":"https:\/\/eterle.cz\/eshop\/wp-json\/wp\/v2\/product\/25931","targetHints":{"allow":["GET"]}}],"collection":[{"href":"https:\/\/eterle.cz\/eshop\/wp-json\/wp\/v2\/product"}],"about":[{"href":"https:\/\/eterle.cz\/eshop\/wp-json\/wp\/v2\/types\/product"}],"version-history":[{"count":1,"href":"https:\/\/eterle.cz\/eshop\/wp-json\/wp\/v2\/product\/25931\/revisions"}],"predecessor-version":[{"id":25932,"href":"https:\/\/eterle.cz\/eshop\/wp-json\/wp\/v2\/product\/25931\/revisions\/25932"}],"wp:featuredmedia":[{"embeddable":true,"href":"https:\/\/eterle.cz\/eshop\/wp-json\/wp\/v2\/media\/25933"}],"wp:attachment":[{"href":"https:\/\/eterle.cz\/eshop\/wp-json\/wp\/v2\/media?parent=25931"}],"wp:term":[{"taxonomy":"product_brand","embeddable":true,"href":"https:\/\/eterle.cz\/eshop\/wp-json\/wp\/v2\/product_brand?post=25931"},{"taxonomy":"product_cat","embeddable":true,"href":"https:\/\/eterle.cz\/eshop\/wp-json\/wp\/v2\/product_cat?post=25931"},{"taxonomy":"product_tag","embeddable":true,"href":"https:\/\/eterle.cz\/eshop\/wp-json\/wp\/v2\/product_tag?post=25931"}],"curies":[{"name":"wp","href":"https:\/\/api.w.org\/{rel}","templated":true}]}}