{"id":25938,"date":"2025-05-31T01:54:22","date_gmt":"2025-05-30T23:54:22","guid":{"rendered":"https:\/\/eterle.cz\/eshop\/produkt\/stojanek-na-tuzky\/"},"modified":"2026-03-05T18:49:42","modified_gmt":"2026-03-05T17:49:42","slug":"stojanek-na-tuzky","status":"publish","type":"product","link":"https:\/\/eterle.cz\/eshop\/produkt\/stojanek-na-tuzky\/","title":{"rendered":"Stoj\u00e1nek na tu\u017eky"},"content":{"rendered":"<p>Sklen\u011bn\u00fd objekt s plastick\u00fdm \u017eebrov\u00e1n\u00edm, kter\u00fd p\u016fvodn\u011b mohl slou\u017eit jako sv\u00edcen nebo mal\u00e1 v\u00e1za na n\u011bkolik kv\u011btin. D\u00edky pravideln\u00e9mu tvaru a pevnosti skla je ale ide\u00e1ln\u00ed i jako stylov\u00fd stoj\u00e1nek na tu\u017eky \u2013 funkci si najde s\u00e1m podle toho, co zrovna pot\u0159ebujete. Sv\u011btlo na jeho faset\u00e1ch hraje stejn\u011b kr\u00e1sn\u011b s plam\u00ednkem, pastelkou i stonkem.<\/p>\n<p>Stav: velmi dobr\u00fd<br \/>\n Rozm\u011br<br \/>\n V\u00fd\u0161ka: 9,5 cm<br \/>\n Objem: 5,5 ml<\/p>\n<p>&nbsp;<\/p>\n","protected":false},"excerpt":{"rendered":"<p>Sklen\u011bn\u00fd objekt s plastick\u00fdm \u017eebrov\u00e1n\u00edm, kter\u00fd p\u016fvodn\u011b mohl slou\u017eit jako sv\u00edcen nebo mal\u00e1 v\u00e1za na n\u011bkolik kv\u011btin. D\u00edky pravideln\u00e9mu tvaru<\/p>\n","protected":false},"featured_media":25940,"template":"","meta":[],"product_brand":[],"product_cat":[75,131],"product_tag":[],"class_list":{"0":"post-25938","1":"product","2":"type-product","3":"status-publish","4":"has-post-thumbnail","6":"product_cat-sklo","7":"product_cat-ostatni-sklo","9":"first","10":"instock","11":"purchasable","12":"product-type-simple"},"_links":{"self":[{"href":"https:\/\/eterle.cz\/eshop\/wp-json\/wp\/v2\/product\/25938","targetHints":{"allow":["GET"]}}],"collection":[{"href":"https:\/\/eterle.cz\/eshop\/wp-json\/wp\/v2\/product"}],"about":[{"href":"https:\/\/eterle.cz\/eshop\/wp-json\/wp\/v2\/types\/product"}],"version-history":[{"count":1,"href":"https:\/\/eterle.cz\/eshop\/wp-json\/wp\/v2\/product\/25938\/revisions"}],"predecessor-version":[{"id":25939,"href":"https:\/\/eterle.cz\/eshop\/wp-json\/wp\/v2\/product\/25938\/revisions\/25939"}],"wp:featuredmedia":[{"embeddable":true,"href":"https:\/\/eterle.cz\/eshop\/wp-json\/wp\/v2\/media\/25940"}],"wp:attachment":[{"href":"https:\/\/eterle.cz\/eshop\/wp-json\/wp\/v2\/media?parent=25938"}],"wp:term":[{"taxonomy":"product_brand","embeddable":true,"href":"https:\/\/eterle.cz\/eshop\/wp-json\/wp\/v2\/product_brand?post=25938"},{"taxonomy":"product_cat","embeddable":true,"href":"https:\/\/eterle.cz\/eshop\/wp-json\/wp\/v2\/product_cat?post=25938"},{"taxonomy":"product_tag","embeddable":true,"href":"https:\/\/eterle.cz\/eshop\/wp-json\/wp\/v2\/product_tag?post=25938"}],"curies":[{"name":"wp","href":"https:\/\/api.w.org\/{rel}","templated":true}]}}