{"id":25943,"date":"2025-05-31T01:54:26","date_gmt":"2025-05-30T23:54:26","guid":{"rendered":"https:\/\/eterle.cz\/eshop\/produkt\/sada-6-sklenic-na-vodu-5\/"},"modified":"2025-06-09T23:48:30","modified_gmt":"2025-06-09T21:48:30","slug":"sada-6-sklenic-na-vodu-5","status":"publish","type":"product","link":"https:\/\/eterle.cz\/eshop\/produkt\/sada-6-sklenic-na-vodu-5\/","title":{"rendered":"Sada 6 sklenic na vodu"},"content":{"rendered":"<p>Elegantn\u00ed sada \u0161esti sklenic s jemn\u011b ryt\u00fdm dekorem v\u011btvi\u010dek, kter\u00fd dod\u00e1v\u00e1 klasick\u00fd n\u00e1dech ka\u017edodenn\u00edmu stolov\u00e1n\u00ed. Decentn\u00ed, ale p\u0159itom v\u00fdrazn\u00fd motiv ocen\u00edte jak p\u0159i slavnostn\u00edch p\u0159\u00edle\u017eitostech, tak p\u0159i b\u011b\u017en\u00e9m pou\u017eit\u00ed. Tenk\u00e9, lehk\u00e9 sklo p\u016fsob\u00ed k\u0159ehce, ale z\u00e1rove\u0148 p\u0159\u00edjemn\u011b padne do ruky.<\/p>\n<p>Stav: velmi dobr\u00fd<br \/>\n Rozm\u011br<br \/>\n V\u00fd\u0161ka: 12 cm<br \/>\n Objem: 200 ml<\/p>\n<p>&nbsp;<\/p>\n","protected":false},"excerpt":{"rendered":"<p>Elegantn\u00ed sada \u0161esti sklenic s jemn\u011b ryt\u00fdm dekorem v\u011btvi\u010dek, kter\u00fd dod\u00e1v\u00e1 klasick\u00fd n\u00e1dech ka\u017edodenn\u00edmu stolov\u00e1n\u00ed. Decentn\u00ed, ale p\u0159itom v\u00fdrazn\u00fd motiv<\/p>\n","protected":false},"featured_media":25945,"template":"","meta":[],"product_brand":[],"product_cat":[91],"product_tag":[],"class_list":{"0":"post-25943","1":"product","2":"type-product","3":"status-publish","4":"has-post-thumbnail","6":"product_cat-prodane","8":"first","9":"outofstock","10":"purchasable","11":"product-type-simple"},"_links":{"self":[{"href":"https:\/\/eterle.cz\/eshop\/wp-json\/wp\/v2\/product\/25943","targetHints":{"allow":["GET"]}}],"collection":[{"href":"https:\/\/eterle.cz\/eshop\/wp-json\/wp\/v2\/product"}],"about":[{"href":"https:\/\/eterle.cz\/eshop\/wp-json\/wp\/v2\/types\/product"}],"version-history":[{"count":1,"href":"https:\/\/eterle.cz\/eshop\/wp-json\/wp\/v2\/product\/25943\/revisions"}],"predecessor-version":[{"id":25944,"href":"https:\/\/eterle.cz\/eshop\/wp-json\/wp\/v2\/product\/25943\/revisions\/25944"}],"wp:featuredmedia":[{"embeddable":true,"href":"https:\/\/eterle.cz\/eshop\/wp-json\/wp\/v2\/media\/25945"}],"wp:attachment":[{"href":"https:\/\/eterle.cz\/eshop\/wp-json\/wp\/v2\/media?parent=25943"}],"wp:term":[{"taxonomy":"product_brand","embeddable":true,"href":"https:\/\/eterle.cz\/eshop\/wp-json\/wp\/v2\/product_brand?post=25943"},{"taxonomy":"product_cat","embeddable":true,"href":"https:\/\/eterle.cz\/eshop\/wp-json\/wp\/v2\/product_cat?post=25943"},{"taxonomy":"product_tag","embeddable":true,"href":"https:\/\/eterle.cz\/eshop\/wp-json\/wp\/v2\/product_tag?post=25943"}],"curies":[{"name":"wp","href":"https:\/\/api.w.org\/{rel}","templated":true}]}}