{"id":25947,"date":"2025-05-31T01:54:28","date_gmt":"2025-05-30T23:54:28","guid":{"rendered":"https:\/\/eterle.cz\/eshop\/produkt\/sada-6-sklenic-na-sekt-spieglau\/"},"modified":"2026-02-12T00:32:15","modified_gmt":"2026-02-11T23:32:15","slug":"sada-6-sklenic-na-sekt-spieglau","status":"publish","type":"product","link":"https:\/\/eterle.cz\/eshop\/produkt\/sada-6-sklenic-na-sekt-spieglau\/","title":{"rendered":"Sada 5 sklenic na sekt \/ Spieglau"},"content":{"rendered":"<p>Elegantn\u00ed sada \u0161esti sklenic na \u0161ampa\u0148sk\u00e9 zna\u010dky Spiegelau, kter\u00e1 je zn\u00e1m\u00e1 svou precizn\u00ed n\u011bmeckou v\u00fdrobou a v\u00edce ne\u017e p\u011btisetletou tradic\u00ed skl\u00e1\u0159sk\u00e9ho \u0159emesla. Sklenice zaujmou subtiln\u00edm tvarem a v\u00fdrazn\u00fdm dekorem na stopce, kter\u00fd jim dod\u00e1v\u00e1 osobitost. Lehk\u00e9, ladn\u00e9 a p\u0159itom pevn\u00e9. Ide\u00e1ln\u00ed pro slavnostn\u00ed p\u0159\u00edpitek i tich\u00e9 chv\u00edle u perliv\u00e9ho v\u00edna. Bohu\u017eel 1 sklenice se rozbila p\u0159i nat\u00e1\u010dne\u00ed, tak jich je 4 + 1 \ud83d\ude42<\/p>\n<p>Stav: nov\u00e9, m\u011bly n\u00e1lepku, ale po umyt\u00ed z nich pad\u00e1<br \/>\nZna\u010dka: Spieglau<br \/>\nRozm\u011br<br \/>\nV\u00fd\u0161ka: 24 cm<br \/>\nObjem: 150 ml<\/p>\n<p>&nbsp;<\/p>\n","protected":false},"excerpt":{"rendered":"<p>Elegantn\u00ed sada \u0161esti sklenic na \u0161ampa\u0148sk\u00e9 zna\u010dky Spiegelau, kter\u00e1 je zn\u00e1m\u00e1 svou precizn\u00ed n\u011bmeckou v\u00fdrobou a v\u00edce ne\u017e p\u011btisetletou tradic\u00ed<\/p>\n","protected":false},"featured_media":25949,"template":"","meta":[],"product_brand":[],"product_cat":[75,134],"product_tag":[],"class_list":{"0":"post-25947","1":"product","2":"type-product","3":"status-publish","4":"has-post-thumbnail","6":"product_cat-sklo","7":"product_cat-sklenice","9":"first","10":"instock","11":"purchasable","12":"product-type-simple"},"_links":{"self":[{"href":"https:\/\/eterle.cz\/eshop\/wp-json\/wp\/v2\/product\/25947","targetHints":{"allow":["GET"]}}],"collection":[{"href":"https:\/\/eterle.cz\/eshop\/wp-json\/wp\/v2\/product"}],"about":[{"href":"https:\/\/eterle.cz\/eshop\/wp-json\/wp\/v2\/types\/product"}],"version-history":[{"count":3,"href":"https:\/\/eterle.cz\/eshop\/wp-json\/wp\/v2\/product\/25947\/revisions"}],"predecessor-version":[{"id":34170,"href":"https:\/\/eterle.cz\/eshop\/wp-json\/wp\/v2\/product\/25947\/revisions\/34170"}],"wp:featuredmedia":[{"embeddable":true,"href":"https:\/\/eterle.cz\/eshop\/wp-json\/wp\/v2\/media\/25949"}],"wp:attachment":[{"href":"https:\/\/eterle.cz\/eshop\/wp-json\/wp\/v2\/media?parent=25947"}],"wp:term":[{"taxonomy":"product_brand","embeddable":true,"href":"https:\/\/eterle.cz\/eshop\/wp-json\/wp\/v2\/product_brand?post=25947"},{"taxonomy":"product_cat","embeddable":true,"href":"https:\/\/eterle.cz\/eshop\/wp-json\/wp\/v2\/product_cat?post=25947"},{"taxonomy":"product_tag","embeddable":true,"href":"https:\/\/eterle.cz\/eshop\/wp-json\/wp\/v2\/product_tag?post=25947"}],"curies":[{"name":"wp","href":"https:\/\/api.w.org\/{rel}","templated":true}]}}