{"id":25953,"date":"2025-05-31T01:54:32","date_gmt":"2025-05-30T23:54:32","guid":{"rendered":"https:\/\/eterle.cz\/eshop\/produkt\/par-sklenic-na-liker\/"},"modified":"2025-10-11T16:52:04","modified_gmt":"2025-10-11T14:52:04","slug":"par-sklenic-na-liker","status":"publish","type":"product","link":"https:\/\/eterle.cz\/eshop\/produkt\/par-sklenic-na-liker\/","title":{"rendered":"P\u00e1r sklenic na lik\u00e9r"},"content":{"rendered":"<p>P\u00e1r elegantn\u00edch sklenic na destil\u00e1ty, ide\u00e1ln\u00edch pro p\u00e1lenku, grappu nebo ovocn\u00fd lik\u00e9r. D\u00edky specifick\u00e9mu tvaru kal\u00ed\u0161ku kr\u00e1sn\u011b uvol\u0148uj\u00ed aroma n\u00e1poje a z\u00e1rove\u0148 jej vedou p\u0159\u00edmo ke \u0161pi\u010dce jazyka. Vysok\u00e1 stopka umo\u017e\u0148uje dr\u017eet sklenku bez zah\u0159\u00edv\u00e1n\u00ed obsahu, a jemn\u011b roz\u0161\u00ed\u0159en\u00e9 t\u011blo d\u00e1v\u00e1 vyniknout barv\u011b i v\u016fni.<\/p>\n<p>Stav: velmi dobr\u00fd<br \/>\n Rozm\u011br<br \/>\n V\u00fd\u0161ka: 19,5 cm<br \/>\n Objem: 50 ml<\/p>\n<p>&nbsp;<\/p>\n","protected":false},"excerpt":{"rendered":"<p>P\u00e1r elegantn\u00edch sklenic na destil\u00e1ty, ide\u00e1ln\u00edch pro p\u00e1lenku, grappu nebo ovocn\u00fd lik\u00e9r. D\u00edky specifick\u00e9mu tvaru kal\u00ed\u0161ku kr\u00e1sn\u011b uvol\u0148uj\u00ed aroma n\u00e1poje<\/p>\n","protected":false},"featured_media":25955,"template":"","meta":[],"product_brand":[],"product_cat":[75,134],"product_tag":[],"class_list":{"0":"post-25953","1":"product","2":"type-product","3":"status-publish","4":"has-post-thumbnail","6":"product_cat-sklo","7":"product_cat-sklenice","9":"first","10":"instock","11":"purchasable","12":"product-type-simple"},"_links":{"self":[{"href":"https:\/\/eterle.cz\/eshop\/wp-json\/wp\/v2\/product\/25953","targetHints":{"allow":["GET"]}}],"collection":[{"href":"https:\/\/eterle.cz\/eshop\/wp-json\/wp\/v2\/product"}],"about":[{"href":"https:\/\/eterle.cz\/eshop\/wp-json\/wp\/v2\/types\/product"}],"version-history":[{"count":1,"href":"https:\/\/eterle.cz\/eshop\/wp-json\/wp\/v2\/product\/25953\/revisions"}],"predecessor-version":[{"id":25954,"href":"https:\/\/eterle.cz\/eshop\/wp-json\/wp\/v2\/product\/25953\/revisions\/25954"}],"wp:featuredmedia":[{"embeddable":true,"href":"https:\/\/eterle.cz\/eshop\/wp-json\/wp\/v2\/media\/25955"}],"wp:attachment":[{"href":"https:\/\/eterle.cz\/eshop\/wp-json\/wp\/v2\/media?parent=25953"}],"wp:term":[{"taxonomy":"product_brand","embeddable":true,"href":"https:\/\/eterle.cz\/eshop\/wp-json\/wp\/v2\/product_brand?post=25953"},{"taxonomy":"product_cat","embeddable":true,"href":"https:\/\/eterle.cz\/eshop\/wp-json\/wp\/v2\/product_cat?post=25953"},{"taxonomy":"product_tag","embeddable":true,"href":"https:\/\/eterle.cz\/eshop\/wp-json\/wp\/v2\/product_tag?post=25953"}],"curies":[{"name":"wp","href":"https:\/\/api.w.org\/{rel}","templated":true}]}}