{"id":25982,"date":"2025-05-31T01:54:50","date_gmt":"2025-05-30T23:54:50","guid":{"rendered":"https:\/\/eterle.cz\/eshop\/produkt\/sada-6-sklenic-na-sampanske-4\/"},"modified":"2025-07-30T23:12:25","modified_gmt":"2025-07-30T21:12:25","slug":"sada-6-sklenic-na-sampanske-4","status":"publish","type":"product","link":"https:\/\/eterle.cz\/eshop\/produkt\/sada-6-sklenic-na-sampanske-4\/","title":{"rendered":"Sada 6 sklenic na \u0161ampa\u0148sk\u00e9"},"content":{"rendered":"<p>Sada 6 elegantn\u00edch skleni\u010dek s kulatou \u010d\u00ed\u0161kou a jemn\u011b roz\u0161\u00ed\u0159enou no\u017ekou, ide\u00e1ln\u00ed pro pod\u00e1v\u00e1n\u00ed sektu, prosecca nebo retro koktejl\u016f. Ka\u017ed\u00e1 ze sklenek je zdobena pravideln\u00fdm ryt\u00fdm vzorem, kter\u00fd p\u0159ipom\u00edn\u00e1 kapky de\u0161t\u011b nebo stylizovan\u00e9 listy. Lehk\u00fd, ru\u010dn\u011b brou\u0161en\u00fd dekor dod\u00e1v\u00e1 sklu nad\u010dasovou noblesu i lehk\u00fd dotek nostalgie.<\/p>\n<p>Stav: velmi dobr\u00fd<br \/>\n Rozm\u011br<br \/>\n V\u00fd\u0161ka: 11,5 cm<br \/>\n Objem: 100 ml<\/p>\n<p>&nbsp;<\/p>\n","protected":false},"excerpt":{"rendered":"<p>Sada 6 elegantn\u00edch skleni\u010dek s kulatou \u010d\u00ed\u0161kou a jemn\u011b roz\u0161\u00ed\u0159enou no\u017ekou, ide\u00e1ln\u00ed pro pod\u00e1v\u00e1n\u00ed sektu, prosecca nebo retro koktejl\u016f. Ka\u017ed\u00e1<\/p>\n","protected":false},"featured_media":25984,"template":"","meta":[],"product_brand":[],"product_cat":[91],"product_tag":[],"class_list":{"0":"post-25982","1":"product","2":"type-product","3":"status-publish","4":"has-post-thumbnail","6":"product_cat-prodane","8":"first","9":"outofstock","10":"purchasable","11":"product-type-simple"},"_links":{"self":[{"href":"https:\/\/eterle.cz\/eshop\/wp-json\/wp\/v2\/product\/25982","targetHints":{"allow":["GET"]}}],"collection":[{"href":"https:\/\/eterle.cz\/eshop\/wp-json\/wp\/v2\/product"}],"about":[{"href":"https:\/\/eterle.cz\/eshop\/wp-json\/wp\/v2\/types\/product"}],"version-history":[{"count":1,"href":"https:\/\/eterle.cz\/eshop\/wp-json\/wp\/v2\/product\/25982\/revisions"}],"predecessor-version":[{"id":25983,"href":"https:\/\/eterle.cz\/eshop\/wp-json\/wp\/v2\/product\/25982\/revisions\/25983"}],"wp:featuredmedia":[{"embeddable":true,"href":"https:\/\/eterle.cz\/eshop\/wp-json\/wp\/v2\/media\/25984"}],"wp:attachment":[{"href":"https:\/\/eterle.cz\/eshop\/wp-json\/wp\/v2\/media?parent=25982"}],"wp:term":[{"taxonomy":"product_brand","embeddable":true,"href":"https:\/\/eterle.cz\/eshop\/wp-json\/wp\/v2\/product_brand?post=25982"},{"taxonomy":"product_cat","embeddable":true,"href":"https:\/\/eterle.cz\/eshop\/wp-json\/wp\/v2\/product_cat?post=25982"},{"taxonomy":"product_tag","embeddable":true,"href":"https:\/\/eterle.cz\/eshop\/wp-json\/wp\/v2\/product_tag?post=25982"}],"curies":[{"name":"wp","href":"https:\/\/api.w.org\/{rel}","templated":true}]}}