{"id":26721,"date":"2025-07-12T00:02:42","date_gmt":"2025-07-11T22:02:42","guid":{"rendered":"https:\/\/eterle.cz\/eshop\/produkt\/lustr-opalove-sklo-makronka\/"},"modified":"2026-04-13T14:54:01","modified_gmt":"2026-04-13T12:54:01","slug":"lustr-opalove-sklo-makronka","status":"publish","type":"product","link":"https:\/\/eterle.cz\/eshop\/produkt\/lustr-opalove-sklo-makronka\/","title":{"rendered":"Lustr op\u00e1lov\u00e9 sklo &#8211; makronka"},"content":{"rendered":"<p>Jemn\u011b tvarovan\u00fd lustr z b\u00edl\u00e9ho op\u00e1lov\u00e9ho skla, jeho\u017e obl\u00e9 linie p\u0159ipom\u00ednaj\u00ed francouzs\u00fd dezert makronku. Sv\u00edtidlo vrh\u00e1 m\u011bkk\u00e9, rovnom\u011brn\u00e9 sv\u011btlo a v interi\u00e9ru p\u016fsob\u00ed lehce, \u010dist\u011b a klidn\u011b.<\/p>\n<p>Typick\u00fd p\u0159\u00edklad nad\u010dasov\u00e9ho designu, kter\u00fd najde sv\u00e9 m\u00edsto v retro kuchyni i modern\u00edm ob\u00fdv\u00e1ku. Hod\u00ed se nad j\u00eddeln\u00ed st\u016fl, do p\u0159eds\u00edn\u011b nebo t\u0159eba do d\u011btsk\u00e9ho pokoje, kde navod\u00ed atmosf\u00e9ru klidu a \u00fatulna.<\/p>\n<p>Stav: el. p\u016fvodni, funk\u010dn\u00ed, dobr\u00fd<br \/>\nRozm\u011br<br \/>\nD\u00e9lka ty\u010de: 37 cm<br \/>\nCelkov\u00e1 d\u00e9lka: 55 cm<br \/>\nPr\u016fm\u011br st\u00ednidla: 25 cm<\/p>\n<p>&nbsp;<\/p>\n","protected":false},"excerpt":{"rendered":"<p>Jemn\u011b tvarovan\u00fd lustr z b\u00edl\u00e9ho op\u00e1lov\u00e9ho skla, jeho\u017e obl\u00e9 linie p\u0159ipom\u00ednaj\u00ed francouzs\u00fd dezert makronku. Sv\u00edtidlo vrh\u00e1 m\u011bkk\u00e9, rovnom\u011brn\u00e9 sv\u011btlo a<\/p>\n","protected":false},"featured_media":26723,"template":"","meta":[],"product_brand":[],"product_cat":[91],"product_tag":[],"class_list":{"0":"post-26721","1":"product","2":"type-product","3":"status-publish","4":"has-post-thumbnail","6":"product_cat-prodane","7":"product_shipping_class-nadrozmerne","9":"first","10":"outofstock","11":"purchasable","12":"product-type-simple"},"_links":{"self":[{"href":"https:\/\/eterle.cz\/eshop\/wp-json\/wp\/v2\/product\/26721","targetHints":{"allow":["GET"]}}],"collection":[{"href":"https:\/\/eterle.cz\/eshop\/wp-json\/wp\/v2\/product"}],"about":[{"href":"https:\/\/eterle.cz\/eshop\/wp-json\/wp\/v2\/types\/product"}],"version-history":[{"count":1,"href":"https:\/\/eterle.cz\/eshop\/wp-json\/wp\/v2\/product\/26721\/revisions"}],"predecessor-version":[{"id":26722,"href":"https:\/\/eterle.cz\/eshop\/wp-json\/wp\/v2\/product\/26721\/revisions\/26722"}],"wp:featuredmedia":[{"embeddable":true,"href":"https:\/\/eterle.cz\/eshop\/wp-json\/wp\/v2\/media\/26723"}],"wp:attachment":[{"href":"https:\/\/eterle.cz\/eshop\/wp-json\/wp\/v2\/media?parent=26721"}],"wp:term":[{"taxonomy":"product_brand","embeddable":true,"href":"https:\/\/eterle.cz\/eshop\/wp-json\/wp\/v2\/product_brand?post=26721"},{"taxonomy":"product_cat","embeddable":true,"href":"https:\/\/eterle.cz\/eshop\/wp-json\/wp\/v2\/product_cat?post=26721"},{"taxonomy":"product_tag","embeddable":true,"href":"https:\/\/eterle.cz\/eshop\/wp-json\/wp\/v2\/product_tag?post=26721"}],"curies":[{"name":"wp","href":"https:\/\/api.w.org\/{rel}","templated":true}]}}