{"id":26736,"date":"2025-07-12T00:02:53","date_gmt":"2025-07-11T22:02:53","guid":{"rendered":"https:\/\/eterle.cz\/eshop\/produkt\/industrialni-svetlo\/"},"modified":"2025-10-20T12:04:13","modified_gmt":"2025-10-20T10:04:13","slug":"industrialni-svetlo","status":"publish","type":"product","link":"https:\/\/eterle.cz\/eshop\/produkt\/industrialni-svetlo\/","title":{"rendered":"Industri\u00e1ln\u00ed sv\u011btlo"},"content":{"rendered":"<p>Robustn\u00ed sv\u00edtidlo, kter\u00e9 v\u00e1s p\u0159enese do atmosf\u00e9ry star\u00fdch tov\u00e1ren a d\u00edlen, kde se na estetiku nehr\u00e1lo, ale p\u0159esto vznikaly p\u0159edm\u011bty s nep\u0159ehl\u00e9dnuteln\u00fdm \u0161armem. Tento industri\u00e1ln\u00ed lustr se honos\u00ed masivn\u00edm hlin\u00edkov\u00fdm st\u00ednidlem s ryt\u00fdm geometrick\u00fdm dekorem. Skv\u011bl\u00fd dopln\u011bk do loftov\u00e9ho bytu, ateli\u00e9ru nebo d\u00edlny.<\/p>\n<p>Stav: el. p\u016fvodn\u00ed, funk\u010dn\u00ed<br \/>\nRozm\u011br<br \/>\nV\u00fd\u0161ka: 60 cm<br \/>\nPr\u016fm\u011br: 55 cm<\/p>\n<p>&nbsp;<\/p>\n","protected":false},"excerpt":{"rendered":"<p>Robustn\u00ed sv\u00edtidlo, kter\u00e9 v\u00e1s p\u0159enese do atmosf\u00e9ry star\u00fdch tov\u00e1ren a d\u00edlen, kde se na estetiku nehr\u00e1lo, ale p\u0159esto vznikaly p\u0159edm\u011bty<\/p>\n","protected":false},"featured_media":26738,"template":"","meta":[],"product_brand":[],"product_cat":[79,140],"product_tag":[],"class_list":{"0":"post-26736","1":"product","2":"type-product","3":"status-publish","4":"has-post-thumbnail","6":"product_cat-svetla","7":"product_cat-lustry","8":"product_shipping_class-nadrozmerne","10":"first","11":"instock","12":"purchasable","13":"product-type-simple"},"_links":{"self":[{"href":"https:\/\/eterle.cz\/eshop\/wp-json\/wp\/v2\/product\/26736","targetHints":{"allow":["GET"]}}],"collection":[{"href":"https:\/\/eterle.cz\/eshop\/wp-json\/wp\/v2\/product"}],"about":[{"href":"https:\/\/eterle.cz\/eshop\/wp-json\/wp\/v2\/types\/product"}],"version-history":[{"count":1,"href":"https:\/\/eterle.cz\/eshop\/wp-json\/wp\/v2\/product\/26736\/revisions"}],"predecessor-version":[{"id":26737,"href":"https:\/\/eterle.cz\/eshop\/wp-json\/wp\/v2\/product\/26736\/revisions\/26737"}],"wp:featuredmedia":[{"embeddable":true,"href":"https:\/\/eterle.cz\/eshop\/wp-json\/wp\/v2\/media\/26738"}],"wp:attachment":[{"href":"https:\/\/eterle.cz\/eshop\/wp-json\/wp\/v2\/media?parent=26736"}],"wp:term":[{"taxonomy":"product_brand","embeddable":true,"href":"https:\/\/eterle.cz\/eshop\/wp-json\/wp\/v2\/product_brand?post=26736"},{"taxonomy":"product_cat","embeddable":true,"href":"https:\/\/eterle.cz\/eshop\/wp-json\/wp\/v2\/product_cat?post=26736"},{"taxonomy":"product_tag","embeddable":true,"href":"https:\/\/eterle.cz\/eshop\/wp-json\/wp\/v2\/product_tag?post=26736"}],"curies":[{"name":"wp","href":"https:\/\/api.w.org\/{rel}","templated":true}]}}