{"id":26747,"date":"2025-07-12T00:02:59","date_gmt":"2025-07-11T22:02:59","guid":{"rendered":"https:\/\/eterle.cz\/eshop\/produkt\/parove-nastenne-lampicky\/"},"modified":"2025-10-20T12:04:13","modified_gmt":"2025-10-20T10:04:13","slug":"parove-nastenne-lampicky","status":"publish","type":"product","link":"https:\/\/eterle.cz\/eshop\/produkt\/parove-nastenne-lampicky\/","title":{"rendered":"P\u00e1rov\u00e9 n\u00e1st\u011bnn\u00e9 lampi\u010dky"},"content":{"rendered":"<p>Elegantn\u00ed n\u00e1st\u011bnn\u00e1 sv\u011btla v jemn\u00e9m kou\u0159ov\u011b r\u016f\u017eov\u00e9m t\u00f3nu, kter\u00e1 zaujmou svou jednoduchost\u00ed i organick\u00fdm tvarem. Zaoblen\u00fd sklen\u011bn\u00fd \u0161t\u00edt p\u0159ipom\u00edn\u00e1 list \u010di plachtu ve v\u011btru \u2013 jemn\u00fd prvek, kter\u00fd dod\u00e1 va\u0161emu interi\u00e9ru sofistikovan\u00fd n\u00e1dech. Ide\u00e1ln\u00ed jako ambientn\u00ed osv\u011btlen\u00ed do lo\u017enice, p\u0159eds\u00edn\u011b nebo ke \u010dten\u00ed. Lampi\u010dky se prod\u00e1vaj\u00ed jako p\u00e1r.<\/p>\n<p>Stav: el. p\u016fvodni, funk\u010dn\u00ed, dobr\u00fd<br \/>\nRozm\u011br<br \/>\nD\u00e9lka: 40 cm<br \/>\n\u0160\u00ed\u0159ka: 9 cm<\/p>\n<p>&nbsp;<\/p>\n","protected":false},"excerpt":{"rendered":"<p>Elegantn\u00ed n\u00e1st\u011bnn\u00e1 sv\u011btla v jemn\u00e9m kou\u0159ov\u011b r\u016f\u017eov\u00e9m t\u00f3nu, kter\u00e1 zaujmou svou jednoduchost\u00ed i organick\u00fdm tvarem. Zaoblen\u00fd sklen\u011bn\u00fd \u0161t\u00edt p\u0159ipom\u00edn\u00e1 list<\/p>\n","protected":false},"featured_media":26749,"template":"","meta":[],"product_brand":[],"product_cat":[79,140],"product_tag":[],"class_list":{"0":"post-26747","1":"product","2":"type-product","3":"status-publish","4":"has-post-thumbnail","6":"product_cat-svetla","7":"product_cat-lustry","8":"product_shipping_class-nadrozmerne","10":"first","11":"instock","12":"purchasable","13":"product-type-simple"},"_links":{"self":[{"href":"https:\/\/eterle.cz\/eshop\/wp-json\/wp\/v2\/product\/26747","targetHints":{"allow":["GET"]}}],"collection":[{"href":"https:\/\/eterle.cz\/eshop\/wp-json\/wp\/v2\/product"}],"about":[{"href":"https:\/\/eterle.cz\/eshop\/wp-json\/wp\/v2\/types\/product"}],"version-history":[{"count":1,"href":"https:\/\/eterle.cz\/eshop\/wp-json\/wp\/v2\/product\/26747\/revisions"}],"predecessor-version":[{"id":26748,"href":"https:\/\/eterle.cz\/eshop\/wp-json\/wp\/v2\/product\/26747\/revisions\/26748"}],"wp:featuredmedia":[{"embeddable":true,"href":"https:\/\/eterle.cz\/eshop\/wp-json\/wp\/v2\/media\/26749"}],"wp:attachment":[{"href":"https:\/\/eterle.cz\/eshop\/wp-json\/wp\/v2\/media?parent=26747"}],"wp:term":[{"taxonomy":"product_brand","embeddable":true,"href":"https:\/\/eterle.cz\/eshop\/wp-json\/wp\/v2\/product_brand?post=26747"},{"taxonomy":"product_cat","embeddable":true,"href":"https:\/\/eterle.cz\/eshop\/wp-json\/wp\/v2\/product_cat?post=26747"},{"taxonomy":"product_tag","embeddable":true,"href":"https:\/\/eterle.cz\/eshop\/wp-json\/wp\/v2\/product_tag?post=26747"}],"curies":[{"name":"wp","href":"https:\/\/api.w.org\/{rel}","templated":true}]}}