{"id":26779,"date":"2025-07-12T00:07:51","date_gmt":"2025-07-11T22:07:51","guid":{"rendered":"https:\/\/eterle.cz\/eshop\/produkt\/kreslo-vanek-3\/"},"modified":"2025-10-20T12:04:12","modified_gmt":"2025-10-20T10:04:12","slug":"kreslo-vanek-3","status":"publish","type":"product","link":"https:\/\/eterle.cz\/eshop\/produkt\/kreslo-vanek-3\/","title":{"rendered":"K\u0159eslo \/ Van\u011bk"},"content":{"rendered":"<p>Elegantn\u00ed k\u0159eslo s ozna\u010den\u00edm T 2417 navrhl Jan Van\u011bk, p\u0159edn\u00ed osobnost \u010deskoslovensk\u00e9ho modernismu, propag\u00e1tor funkcionalistick\u00fdch princip\u016f a zast\u00e1nce spojen\u00ed estetiky s ka\u017edodenn\u00ed prakti\u010dnost\u00ed.<br \/>\nVan\u011bk pat\u0159il k nejvlivn\u011bj\u0161\u00edm design\u00e9r\u016fm meziv\u00e1le\u010dn\u00e9 a pov\u00e1le\u010dn\u00e9 \u00e9ry, spolupracoval s architekty jako Fuchs \u010di Kot\u011bra a ovlivnil podobu modern\u00edho bydlen\u00ed v \u010ceskoslovensku.<\/p>\n<p>Tento model vynik\u00e1 ly\u017einovou konstrukc\u00ed z oh\u00fdban\u00e9ho d\u0159eva, jemn\u011b sklon\u011bnou op\u011brkou a sed\u00e1kem s v\u00fdpletem. \u010cist\u00e9 linie a vzdu\u0161nost konstrukce z n\u011bj \u010din\u00ed ikonick\u00fd p\u0159\u00edklad nad\u010dasov\u00e9ho designu Kr\u00e1sn\u00e9 jizby 50. let minul\u00e9ho stolet\u00ed.<\/p>\n<p>Stav: p\u016fvodn\u00ed zachoval\u00fd s lehkou patinou, popruhy \u0161pinav\u00e9<br \/>\nZna\u010dka: Jan Van\u011bk<br \/>\nRozm\u011br<br \/>\nV\u00fd\u0161ka: 78 cm<br \/>\n\u0160\u00ed\u0159ka: 63,5 cm<br \/>\nHloubka: 80 cm<br \/>\nHloubka sed\u00e1ku: 50 cm<br \/>\n\u0160\u00ed\u0159ka sed\u00e1ku: 50 cm<br \/>\nV\u00fd\u0161ka sed\u00e1ku: 37 cm<\/p>\n<p>&nbsp;<\/p>\n","protected":false},"excerpt":{"rendered":"<p>Elegantn\u00ed k\u0159eslo s ozna\u010den\u00edm T 2417 navrhl Jan Van\u011bk, p\u0159edn\u00ed osobnost \u010deskoslovensk\u00e9ho modernismu, propag\u00e1tor funkcionalistick\u00fdch princip\u016f a zast\u00e1nce spojen\u00ed estetiky<\/p>\n","protected":false},"featured_media":26781,"template":"","meta":[],"product_brand":[],"product_cat":[130,122],"product_tag":[],"class_list":{"0":"post-26779","1":"product","2":"type-product","3":"status-publish","4":"has-post-thumbnail","6":"product_cat-nabytek","7":"product_cat-kresla-a-taburety","8":"product_shipping_class-nadrozmerne","10":"first","11":"instock","12":"purchasable","13":"product-type-simple"},"_links":{"self":[{"href":"https:\/\/eterle.cz\/eshop\/wp-json\/wp\/v2\/product\/26779","targetHints":{"allow":["GET"]}}],"collection":[{"href":"https:\/\/eterle.cz\/eshop\/wp-json\/wp\/v2\/product"}],"about":[{"href":"https:\/\/eterle.cz\/eshop\/wp-json\/wp\/v2\/types\/product"}],"version-history":[{"count":1,"href":"https:\/\/eterle.cz\/eshop\/wp-json\/wp\/v2\/product\/26779\/revisions"}],"predecessor-version":[{"id":26780,"href":"https:\/\/eterle.cz\/eshop\/wp-json\/wp\/v2\/product\/26779\/revisions\/26780"}],"wp:featuredmedia":[{"embeddable":true,"href":"https:\/\/eterle.cz\/eshop\/wp-json\/wp\/v2\/media\/26781"}],"wp:attachment":[{"href":"https:\/\/eterle.cz\/eshop\/wp-json\/wp\/v2\/media?parent=26779"}],"wp:term":[{"taxonomy":"product_brand","embeddable":true,"href":"https:\/\/eterle.cz\/eshop\/wp-json\/wp\/v2\/product_brand?post=26779"},{"taxonomy":"product_cat","embeddable":true,"href":"https:\/\/eterle.cz\/eshop\/wp-json\/wp\/v2\/product_cat?post=26779"},{"taxonomy":"product_tag","embeddable":true,"href":"https:\/\/eterle.cz\/eshop\/wp-json\/wp\/v2\/product_tag?post=26779"}],"curies":[{"name":"wp","href":"https:\/\/api.w.org\/{rel}","templated":true}]}}

Křeslo / Vaněk

<p>Elegantní křeslo s označením T 2417 navrhl Jan Vaněk, přední osobnost československého modernismu, propagátor funkcionalistických principů a zastánce spojení estetiky s každodenní praktičností.<br />
Vaněk patřil k nejvlivnějším designérům meziválečné a poválečné éry, spolupracoval s architekty jako Fuchs či Kotěra a ovlivnil podobu moderního bydlení v Československu.</p>
<p>Tento model vyniká lyžinovou konstrukcí z ohýbaného dřeva, jemně skloněnou opěrkou a sedákem s výpletem. Čisté linie a vzdušnost konstrukce z něj činí ikonický příklad nadčasového designu Krásné jizby 50. let minulého století.</p>
<p>Stav: původní zachovalý s lehkou patinou, popruhy špinavé<br />
Značka: Jan Vaněk<br />
Rozměr<br />
Výška: 78 cm<br />
Šířka: 63,5 cm<br />
Hloubka: 80 cm<br />
Hloubka sedáku: 50 cm<br />
Šířka sedáku: 50 cm<br />
Výška sedáku: 37 cm</p>
<p>&nbsp;</p>

<p>Elegantní křeslo s označením T 2417 navrhl Jan Vaněk, přední osobnost československého modernismu, propagátor funkcionalistických principů a zastánce spojení estetiky</p>
