{"id":26799,"date":"2025-07-12T00:08:05","date_gmt":"2025-07-11T22:08:05","guid":{"rendered":"https:\/\/eterle.cz\/eshop\/produkt\/karetni-stul\/"},"modified":"2025-10-20T12:04:11","modified_gmt":"2025-10-20T10:04:11","slug":"karetni-stul","status":"publish","type":"product","link":"https:\/\/eterle.cz\/eshop\/produkt\/karetni-stul\/","title":{"rendered":"Karetn\u00ed st\u016fl"},"content":{"rendered":"<p>St\u016fl ur\u010den\u00fd ke karetn\u00edm hr\u00e1m i komorn\u00edm setk\u00e1n\u00edm u sklenky. Ka\u017ed\u00e1 ze \u010dty\u0159 stran ukr\u00fdv\u00e1 v rohu mal\u00fd \u0161upl\u00edk \u2013 ide\u00e1ln\u00ed na \u017eetony, krabi\u010dku cigaret nebo t\u0159eba tajn\u00e9 pozn\u00e1mky. Konstrukce z tmav\u011b mo\u0159en\u00e9ho dubov\u00e9ho d\u0159eva p\u016fsob\u00ed p\u00e1nsk\u00fdm v\u00e1\u017en\u00fdm dojmem. Zaj\u00edmav\u00fd detail tvo\u0159\u00ed kovov\u00e9 \u00fachyty na z\u00e1suvk\u00e1vh a mosazn\u00fd lem na z\u00e1kladn\u011b stolu.<\/p>\n<p>Stav: perfektn\u00ed<br \/>\nRozm\u011br<br \/>\nV\u00fd\u0161ka: 80 cm<br \/>\nPr\u016fm\u011br horn\u00ed desky: 70 cm<br \/>\nPr\u016fm\u011br spodn\u00ed desky: 59 cm<\/p>\n<p>&nbsp;<\/p>\n","protected":false},"excerpt":{"rendered":"<p>St\u016fl ur\u010den\u00fd ke karetn\u00edm hr\u00e1m i komorn\u00edm setk\u00e1n\u00edm u sklenky. Ka\u017ed\u00e1 ze \u010dty\u0159 stran ukr\u00fdv\u00e1 v rohu mal\u00fd \u0161upl\u00edk \u2013<\/p>\n","protected":false},"featured_media":26801,"template":"","meta":[],"product_brand":[],"product_cat":[130,124],"product_tag":[],"class_list":{"0":"post-26799","1":"product","2":"type-product","3":"status-publish","4":"has-post-thumbnail","6":"product_cat-nabytek","7":"product_cat-stoly","8":"product_shipping_class-nadrozmerne","10":"first","11":"instock","12":"purchasable","13":"product-type-simple"},"_links":{"self":[{"href":"https:\/\/eterle.cz\/eshop\/wp-json\/wp\/v2\/product\/26799","targetHints":{"allow":["GET"]}}],"collection":[{"href":"https:\/\/eterle.cz\/eshop\/wp-json\/wp\/v2\/product"}],"about":[{"href":"https:\/\/eterle.cz\/eshop\/wp-json\/wp\/v2\/types\/product"}],"version-history":[{"count":1,"href":"https:\/\/eterle.cz\/eshop\/wp-json\/wp\/v2\/product\/26799\/revisions"}],"predecessor-version":[{"id":26800,"href":"https:\/\/eterle.cz\/eshop\/wp-json\/wp\/v2\/product\/26799\/revisions\/26800"}],"wp:featuredmedia":[{"embeddable":true,"href":"https:\/\/eterle.cz\/eshop\/wp-json\/wp\/v2\/media\/26801"}],"wp:attachment":[{"href":"https:\/\/eterle.cz\/eshop\/wp-json\/wp\/v2\/media?parent=26799"}],"wp:term":[{"taxonomy":"product_brand","embeddable":true,"href":"https:\/\/eterle.cz\/eshop\/wp-json\/wp\/v2\/product_brand?post=26799"},{"taxonomy":"product_cat","embeddable":true,"href":"https:\/\/eterle.cz\/eshop\/wp-json\/wp\/v2\/product_cat?post=26799"},{"taxonomy":"product_tag","embeddable":true,"href":"https:\/\/eterle.cz\/eshop\/wp-json\/wp\/v2\/product_tag?post=26799"}],"curies":[{"name":"wp","href":"https:\/\/api.w.org\/{rel}","templated":true}]}}