{"id":26831,"date":"2025-07-12T00:08:25","date_gmt":"2025-07-11T22:08:25","guid":{"rendered":"https:\/\/eterle.cz\/eshop\/produkt\/konferencni-stolek-drevopodnik-holesov\/"},"modified":"2025-11-09T00:30:14","modified_gmt":"2025-11-08T23:30:14","slug":"konferencni-stolek-drevopodnik-holesov","status":"publish","type":"product","link":"https:\/\/eterle.cz\/eshop\/produkt\/konferencni-stolek-drevopodnik-holesov\/","title":{"rendered":"Konferen\u010dn\u00ed stolek \/ D\u0159evopodnik Hole\u0161ov"},"content":{"rendered":"<p>Lehk\u00fd a elegantn\u00ed stolek s dvojitou deskou a k\u00f3nick\u00fdmi nohami poch\u00e1z\u00ed z produkce D\u0159evopodniku Hole\u0161ov z 60. let minul\u00e9ho stolet\u00ed. Navr\u017een v duchu pov\u00e1le\u010dn\u00e9ho modernismu, kombinuje prakti\u010dnost s nad\u010dasov\u00fdm vzhledem. Ide\u00e1ln\u00ed jako konferen\u010dn\u00ed nebo odkl\u00e1dac\u00ed stolek s jemn\u00fdm retro \u0161armem.<\/p>\n<p>Stav: velmi dobr\u00fd<br \/>\nZna\u010dka: D\u0159evopodnik Hole\u0161ov<br \/>\nRozm\u011br<br \/>\nV\u00fd\u0161ka: 62 cm<br \/>\nPr\u016fm\u011br: 70,5 cm<\/p>\n<p>&nbsp;<\/p>\n","protected":false},"excerpt":{"rendered":"<p>Lehk\u00fd a elegantn\u00ed stolek s dvojitou deskou a k\u00f3nick\u00fdmi nohami poch\u00e1z\u00ed z produkce D\u0159evopodniku Hole\u0161ov z 60. let minul\u00e9ho stolet\u00ed.<\/p>\n","protected":false},"featured_media":26833,"template":"","meta":[],"product_brand":[],"product_cat":[91],"product_tag":[],"class_list":{"0":"post-26831","1":"product","2":"type-product","3":"status-publish","4":"has-post-thumbnail","6":"product_cat-prodane","7":"product_shipping_class-nadrozmerne","9":"first","10":"outofstock","11":"purchasable","12":"product-type-simple"},"_links":{"self":[{"href":"https:\/\/eterle.cz\/eshop\/wp-json\/wp\/v2\/product\/26831","targetHints":{"allow":["GET"]}}],"collection":[{"href":"https:\/\/eterle.cz\/eshop\/wp-json\/wp\/v2\/product"}],"about":[{"href":"https:\/\/eterle.cz\/eshop\/wp-json\/wp\/v2\/types\/product"}],"version-history":[{"count":1,"href":"https:\/\/eterle.cz\/eshop\/wp-json\/wp\/v2\/product\/26831\/revisions"}],"predecessor-version":[{"id":26832,"href":"https:\/\/eterle.cz\/eshop\/wp-json\/wp\/v2\/product\/26831\/revisions\/26832"}],"wp:featuredmedia":[{"embeddable":true,"href":"https:\/\/eterle.cz\/eshop\/wp-json\/wp\/v2\/media\/26833"}],"wp:attachment":[{"href":"https:\/\/eterle.cz\/eshop\/wp-json\/wp\/v2\/media?parent=26831"}],"wp:term":[{"taxonomy":"product_brand","embeddable":true,"href":"https:\/\/eterle.cz\/eshop\/wp-json\/wp\/v2\/product_brand?post=26831"},{"taxonomy":"product_cat","embeddable":true,"href":"https:\/\/eterle.cz\/eshop\/wp-json\/wp\/v2\/product_cat?post=26831"},{"taxonomy":"product_tag","embeddable":true,"href":"https:\/\/eterle.cz\/eshop\/wp-json\/wp\/v2\/product_tag?post=26831"}],"curies":[{"name":"wp","href":"https:\/\/api.w.org\/{rel}","templated":true}]}}