{"id":26841,"date":"2025-07-12T00:08:31","date_gmt":"2025-07-11T22:08:31","guid":{"rendered":"https:\/\/eterle.cz\/eshop\/produkt\/otocne-kreslo-frigo\/"},"modified":"2025-10-20T12:02:47","modified_gmt":"2025-10-20T10:02:47","slug":"otocne-kreslo-frigo","status":"publish","type":"product","link":"https:\/\/eterle.cz\/eshop\/produkt\/otocne-kreslo-frigo\/","title":{"rendered":"Oto\u010dn\u00e9 k\u0159eslo \/ Frigo"},"content":{"rendered":"<p>Oto\u010dn\u00e9 k\u0159eslo Figo, vyroben\u00e9 n\u00e1rodn\u00edm podnikem \u00daP Rous\u00ednov v 70. letech minul\u00e9ho stolet\u00ed. K\u0159eslo zaujme sv\u00fdm komfortem. Vysok\u00e9 \u010daloun\u011bn\u00e9 op\u011bradlo pot\u011b\u0161\u00ed i vy\u0161\u0161\u00ed postavy, kter\u00e9 maj\u00ed u retro k\u0159esel \u010dasto probl\u00e9m s n\u00edzk\u00fdmi op\u011bradlem.<\/p>\n<p>Stav: p\u016fvodn\u00ed zachoval\u00fd stav<br \/>\nRozm\u011br<br \/>\nV\u00fd\u0161ka: 107 cm<br \/>\n\u0160\u00ed\u0159ka: 73 cm<br \/>\nHloubka: 83 cm<br \/>\nHloubka sed\u00e1ku: 52 cm<br \/>\nV\u00fd\u0161ka sed\u00e1ku: 42 cm<br \/>\n\u0160\u00ed\u0159ka sed\u00e1ku: 56 cm<\/p>\n<p>&nbsp;<\/p>\n","protected":false},"excerpt":{"rendered":"<p>Oto\u010dn\u00e9 k\u0159eslo Figo, vyroben\u00e9 n\u00e1rodn\u00edm podnikem \u00daP Rous\u00ednov v 70. letech minul\u00e9ho stolet\u00ed. K\u0159eslo zaujme sv\u00fdm komfortem. Vysok\u00e9 \u010daloun\u011bn\u00e9 op\u011bradlo<\/p>\n","protected":false},"featured_media":26843,"template":"","meta":[],"product_brand":[],"product_cat":[91],"product_tag":[],"class_list":{"0":"post-26841","1":"product","2":"type-product","3":"status-publish","4":"has-post-thumbnail","6":"product_cat-prodane","7":"product_shipping_class-nadrozmerne","9":"first","10":"outofstock","11":"purchasable","12":"product-type-simple"},"_links":{"self":[{"href":"https:\/\/eterle.cz\/eshop\/wp-json\/wp\/v2\/product\/26841","targetHints":{"allow":["GET"]}}],"collection":[{"href":"https:\/\/eterle.cz\/eshop\/wp-json\/wp\/v2\/product"}],"about":[{"href":"https:\/\/eterle.cz\/eshop\/wp-json\/wp\/v2\/types\/product"}],"version-history":[{"count":1,"href":"https:\/\/eterle.cz\/eshop\/wp-json\/wp\/v2\/product\/26841\/revisions"}],"predecessor-version":[{"id":26842,"href":"https:\/\/eterle.cz\/eshop\/wp-json\/wp\/v2\/product\/26841\/revisions\/26842"}],"wp:featuredmedia":[{"embeddable":true,"href":"https:\/\/eterle.cz\/eshop\/wp-json\/wp\/v2\/media\/26843"}],"wp:attachment":[{"href":"https:\/\/eterle.cz\/eshop\/wp-json\/wp\/v2\/media?parent=26841"}],"wp:term":[{"taxonomy":"product_brand","embeddable":true,"href":"https:\/\/eterle.cz\/eshop\/wp-json\/wp\/v2\/product_brand?post=26841"},{"taxonomy":"product_cat","embeddable":true,"href":"https:\/\/eterle.cz\/eshop\/wp-json\/wp\/v2\/product_cat?post=26841"},{"taxonomy":"product_tag","embeddable":true,"href":"https:\/\/eterle.cz\/eshop\/wp-json\/wp\/v2\/product_tag?post=26841"}],"curies":[{"name":"wp","href":"https:\/\/api.w.org\/{rel}","templated":true}]}}