{"id":26934,"date":"2025-07-12T00:09:28","date_gmt":"2025-07-11T22:09:28","guid":{"rendered":"https:\/\/eterle.cz\/eshop\/produkt\/kreslo-vanek-4\/"},"modified":"2026-04-16T16:10:11","modified_gmt":"2026-04-16T14:10:11","slug":"kreslo-vanek-4","status":"publish","type":"product","link":"https:\/\/eterle.cz\/eshop\/produkt\/kreslo-vanek-4\/","title":{"rendered":"K\u0159eslo \/ Van\u011bk"},"content":{"rendered":"<p>D\u0159ev\u011bn\u00e9 k\u0159eslo od n\u00e1vrh\u00e1\u0159e Jana Va\u0148ka, kter\u00e9 navrhl na sklonku sv\u00e9 kari\u00e9ry, kolem obdob\u00ed Expa 1958 a \u0159ad\u00ed se do Bruselsk\u00e9ho stylu. K\u0159eslo m\u00e1 masivn\u00ed dubovou konstrukci ponechanou ve sv\u011btl\u00e9m odst\u00ednu d\u0159eva a jutov\u00e9 popruhy. D\u00edky sv\u00fdm \u010dist\u00fdm lini\u00edm p\u016fsob\u00ed velmi nad\u010dasov\u011b.<\/p>\n<p>Jan Van\u011bk byl \u010desk\u00fd n\u00e1vrh\u00e1\u0159 a v\u00fdrobce n\u00e1bytku, architekt a spoluzakladatel Spojen\u00fdch um\u011bleckopr\u016fmyslov\u00fdch z\u00e1vod\u016f. Pracoval s v\u00fdznamn\u00fdmi architekty jako jsou nap\u0159\u00edklad Jan Kot\u011bra nebo Josef Go\u010d\u00e1r, mimo jin\u00e9 se pod\u00edlel na vybaven\u00ed vily Tugendhat.<\/p>\n<p>Stav: p\u016fvodn\u00ed zachoval\u00fd s patinou, na matrac\u00edch chyb\u00ed n\u011bkter\u00e9 knofl\u00edky a p\u0159edn\u00ed lem \u010daloun\u011bn\u00ed u\u017e je trochu zatrhan\u00fd<br \/>\nZna\u010dka: Van\u011bk<br \/>\nRozm\u011br<br \/>\nV\u00fd\u0161ka: 88 cm<br \/>\nHloubka: 76 cm<br \/>\n\u0160\u00ed\u0159ka: 60 cm<br \/>\nV\u00fd\u0161ka sed\u00e1ku: 40 cm<br \/>\n\u0160\u00ed\u0159ka sed\u00e1ku: 52 cm<br \/>\nHloubka sed\u00e1ku: 46 cm<\/p>\n<p>&nbsp;<\/p>\n","protected":false},"excerpt":{"rendered":"<p>D\u0159ev\u011bn\u00e9 k\u0159eslo od n\u00e1vrh\u00e1\u0159e Jana Va\u0148ka, kter\u00e9 navrhl na sklonku sv\u00e9 kari\u00e9ry, kolem obdob\u00ed Expa 1958 a \u0159ad\u00ed se do<\/p>\n","protected":false},"featured_media":26936,"template":"","meta":[],"product_brand":[],"product_cat":[130,122],"product_tag":[],"class_list":{"0":"post-26934","1":"product","2":"type-product","3":"status-publish","4":"has-post-thumbnail","6":"product_cat-nabytek","7":"product_cat-kresla-a-taburety","8":"product_shipping_class-nadrozmerne","10":"first","11":"instock","12":"purchasable","13":"product-type-simple"},"_links":{"self":[{"href":"https:\/\/eterle.cz\/eshop\/wp-json\/wp\/v2\/product\/26934","targetHints":{"allow":["GET"]}}],"collection":[{"href":"https:\/\/eterle.cz\/eshop\/wp-json\/wp\/v2\/product"}],"about":[{"href":"https:\/\/eterle.cz\/eshop\/wp-json\/wp\/v2\/types\/product"}],"version-history":[{"count":2,"href":"https:\/\/eterle.cz\/eshop\/wp-json\/wp\/v2\/product\/26934\/revisions"}],"predecessor-version":[{"id":36463,"href":"https:\/\/eterle.cz\/eshop\/wp-json\/wp\/v2\/product\/26934\/revisions\/36463"}],"wp:featuredmedia":[{"embeddable":true,"href":"https:\/\/eterle.cz\/eshop\/wp-json\/wp\/v2\/media\/26936"}],"wp:attachment":[{"href":"https:\/\/eterle.cz\/eshop\/wp-json\/wp\/v2\/media?parent=26934"}],"wp:term":[{"taxonomy":"product_brand","embeddable":true,"href":"https:\/\/eterle.cz\/eshop\/wp-json\/wp\/v2\/product_brand?post=26934"},{"taxonomy":"product_cat","embeddable":true,"href":"https:\/\/eterle.cz\/eshop\/wp-json\/wp\/v2\/product_cat?post=26934"},{"taxonomy":"product_tag","embeddable":true,"href":"https:\/\/eterle.cz\/eshop\/wp-json\/wp\/v2\/product_tag?post=26934"}],"curies":[{"name":"wp","href":"https:\/\/api.w.org\/{rel}","templated":true}]}}

Křeslo / Vaněk

<p>Dřevěné křeslo od návrháře Jana Vaňka, které navrhl na sklonku své kariéry, kolem období Expa 1958 a řadí se do Bruselského stylu. Křeslo má masivní dubovou konstrukci ponechanou ve světlém odstínu dřeva a jutové popruhy. Díky svým čistým liniím působí velmi nadčasově.</p>
<p>Jan Vaněk byl český návrhář a výrobce nábytku, architekt a spoluzakladatel Spojených uměleckoprůmyslových závodů. Pracoval s významnými architekty jako jsou například Jan Kotěra nebo Josef Gočár, mimo jiné se podílel na vybavení vily Tugendhat.</p>
<p>Stav: původní zachovalý s patinou, na matracích chybí některé knoflíky a přední lem čalounění už je trochu zatrhaný<br />
Značka: Vaněk<br />
Rozměr<br />
Výška: 88 cm<br />
Hloubka: 76 cm<br />
Šířka: 60 cm<br />
Výška sedáku: 40 cm<br />
Šířka sedáku: 52 cm<br />
Hloubka sedáku: 46 cm</p>
<p>&nbsp;</p>

<p>Dřevěné křeslo od návrháře Jana Vaňka, které navrhl na sklonku své kariéry, kolem období Expa 1958 a řadí se do</p>
