{"id":26956,"date":"2025-07-12T00:13:44","date_gmt":"2025-07-11T22:13:44","guid":{"rendered":"https:\/\/eterle.cz\/eshop\/produkt\/jidelni-sada-pro-6-smcs\/"},"modified":"2025-10-20T12:02:45","modified_gmt":"2025-10-20T10:02:45","slug":"jidelni-sada-pro-6-smcs","status":"publish","type":"product","link":"https:\/\/eterle.cz\/eshop\/produkt\/jidelni-sada-pro-6-smcs\/","title":{"rendered":"J\u00eddeln\u00ed  sada pro 6 \/ SMCS"},"content":{"rendered":"<p>Elegantn\u00ed rozs\u00e1hl\u00e1 j\u00eddeln\u00ed souprava z b\u00edl\u00e9ho porcel\u00e1nu s jemn\u011b zelen\u00fdm a tmav\u011b modr\u00fdm dekorem po obvodu od zna\u010dky SMCS Bavaria. Typick\u00fd n\u011bmeck\u00fd porcel\u00e1n s dekorem evokuj\u00edc\u00edm p\u0159elom 80. a 90. let, kdy se elegance snoubila s ka\u017edodenn\u00ed prakti\u010dnost\u00ed. SMCS Bavaria navazuje na tradi\u010dn\u00ed bavorsk\u00e9 d\u00edlny porcel\u00e1nky Tirschenreuth, zalo\u017een\u00e9 roku 1838. Reorganizace provozu v roce 1992 vedla ke vzniku samostatn\u00e9 firmy SMCS, kter\u00e1 pokra\u010dovala ve v\u00fdrob\u011b a\u017e do roku 2002. D\u00edky tomu nese ka\u017ed\u00fd kus n\u00e1dech nostalgie konce 20. stolet\u00ed.<\/p>\n<p>Sada obsahuje 35 kus\u016f : 6 m\u011blk\u00fdch tal\u00ed\u0159\u016f, 6 hlubok\u00fdch tal\u00ed\u0159\u016f, 6 kompotov\u00fdch misek, 6 hrne\u010dk\u016f s pod\u0161\u00e1lkem, ml\u00e9kovku, cuk\u0159enku, ov\u00e1lnou m\u00edsu, sal\u00e1tovou m\u00edsu, om\u00e1\u010dn\u00edk<\/p>\n<p>Stav: v\u00fdborn\u00fd<br \/>\nZna\u010dka: SMCS, Bavaria<br \/>\nRozm\u011br<br \/>\nPr\u016fm\u011br m\u011blk\u00e9ho tal\u00ed\u0159e: 27 cm<br \/>\nPr\u016fm\u011br hlubok\u00e9ho tal\u00ed\u0159e: 23 cm<br \/>\nPr\u016fm\u011br pod\u0161\u00e1lku: 14 cm<br \/>\nPr\u016fm\u011br kompotov\u00e9 misky: 13 cm<br \/>\nObjem hrne\u010dku: 100 ml<br \/>\nObjem ml\u00e9kovky: 200 ml<br \/>\nOv\u00e1ln\u00e1 m\u00edsa: 32 cm x 24 cm<br \/>\nPr\u016fm\u011br sal\u00e1tov\u00e9 m\u00edsy: 23 cm<br \/>\nV\u00fd\u0161ka cuk\u0159enky: 10 cm<br \/>\nObjem om\u00e1\u010dn\u00edku: 300 ml<\/p>\n<p>&nbsp;<\/p>\n","protected":false},"excerpt":{"rendered":"<p>Elegantn\u00ed rozs\u00e1hl\u00e1 j\u00eddeln\u00ed souprava z b\u00edl\u00e9ho porcel\u00e1nu s jemn\u011b zelen\u00fdm a tmav\u011b modr\u00fdm dekorem po obvodu od zna\u010dky SMCS Bavaria.<\/p>\n","protected":false},"featured_media":26958,"template":"","meta":[],"product_brand":[],"product_cat":[76,111],"product_tag":[],"class_list":{"0":"post-26956","1":"product","2":"type-product","3":"status-publish","4":"has-post-thumbnail","6":"product_cat-porcelan","7":"product_cat-porcelanove-sady","8":"product_shipping_class-nadrozmerne","10":"first","11":"instock","12":"purchasable","13":"product-type-simple"},"_links":{"self":[{"href":"https:\/\/eterle.cz\/eshop\/wp-json\/wp\/v2\/product\/26956","targetHints":{"allow":["GET"]}}],"collection":[{"href":"https:\/\/eterle.cz\/eshop\/wp-json\/wp\/v2\/product"}],"about":[{"href":"https:\/\/eterle.cz\/eshop\/wp-json\/wp\/v2\/types\/product"}],"version-history":[{"count":1,"href":"https:\/\/eterle.cz\/eshop\/wp-json\/wp\/v2\/product\/26956\/revisions"}],"predecessor-version":[{"id":26957,"href":"https:\/\/eterle.cz\/eshop\/wp-json\/wp\/v2\/product\/26956\/revisions\/26957"}],"wp:featuredmedia":[{"embeddable":true,"href":"https:\/\/eterle.cz\/eshop\/wp-json\/wp\/v2\/media\/26958"}],"wp:attachment":[{"href":"https:\/\/eterle.cz\/eshop\/wp-json\/wp\/v2\/media?parent=26956"}],"wp:term":[{"taxonomy":"product_brand","embeddable":true,"href":"https:\/\/eterle.cz\/eshop\/wp-json\/wp\/v2\/product_brand?post=26956"},{"taxonomy":"product_cat","embeddable":true,"href":"https:\/\/eterle.cz\/eshop\/wp-json\/wp\/v2\/product_cat?post=26956"},{"taxonomy":"product_tag","embeddable":true,"href":"https:\/\/eterle.cz\/eshop\/wp-json\/wp\/v2\/product_tag?post=26956"}],"curies":[{"name":"wp","href":"https:\/\/api.w.org\/{rel}","templated":true}]}}

Jídelní  sada pro 6 / SMCS

<p>Elegantní rozsáhlá jídelní souprava z bílého porcelánu s jemně zeleným a tmavě modrým dekorem po obvodu od značky SMCS Bavaria. Typický německý porcelán s dekorem evokujícím přelom 80. a 90. let, kdy se elegance snoubila s každodenní praktičností. SMCS Bavaria navazuje na tradiční bavorské dílny porcelánky Tirschenreuth, založené roku 1838. Reorganizace provozu v roce 1992 vedla ke vzniku samostatné firmy SMCS, která pokračovala ve výrobě až do roku 2002. Díky tomu nese každý kus nádech nostalgie konce 20. století.</p>
<p>Sada obsahuje 35 kusů : 6 mělkých talířů, 6 hlubokých talířů, 6 kompotových misek, 6 hrnečků s podšálkem, mlékovku, cukřenku, oválnou mísu, salátovou mísu, omáčník</p>
<p>Stav: výborný<br />
Značka: SMCS, Bavaria<br />
Rozměr<br />
Průměr mělkého talíře: 27 cm<br />
Průměr hlubokého talíře: 23 cm<br />
Průměr podšálku: 14 cm<br />
Průměr kompotové misky: 13 cm<br />
Objem hrnečku: 100 ml<br />
Objem mlékovky: 200 ml<br />
Oválná mísa: 32 cm x 24 cm<br />
Průměr salátové mísy: 23 cm<br />
Výška cukřenky: 10 cm<br />
Objem omáčníku: 300 ml</p>
<p>&nbsp;</p>

<p>Elegantní rozsáhlá jídelní souprava z bílého porcelánu s jemně zeleným a tmavě modrým dekorem po obvodu od značky SMCS Bavaria.</p>
