{"id":26995,"date":"2025-07-12T00:14:07","date_gmt":"2025-07-11T22:14:07","guid":{"rendered":"https:\/\/eterle.cz\/eshop\/produkt\/kolacova-sada-pro-6-kaestner\/"},"modified":"2025-10-20T12:02:45","modified_gmt":"2025-10-20T10:02:45","slug":"kolacova-sada-pro-6-kaestner","status":"publish","type":"product","link":"https:\/\/eterle.cz\/eshop\/produkt\/kolacova-sada-pro-6-kaestner\/","title":{"rendered":"Kol\u00e1\u010dov\u00e1 sada pro 6 \/ Kaestner"},"content":{"rendered":"<p>Kol\u00e1\u010dov\u00e1 souprava ve stylu secese poch\u00e1z\u00ed z porcel\u00e1nky Kaestner, kter\u00e1 byla zalo\u017eena v roce 1883 v Oberhohndorfu v N\u011bmecku. Tov\u00e1rna byla rodinn\u00fdm podnikem zn\u00e1m\u00fdm sv\u00fdmi vysoce kvalitn\u00edmi a detailn\u011b propracovan\u00fdmi porcel\u00e1nov\u00fdmi v\u00fdrobky, zejm\u00e9na ve 30. letech 20. stolet\u00ed. Rovn\u011b\u017e na t\u00e9to sad\u011b je vid\u011bt jemn\u00fd detailn\u011b propracovan\u00fd dekor v modro zlat\u00e9 barv\u011b. V roce 1971 byla uzav\u0159ena.<\/p>\n<p>Stav: dobr\u00fd, zlat\u00e1 linka trochu set\u0159en\u00e1 na kol\u00e1\u010dov\u00e9 m\u00edse na \u00fachytech<br \/>\nZna\u010dka: Kaestner<br \/>\nRozm\u011br<br \/>\nPr\u016fm\u011br serv\u00edrovac\u00edho tal\u00ed\u0159e: 27 cm (30 cm s uchama)<br \/>\nPr\u016fm\u011br dezertn\u00edho tal\u00ed\u0159ku: 18 cm<\/p>\n<p>&nbsp;<\/p>\n","protected":false},"excerpt":{"rendered":"<p>Kol\u00e1\u010dov\u00e1 souprava ve stylu secese poch\u00e1z\u00ed z porcel\u00e1nky Kaestner, kter\u00e1 byla zalo\u017eena v roce 1883 v Oberhohndorfu v N\u011bmecku. Tov\u00e1rna<\/p>\n","protected":false},"featured_media":26997,"template":"","meta":[],"product_brand":[],"product_cat":[76,111],"product_tag":[],"class_list":{"0":"post-26995","1":"product","2":"type-product","3":"status-publish","4":"has-post-thumbnail","6":"product_cat-porcelan","7":"product_cat-porcelanove-sady","9":"first","10":"instock","11":"purchasable","12":"product-type-simple"},"_links":{"self":[{"href":"https:\/\/eterle.cz\/eshop\/wp-json\/wp\/v2\/product\/26995","targetHints":{"allow":["GET"]}}],"collection":[{"href":"https:\/\/eterle.cz\/eshop\/wp-json\/wp\/v2\/product"}],"about":[{"href":"https:\/\/eterle.cz\/eshop\/wp-json\/wp\/v2\/types\/product"}],"version-history":[{"count":1,"href":"https:\/\/eterle.cz\/eshop\/wp-json\/wp\/v2\/product\/26995\/revisions"}],"predecessor-version":[{"id":26996,"href":"https:\/\/eterle.cz\/eshop\/wp-json\/wp\/v2\/product\/26995\/revisions\/26996"}],"wp:featuredmedia":[{"embeddable":true,"href":"https:\/\/eterle.cz\/eshop\/wp-json\/wp\/v2\/media\/26997"}],"wp:attachment":[{"href":"https:\/\/eterle.cz\/eshop\/wp-json\/wp\/v2\/media?parent=26995"}],"wp:term":[{"taxonomy":"product_brand","embeddable":true,"href":"https:\/\/eterle.cz\/eshop\/wp-json\/wp\/v2\/product_brand?post=26995"},{"taxonomy":"product_cat","embeddable":true,"href":"https:\/\/eterle.cz\/eshop\/wp-json\/wp\/v2\/product_cat?post=26995"},{"taxonomy":"product_tag","embeddable":true,"href":"https:\/\/eterle.cz\/eshop\/wp-json\/wp\/v2\/product_tag?post=26995"}],"curies":[{"name":"wp","href":"https:\/\/api.w.org\/{rel}","templated":true}]}}