{"id":29870,"date":"2025-10-19T22:35:10","date_gmt":"2025-10-19T20:35:10","guid":{"rendered":"https:\/\/eterle.cz\/eshop\/produkt\/konferencni-stolek-se-sklem\/"},"modified":"2026-04-13T14:52:35","modified_gmt":"2026-04-13T12:52:35","slug":"konferencni-stolek-se-sklem","status":"publish","type":"product","link":"https:\/\/eterle.cz\/eshop\/produkt\/konferencni-stolek-se-sklem\/","title":{"rendered":"Konferen\u010dn\u00ed stolek se sklem"},"content":{"rendered":"<p>Stolek, kter\u00fd zaujme na prvn\u00ed pohled svou neobvyklou siluetou. Horn\u00ed deska se sklem v \u010dern\u00e9 barv\u011b s nepravideln\u00fdm, t\u00e9m\u011b\u0159 organick\u00fdm tvarem je zasazena do r\u00e1mu z masivn\u00edho d\u0159eva v tepl\u00e9m odst\u00ednu medov\u00e9ho dubu. \u0160t\u00edhl\u00e9, elegantn\u011b zkosen\u00e9 nohy podtrhuj\u00ed dynamiku cel\u00e9ho stolku typickou pro 60. l\u00e9ta minul\u00e9ho stolet\u00ed, kdy se \u010deskoslovensk\u00fd design inspiroval skandin\u00e1vskou estetikou i modernistickou lehkost\u00ed. Konferen\u010dn\u00ed stolek, kr\u00e1sn\u011b vynikne v kombinaci s minimalistick\u00fdm interi\u00e9rem i retro n\u00e1bytkem.<\/p>\n<p>Stav: p\u016fvodn\u00ed zachoval\u00fd, sklo barven\u00e9, mal\u00fd \u0161kr\u00e1banec viz foto<br \/>\nRozm\u011br<br \/>\nV\u00fd\u0161ka: 61 cm<br \/>\nD\u00e9lka: 124 cm<br \/>\nHloubka: 51.5 cm<br \/>\nV\u00e1ha: 15,3 kg<\/p>\n<p>&nbsp;<\/p>\n","protected":false},"excerpt":{"rendered":"<p>Stolek, kter\u00fd zaujme na prvn\u00ed pohled svou neobvyklou siluetou. Horn\u00ed deska se sklem v \u010dern\u00e9 barv\u011b s nepravideln\u00fdm, t\u00e9m\u011b\u0159 organick\u00fdm<\/p>\n","protected":false},"featured_media":29872,"template":"","meta":[],"product_brand":[],"product_cat":[91],"product_tag":[],"class_list":{"0":"post-29870","1":"product","2":"type-product","3":"status-publish","4":"has-post-thumbnail","6":"product_cat-prodane","7":"product_shipping_class-nadrozmerne","9":"first","10":"outofstock","11":"purchasable","12":"product-type-simple"},"_links":{"self":[{"href":"https:\/\/eterle.cz\/eshop\/wp-json\/wp\/v2\/product\/29870","targetHints":{"allow":["GET"]}}],"collection":[{"href":"https:\/\/eterle.cz\/eshop\/wp-json\/wp\/v2\/product"}],"about":[{"href":"https:\/\/eterle.cz\/eshop\/wp-json\/wp\/v2\/types\/product"}],"version-history":[{"count":3,"href":"https:\/\/eterle.cz\/eshop\/wp-json\/wp\/v2\/product\/29870\/revisions"}],"predecessor-version":[{"id":36382,"href":"https:\/\/eterle.cz\/eshop\/wp-json\/wp\/v2\/product\/29870\/revisions\/36382"}],"wp:featuredmedia":[{"embeddable":true,"href":"https:\/\/eterle.cz\/eshop\/wp-json\/wp\/v2\/media\/29872"}],"wp:attachment":[{"href":"https:\/\/eterle.cz\/eshop\/wp-json\/wp\/v2\/media?parent=29870"}],"wp:term":[{"taxonomy":"product_brand","embeddable":true,"href":"https:\/\/eterle.cz\/eshop\/wp-json\/wp\/v2\/product_brand?post=29870"},{"taxonomy":"product_cat","embeddable":true,"href":"https:\/\/eterle.cz\/eshop\/wp-json\/wp\/v2\/product_cat?post=29870"},{"taxonomy":"product_tag","embeddable":true,"href":"https:\/\/eterle.cz\/eshop\/wp-json\/wp\/v2\/product_tag?post=29870"}],"curies":[{"name":"wp","href":"https:\/\/api.w.org\/{rel}","templated":true}]}}

Konferenční stolek se sklem

<p>Stolek, který zaujme na první pohled svou neobvyklou siluetou. Horní deska se sklem v černé barvě s nepravidelným, téměř organickým tvarem je zasazena do rámu z masivního dřeva v teplém odstínu medového dubu. Štíhlé, elegantně zkosené nohy podtrhují dynamiku celého stolku typickou pro 60. léta minulého století, kdy se československý design inspiroval skandinávskou estetikou i modernistickou lehkostí. Konferenční stolek, krásně vynikne v kombinaci s minimalistickým interiérem i retro nábytkem.</p>
<p>Stav: původní zachovalý, sklo barvené, malý škrábanec viz foto<br />
Rozměr<br />
Výška: 61 cm<br />
Délka: 124 cm<br />
Hloubka: 51.5 cm<br />
Váha: 15,3 kg</p>
<p>&nbsp;</p>

<p>Stolek, který zaujme na první pohled svou neobvyklou siluetou. Horní deska se sklem v černé barvě s nepravidelným, téměř organickým</p>
