{"id":29929,"date":"2025-10-19T22:35:48","date_gmt":"2025-10-19T20:35:48","guid":{"rendered":"https:\/\/eterle.cz\/eshop\/produkt\/skrinka-pozar\/"},"modified":"2025-12-05T22:26:23","modified_gmt":"2025-12-05T21:26:23","slug":"skrinka-pozar","status":"publish","type":"product","link":"https:\/\/eterle.cz\/eshop\/produkt\/skrinka-pozar\/","title":{"rendered":"Sk\u0159\u00ed\u0148ka \/ Po\u017e\u00e1r"},"content":{"rendered":"<p>Elegantn\u00ed n\u00edzk\u00e1 sk\u0159\u00ed\u0148ka z n\u00e1vrh\u00e1\u0159sk\u00e9 d\u00edlny Mojm\u00edra Po\u017e\u00e1ra pro UP Z\u00e1vody Bu\u010dovice z 60. let minul\u00e9ho stolet\u00ed. Kombinace materi\u00e1l\u016f a povrch\u016f \u2014 horn\u00ed deska z b\u00edl\u00e9ho opaxitov\u00e9ho skla, d\u00fdhovan\u00e9 t\u011blo s v\u00fdraznou kresbou d\u0159eva a \u0161edozelen\u00e9 z\u00e1suvky s plastick\u00fdmi \u00fachytkami \u2014 vytv\u00e1\u0159\u00ed harmonick\u00fd kontrast. Prav\u00e1 \u010d\u00e1st se sklen\u011bn\u00fdmi dv\u00ed\u0159ky a polic\u00ed odleh\u010duje celkov\u00fd dojem a dod\u00e1v\u00e1 kusu vizu\u00e1ln\u00ed lehkost. Po\u017e\u00e1r\u016fv rukopis je patrn\u00fd v d\u016frazu na proporce, funk\u010dnost a st\u0159\u00eddmou eleganci. Sk\u0159\u00ed\u0148ka je ide\u00e1ln\u00ed jako bar, knihovna nebo televizn\u00ed stolek.<\/p>\n<p>K dispozici m\u00e1me i no\u010dn\u00ed stolek.<\/p>\n<p>Stav: p\u016fvodn\u00ed zachoval\u00fd; drobn\u00e9 od\u011brky viz foto<br \/>\nRozm\u011br<br \/>\nV\u00fd\u0161ka: 82 cm<br \/>\n\u0160\u00ed\u0159ka: 120 cm<br \/>\nHloubka: 46 cm<br \/>\nV\u00e1ha: 41 kg<\/p>\n<p>&nbsp;<\/p>\n","protected":false},"excerpt":{"rendered":"<p>Elegantn\u00ed n\u00edzk\u00e1 sk\u0159\u00ed\u0148ka z n\u00e1vrh\u00e1\u0159sk\u00e9 d\u00edlny Mojm\u00edra Po\u017e\u00e1ra pro UP Z\u00e1vody Bu\u010dovice z 60. let minul\u00e9ho stolet\u00ed. Kombinace materi\u00e1l\u016f a<\/p>\n","protected":false},"featured_media":29931,"template":"","meta":[],"product_brand":[],"product_cat":[130,125],"product_tag":[],"class_list":{"0":"post-29929","1":"product","2":"type-product","3":"status-publish","4":"has-post-thumbnail","6":"product_cat-nabytek","7":"product_cat-komody-a-skrine","8":"product_shipping_class-nadrozmerne","10":"first","11":"instock","12":"purchasable","13":"product-type-simple"},"_links":{"self":[{"href":"https:\/\/eterle.cz\/eshop\/wp-json\/wp\/v2\/product\/29929","targetHints":{"allow":["GET"]}}],"collection":[{"href":"https:\/\/eterle.cz\/eshop\/wp-json\/wp\/v2\/product"}],"about":[{"href":"https:\/\/eterle.cz\/eshop\/wp-json\/wp\/v2\/types\/product"}],"version-history":[{"count":1,"href":"https:\/\/eterle.cz\/eshop\/wp-json\/wp\/v2\/product\/29929\/revisions"}],"predecessor-version":[{"id":29930,"href":"https:\/\/eterle.cz\/eshop\/wp-json\/wp\/v2\/product\/29929\/revisions\/29930"}],"wp:featuredmedia":[{"embeddable":true,"href":"https:\/\/eterle.cz\/eshop\/wp-json\/wp\/v2\/media\/29931"}],"wp:attachment":[{"href":"https:\/\/eterle.cz\/eshop\/wp-json\/wp\/v2\/media?parent=29929"}],"wp:term":[{"taxonomy":"product_brand","embeddable":true,"href":"https:\/\/eterle.cz\/eshop\/wp-json\/wp\/v2\/product_brand?post=29929"},{"taxonomy":"product_cat","embeddable":true,"href":"https:\/\/eterle.cz\/eshop\/wp-json\/wp\/v2\/product_cat?post=29929"},{"taxonomy":"product_tag","embeddable":true,"href":"https:\/\/eterle.cz\/eshop\/wp-json\/wp\/v2\/product_tag?post=29929"}],"curies":[{"name":"wp","href":"https:\/\/api.w.org\/{rel}","templated":true}]}}

Skříňka / Požár

<p>Elegantní nízká skříňka z návrhářské dílny Mojmíra Požára pro UP Závody Bučovice z 60. let minulého století. Kombinace materiálů a povrchů — horní deska z bílého opaxitového skla, dýhované tělo s výraznou kresbou dřeva a šedozelené zásuvky s plastickými úchytkami — vytváří harmonický kontrast. Pravá část se skleněnými dvířky a policí odlehčuje celkový dojem a dodává kusu vizuální lehkost. Požárův rukopis je patrný v důrazu na proporce, funkčnost a střídmou eleganci. Skříňka je ideální jako bar, knihovna nebo televizní stolek.</p>
<p>K dispozici máme i noční stolek.</p>
<p>Stav: původní zachovalý; drobné oděrky viz foto<br />
Rozměr<br />
Výška: 82 cm<br />
Šířka: 120 cm<br />
Hloubka: 46 cm<br />
Váha: 41 kg</p>
<p>&nbsp;</p>

<p>Elegantní nízká skříňka z návrhářské dílny Mojmíra Požára pro UP Závody Bučovice z 60. let minulého století. Kombinace materiálů a</p>
