{"id":29943,"date":"2025-10-19T22:35:56","date_gmt":"2025-10-19T20:35:56","guid":{"rendered":"https:\/\/eterle.cz\/eshop\/produkt\/nocni-stolek-pozar\/"},"modified":"2026-02-19T17:48:41","modified_gmt":"2026-02-19T16:48:41","slug":"nocni-stolek-pozar","status":"publish","type":"product","link":"https:\/\/eterle.cz\/eshop\/produkt\/nocni-stolek-pozar\/","title":{"rendered":"No\u010dn\u00ed stolek \/ Po\u017e\u00e1r"},"content":{"rendered":"<p>Klasika \u010deskoslovensk\u00e9ho modern\u00edho n\u00e1bytku 60. let z n\u00e1vrh\u00e1\u0159sk\u00e9 d\u00edlny Mojm\u00edra Po\u017e\u00e1ra pro UP Z\u00e1vody Bu\u010dovice. Typick\u00e1 kombinace materi\u00e1l\u016f a barev \u2013 t\u011blo s v\u00fdraznou kresbou d\u0159eva, b\u00edl\u00e1 horn\u00ed deska z opaxitov\u00e9ho skla a \u0161edozelen\u00e9 \u010delo z\u00e1suvek s plastick\u00fdmi kr\u00e9mov\u00fdmi \u00fachytkami \u2013 dod\u00e1v\u00e1 stolku lehkost a eleganci.<\/p>\n<p>Charakteristick\u00fd design s vysok\u00fdm \u010delem a subtiln\u00ed nohou je nejen esteticky vyv\u00e1\u017een\u00fd, ale i praktick\u00fd \u2013 ide\u00e1ln\u00ed jako dopln\u011bk k posteli z t\u00e9\u017ee sestavy (k dispozici m\u00e1me je\u0161t\u011b sk\u0159\u00ed\u0144ku), p\u0159\u00edpadn\u011b jako samostatn\u00fd solit\u00e9r s jemn\u00fdm retro n\u00e1dechem.<\/p>\n<p>Stav: p\u016fvodn\u00ed zachoval\u00fd; drobn\u00e9 od\u011brky viz foto<br \/>\nRozm\u011br<br \/>\nV\u00fd\u0161ka: 82 cm<br \/>\n\u0160\u00ed\u0159ka: 40 cm<br \/>\nHloubka: 46 cm<br \/>\nV\u00e1ha: 14,5 kg<\/p>\n<p>&nbsp;<\/p>\n","protected":false},"excerpt":{"rendered":"<p>Klasika \u010deskoslovensk\u00e9ho modern\u00edho n\u00e1bytku 60. let z n\u00e1vrh\u00e1\u0159sk\u00e9 d\u00edlny Mojm\u00edra Po\u017e\u00e1ra pro UP Z\u00e1vody Bu\u010dovice. Typick\u00e1 kombinace materi\u00e1l\u016f a barev<\/p>\n","protected":false},"featured_media":29945,"template":"","meta":[],"product_brand":[],"product_cat":[91],"product_tag":[],"class_list":{"0":"post-29943","1":"product","2":"type-product","3":"status-publish","4":"has-post-thumbnail","6":"product_cat-prodane","7":"product_shipping_class-nadrozmerne","9":"first","10":"outofstock","11":"purchasable","12":"product-type-simple"},"_links":{"self":[{"href":"https:\/\/eterle.cz\/eshop\/wp-json\/wp\/v2\/product\/29943","targetHints":{"allow":["GET"]}}],"collection":[{"href":"https:\/\/eterle.cz\/eshop\/wp-json\/wp\/v2\/product"}],"about":[{"href":"https:\/\/eterle.cz\/eshop\/wp-json\/wp\/v2\/types\/product"}],"version-history":[{"count":4,"href":"https:\/\/eterle.cz\/eshop\/wp-json\/wp\/v2\/product\/29943\/revisions"}],"predecessor-version":[{"id":34403,"href":"https:\/\/eterle.cz\/eshop\/wp-json\/wp\/v2\/product\/29943\/revisions\/34403"}],"wp:featuredmedia":[{"embeddable":true,"href":"https:\/\/eterle.cz\/eshop\/wp-json\/wp\/v2\/media\/29945"}],"wp:attachment":[{"href":"https:\/\/eterle.cz\/eshop\/wp-json\/wp\/v2\/media?parent=29943"}],"wp:term":[{"taxonomy":"product_brand","embeddable":true,"href":"https:\/\/eterle.cz\/eshop\/wp-json\/wp\/v2\/product_brand?post=29943"},{"taxonomy":"product_cat","embeddable":true,"href":"https:\/\/eterle.cz\/eshop\/wp-json\/wp\/v2\/product_cat?post=29943"},{"taxonomy":"product_tag","embeddable":true,"href":"https:\/\/eterle.cz\/eshop\/wp-json\/wp\/v2\/product_tag?post=29943"}],"curies":[{"name":"wp","href":"https:\/\/api.w.org\/{rel}","templated":true}]}}