{"id":29976,"date":"2025-10-19T22:36:21","date_gmt":"2025-10-19T20:36:21","guid":{"rendered":"https:\/\/eterle.cz\/eshop\/produkt\/vesakova-stena-4\/"},"modified":"2025-11-24T00:47:22","modified_gmt":"2025-11-23T23:47:22","slug":"vesakova-stena-4","status":"publish","type":"product","link":"https:\/\/eterle.cz\/eshop\/produkt\/vesakova-stena-4\/","title":{"rendered":"V\u011b\u0161\u00e1kov\u00e1 st\u011bna"},"content":{"rendered":"<p>Praktick\u00e1 v\u011b\u0161\u00e1kov\u00e1 st\u011bna. D\u0159ev\u011bn\u00e1 konstrukce v tepl\u00e9m odst\u00ednu buku dopln\u011bn\u00e1 o ru\u010dn\u011b pleten\u00fd ratanov\u00fd v\u00fdplet. Horn\u00ed li\u0161ta s kulat\u00fdmi h\u00e1\u010dky a praktickou poli\u010dkou p\u016fsob\u00ed odleh\u010den\u011b, p\u0159esto poskytuje dostatek prostoru pro ka\u017edodenn\u00ed pou\u017eit\u00ed.<\/p>\n<p>Stav: velmi dobr\u00fd<br \/>\nRozm\u011br<br \/>\nV\u00fd\u0161ka: 179 cm<br \/>\n\u0160\u00ed\u0159ka: 80 cm<br \/>\nHloubka: 26 cm<br \/>\nV\u00e1ha: 8,3 kg<\/p>\n<p>&nbsp;<\/p>\n","protected":false},"excerpt":{"rendered":"<p>Praktick\u00e1 v\u011b\u0161\u00e1kov\u00e1 st\u011bna. D\u0159ev\u011bn\u00e1 konstrukce v tepl\u00e9m odst\u00ednu buku dopln\u011bn\u00e1 o ru\u010dn\u011b pleten\u00fd ratanov\u00fd v\u00fdplet. Horn\u00ed li\u0161ta s kulat\u00fdmi h\u00e1\u010dky<\/p>\n","protected":false},"featured_media":29978,"template":"","meta":[],"product_brand":[],"product_cat":[91],"product_tag":[],"class_list":{"0":"post-29976","1":"product","2":"type-product","3":"status-publish","4":"has-post-thumbnail","6":"product_cat-prodane","7":"product_shipping_class-nadrozmerne","9":"first","10":"outofstock","11":"purchasable","12":"product-type-simple"},"_links":{"self":[{"href":"https:\/\/eterle.cz\/eshop\/wp-json\/wp\/v2\/product\/29976","targetHints":{"allow":["GET"]}}],"collection":[{"href":"https:\/\/eterle.cz\/eshop\/wp-json\/wp\/v2\/product"}],"about":[{"href":"https:\/\/eterle.cz\/eshop\/wp-json\/wp\/v2\/types\/product"}],"version-history":[{"count":1,"href":"https:\/\/eterle.cz\/eshop\/wp-json\/wp\/v2\/product\/29976\/revisions"}],"predecessor-version":[{"id":29977,"href":"https:\/\/eterle.cz\/eshop\/wp-json\/wp\/v2\/product\/29976\/revisions\/29977"}],"wp:featuredmedia":[{"embeddable":true,"href":"https:\/\/eterle.cz\/eshop\/wp-json\/wp\/v2\/media\/29978"}],"wp:attachment":[{"href":"https:\/\/eterle.cz\/eshop\/wp-json\/wp\/v2\/media?parent=29976"}],"wp:term":[{"taxonomy":"product_brand","embeddable":true,"href":"https:\/\/eterle.cz\/eshop\/wp-json\/wp\/v2\/product_brand?post=29976"},{"taxonomy":"product_cat","embeddable":true,"href":"https:\/\/eterle.cz\/eshop\/wp-json\/wp\/v2\/product_cat?post=29976"},{"taxonomy":"product_tag","embeddable":true,"href":"https:\/\/eterle.cz\/eshop\/wp-json\/wp\/v2\/product_tag?post=29976"}],"curies":[{"name":"wp","href":"https:\/\/api.w.org\/{rel}","templated":true}]}}