{"id":29985,"date":"2025-10-19T22:36:25","date_gmt":"2025-10-19T20:36:25","guid":{"rendered":"https:\/\/eterle.cz\/eshop\/produkt\/nocni-stolek-s-posteli\/"},"modified":"2025-12-05T22:26:22","modified_gmt":"2025-12-05T21:26:22","slug":"nocni-stolek-s-posteli","status":"publish","type":"product","link":"https:\/\/eterle.cz\/eshop\/produkt\/nocni-stolek-s-posteli\/","title":{"rendered":"No\u010dn\u00ed stolek s postel\u00ed"},"content":{"rendered":"<p>Vz\u00e1cn\u00e1 varianta klasick\u00e9 kovov\u00e9 postele a no\u010dn\u00edho stolku, kter\u00e9 se obvykle vyr\u00e1b\u011bli v mosazn\u00e9m proveden\u00ed, zde v\u0161ak v chromu, jen\u017e se pou\u017e\u00edval jen v\u00fdjime\u010dn\u011b a dod\u00e1val n\u00e1bytku modern\u00ed, a\u017e industri\u00e1ln\u00ed charakter. Doposud jsme v chromov\u00e9m proveden\u00ed nidy nevid\u011bli.<\/p>\n<p>Stav: velmi dobr\u00fd, p\u016fvodn\u00ed stav<br \/>\nRozm\u011br<br \/>\nNo\u010dn\u00ed stolek<br \/>\nV\u00fd\u0161ka: 80 cm<br \/>\n\u0160\u00ed\u0159ka: 42 cm<br \/>\nHloubka: 38 cm<br \/>\nPostel<br \/>\nV\u00fd\u0161ka: 1 m<br \/>\n\u0160\u00ed\u0159ka: 98 cm<br \/>\nD\u00e9lka pro matraci: 193 cm<br \/>\n\u0160\u00ed\u0159ka pro matraci: 98 cm<br \/>\nV\u00e1ha: 25 + 43 kg<\/p>\n<p>&nbsp;<\/p>\n","protected":false},"excerpt":{"rendered":"<p>Vz\u00e1cn\u00e1 varianta klasick\u00e9 kovov\u00e9 postele a no\u010dn\u00edho stolku, kter\u00e9 se obvykle vyr\u00e1b\u011bli v mosazn\u00e9m proveden\u00ed, zde v\u0161ak v chromu, jen\u017e<\/p>\n","protected":false},"featured_media":29987,"template":"","meta":[],"product_brand":[],"product_cat":[130,139,124],"product_tag":[],"class_list":{"0":"post-29985","1":"product","2":"type-product","3":"status-publish","4":"has-post-thumbnail","6":"product_cat-nabytek","7":"product_cat-postele-a-loznice","8":"product_cat-stoly","9":"product_shipping_class-nadrozmerne","11":"first","12":"instock","13":"purchasable","14":"product-type-simple"},"_links":{"self":[{"href":"https:\/\/eterle.cz\/eshop\/wp-json\/wp\/v2\/product\/29985","targetHints":{"allow":["GET"]}}],"collection":[{"href":"https:\/\/eterle.cz\/eshop\/wp-json\/wp\/v2\/product"}],"about":[{"href":"https:\/\/eterle.cz\/eshop\/wp-json\/wp\/v2\/types\/product"}],"version-history":[{"count":1,"href":"https:\/\/eterle.cz\/eshop\/wp-json\/wp\/v2\/product\/29985\/revisions"}],"predecessor-version":[{"id":29986,"href":"https:\/\/eterle.cz\/eshop\/wp-json\/wp\/v2\/product\/29985\/revisions\/29986"}],"wp:featuredmedia":[{"embeddable":true,"href":"https:\/\/eterle.cz\/eshop\/wp-json\/wp\/v2\/media\/29987"}],"wp:attachment":[{"href":"https:\/\/eterle.cz\/eshop\/wp-json\/wp\/v2\/media?parent=29985"}],"wp:term":[{"taxonomy":"product_brand","embeddable":true,"href":"https:\/\/eterle.cz\/eshop\/wp-json\/wp\/v2\/product_brand?post=29985"},{"taxonomy":"product_cat","embeddable":true,"href":"https:\/\/eterle.cz\/eshop\/wp-json\/wp\/v2\/product_cat?post=29985"},{"taxonomy":"product_tag","embeddable":true,"href":"https:\/\/eterle.cz\/eshop\/wp-json\/wp\/v2\/product_tag?post=29985"}],"curies":[{"name":"wp","href":"https:\/\/api.w.org\/{rel}","templated":true}]}}