{"id":29999,"date":"2025-10-19T22:36:34","date_gmt":"2025-10-19T20:36:34","guid":{"rendered":"https:\/\/eterle.cz\/eshop\/produkt\/chromovy-gauc-2\/"},"modified":"2025-12-05T22:26:22","modified_gmt":"2025-12-05T21:26:22","slug":"chromovy-gauc-2","status":"publish","type":"product","link":"https:\/\/eterle.cz\/eshop\/produkt\/chromovy-gauc-2\/","title":{"rendered":"Chromov\u00fd gau\u010d"},"content":{"rendered":"<p>Minimalistick\u00e1 pohovka z oh\u00fdban\u00fdch ocelov\u00fdch trubek navr\u017een\u00e1 ve funkcionalistick\u00e9m duchu 30. let minul\u00e9ho stolet\u00ed.<\/p>\n<p>Stav: v p\u016fvodn\u00edm stavu s patinou<br \/>\nRozm\u011br<br \/>\nV\u00fd\u0161ka: 65 cm<br \/>\nHloubka: 80 cm<br \/>\nD\u00e9lka: 196 cm<br \/>\nD\u00e9lka pro matraci: 188 cm<br \/>\n\u0160\u00ed\u0159ka pro matraci: 78 cm<br \/>\nV\u00e1ha: 31,6 kg<\/p>\n<p>&nbsp;<\/p>\n","protected":false},"excerpt":{"rendered":"<p>Minimalistick\u00e1 pohovka z oh\u00fdban\u00fdch ocelov\u00fdch trubek navr\u017een\u00e1 ve funkcionalistick\u00e9m duchu 30. let minul\u00e9ho stolet\u00ed. Stav: v p\u016fvodn\u00edm stavu s patinou<\/p>\n","protected":false},"featured_media":30001,"template":"","meta":[],"product_brand":[],"product_cat":[130,123],"product_tag":[],"class_list":{"0":"post-29999","1":"product","2":"type-product","3":"status-publish","4":"has-post-thumbnail","6":"product_cat-nabytek","7":"product_cat-sofa","8":"product_shipping_class-nadrozmerne","10":"first","11":"instock","12":"purchasable","13":"product-type-simple"},"_links":{"self":[{"href":"https:\/\/eterle.cz\/eshop\/wp-json\/wp\/v2\/product\/29999","targetHints":{"allow":["GET"]}}],"collection":[{"href":"https:\/\/eterle.cz\/eshop\/wp-json\/wp\/v2\/product"}],"about":[{"href":"https:\/\/eterle.cz\/eshop\/wp-json\/wp\/v2\/types\/product"}],"version-history":[{"count":1,"href":"https:\/\/eterle.cz\/eshop\/wp-json\/wp\/v2\/product\/29999\/revisions"}],"predecessor-version":[{"id":30000,"href":"https:\/\/eterle.cz\/eshop\/wp-json\/wp\/v2\/product\/29999\/revisions\/30000"}],"wp:featuredmedia":[{"embeddable":true,"href":"https:\/\/eterle.cz\/eshop\/wp-json\/wp\/v2\/media\/30001"}],"wp:attachment":[{"href":"https:\/\/eterle.cz\/eshop\/wp-json\/wp\/v2\/media?parent=29999"}],"wp:term":[{"taxonomy":"product_brand","embeddable":true,"href":"https:\/\/eterle.cz\/eshop\/wp-json\/wp\/v2\/product_brand?post=29999"},{"taxonomy":"product_cat","embeddable":true,"href":"https:\/\/eterle.cz\/eshop\/wp-json\/wp\/v2\/product_cat?post=29999"},{"taxonomy":"product_tag","embeddable":true,"href":"https:\/\/eterle.cz\/eshop\/wp-json\/wp\/v2\/product_tag?post=29999"}],"curies":[{"name":"wp","href":"https:\/\/api.w.org\/{rel}","templated":true}]}}