{"id":30055,"date":"2025-10-20T11:23:25","date_gmt":"2025-10-20T09:23:25","guid":{"rendered":"https:\/\/eterle.cz\/eshop\/produkt\/sada-6-sklenic-na-vino-waterford\/"},"modified":"2025-12-05T22:26:22","modified_gmt":"2025-12-05T21:26:22","slug":"sada-6-sklenic-na-vino-waterford","status":"publish","type":"product","link":"https:\/\/eterle.cz\/eshop\/produkt\/sada-6-sklenic-na-vino-waterford\/","title":{"rendered":"Sada 6 sklenic na v\u00edno \/ Waterford"},"content":{"rendered":"<p>Sada 6 sklenic na v\u00edno od design\u00e9ra Johna Rochy, kter\u00fd vytvo\u0159il pro zna\u010dku Waterford kolekci Geo. Tato kolekce propojuje tradi\u010dn\u00ed ru\u010dn\u00ed v\u00fdrobu irsk\u00e9ho k\u0159i\u0161\u0165\u00e1lu s modern\u00ed geometrickou estetikou. Charakteristick\u00fdm prvkem je jemn\u00e9 ryt\u00ed pravo\u00fahl\u00fdch tvar\u016f, kter\u00e9 dod\u00e1v\u00e1 sklenic\u00edm sou\u010dasn\u00fd, architektonick\u00fd v\u00fdraz.<\/p>\n<p>Ka\u017ed\u00fd kus je ru\u010dn\u011b brou\u0161en\u00fd a le\u0161t\u011bn\u00fd, co\u017e podtrhuje hloubku a jiskru k\u0159i\u0161\u0165\u00e1lu Waterford. Sklenice jsou ide\u00e1ln\u00ed pro \u010derven\u00e9 v\u00edno, ale d\u00edky sv\u00e9 univerz\u00e1ln\u00ed velikosti se hod\u00ed i na b\u00edl\u00e9 v\u00edno \u010di vodu.<\/p>\n<p>Stav: nov\u00e9<br \/>\nZna\u010dka: Waterford, John Rocha<br \/>\nRozm\u011br<br \/>\nObjem: 230 ml<\/p>\n<p>&nbsp;<\/p>\n","protected":false},"excerpt":{"rendered":"<p>Sada 6 sklenic na v\u00edno od design\u00e9ra Johna Rochy, kter\u00fd vytvo\u0159il pro zna\u010dku Waterford kolekci Geo. Tato kolekce propojuje tradi\u010dn\u00ed<\/p>\n","protected":false},"featured_media":30057,"template":"","meta":[],"product_brand":[],"product_cat":[75,134],"product_tag":[],"class_list":{"0":"post-30055","1":"product","2":"type-product","3":"status-publish","4":"has-post-thumbnail","6":"product_cat-sklo","7":"product_cat-sklenice","9":"first","10":"instock","11":"purchasable","12":"product-type-simple"},"_links":{"self":[{"href":"https:\/\/eterle.cz\/eshop\/wp-json\/wp\/v2\/product\/30055","targetHints":{"allow":["GET"]}}],"collection":[{"href":"https:\/\/eterle.cz\/eshop\/wp-json\/wp\/v2\/product"}],"about":[{"href":"https:\/\/eterle.cz\/eshop\/wp-json\/wp\/v2\/types\/product"}],"version-history":[{"count":1,"href":"https:\/\/eterle.cz\/eshop\/wp-json\/wp\/v2\/product\/30055\/revisions"}],"predecessor-version":[{"id":30056,"href":"https:\/\/eterle.cz\/eshop\/wp-json\/wp\/v2\/product\/30055\/revisions\/30056"}],"wp:featuredmedia":[{"embeddable":true,"href":"https:\/\/eterle.cz\/eshop\/wp-json\/wp\/v2\/media\/30057"}],"wp:attachment":[{"href":"https:\/\/eterle.cz\/eshop\/wp-json\/wp\/v2\/media?parent=30055"}],"wp:term":[{"taxonomy":"product_brand","embeddable":true,"href":"https:\/\/eterle.cz\/eshop\/wp-json\/wp\/v2\/product_brand?post=30055"},{"taxonomy":"product_cat","embeddable":true,"href":"https:\/\/eterle.cz\/eshop\/wp-json\/wp\/v2\/product_cat?post=30055"},{"taxonomy":"product_tag","embeddable":true,"href":"https:\/\/eterle.cz\/eshop\/wp-json\/wp\/v2\/product_tag?post=30055"}],"curies":[{"name":"wp","href":"https:\/\/api.w.org\/{rel}","templated":true}]}}