{"id":30068,"date":"2025-10-20T11:23:32","date_gmt":"2025-10-20T09:23:32","guid":{"rendered":"https:\/\/eterle.cz\/eshop\/produkt\/dve-sklenice-na-vino-waterford\/"},"modified":"2025-12-05T22:26:21","modified_gmt":"2025-12-05T21:26:21","slug":"dve-sklenice-na-vino-waterford","status":"publish","type":"product","link":"https:\/\/eterle.cz\/eshop\/produkt\/dve-sklenice-na-vino-waterford\/","title":{"rendered":"Dv\u011b sklenice na vino \/ Waterford"},"content":{"rendered":"<p>Dvojice sklenic Waterford od Jaspera Conrana p\u0159edstavuje spojen\u00ed britsk\u00e9 elegance a mistrovsk\u00e9ho irsk\u00e9ho k\u0159i\u0161\u0165\u00e1lu. Minimalistick\u00e9 ryt\u00ed v jemn\u00fdch prstenc\u00edch vytv\u00e1\u0159\u00ed efekt pohybu a sv\u011btla, typick\u00fd pro Conran\u016fv rukopis.<\/p>\n<p>Vhodn\u00e9 na b\u00edl\u00e9 i \u010derven\u00e9 v\u00edno, tyto sklenice dodaj\u00ed ka\u017ed\u00e9mu stolu decentn\u00ed, nad\u010dasov\u00fd luxus.<\/p>\n<p>Stav: nov\u00e9<br \/>\nZna\u010dka: Waterford, Jasper Conran<br \/>\nRozm\u011br<br \/>\nObjem: 250 ml<\/p>\n<p>&nbsp;<\/p>\n","protected":false},"excerpt":{"rendered":"<p>Dvojice sklenic Waterford od Jaspera Conrana p\u0159edstavuje spojen\u00ed britsk\u00e9 elegance a mistrovsk\u00e9ho irsk\u00e9ho k\u0159i\u0161\u0165\u00e1lu. Minimalistick\u00e9 ryt\u00ed v jemn\u00fdch prstenc\u00edch vytv\u00e1\u0159\u00ed<\/p>\n","protected":false},"featured_media":30070,"template":"","meta":[],"product_brand":[],"product_cat":[75,134],"product_tag":[],"class_list":{"0":"post-30068","1":"product","2":"type-product","3":"status-publish","4":"has-post-thumbnail","6":"product_cat-sklo","7":"product_cat-sklenice","9":"first","10":"instock","11":"purchasable","12":"product-type-simple"},"_links":{"self":[{"href":"https:\/\/eterle.cz\/eshop\/wp-json\/wp\/v2\/product\/30068","targetHints":{"allow":["GET"]}}],"collection":[{"href":"https:\/\/eterle.cz\/eshop\/wp-json\/wp\/v2\/product"}],"about":[{"href":"https:\/\/eterle.cz\/eshop\/wp-json\/wp\/v2\/types\/product"}],"version-history":[{"count":1,"href":"https:\/\/eterle.cz\/eshop\/wp-json\/wp\/v2\/product\/30068\/revisions"}],"predecessor-version":[{"id":30069,"href":"https:\/\/eterle.cz\/eshop\/wp-json\/wp\/v2\/product\/30068\/revisions\/30069"}],"wp:featuredmedia":[{"embeddable":true,"href":"https:\/\/eterle.cz\/eshop\/wp-json\/wp\/v2\/media\/30070"}],"wp:attachment":[{"href":"https:\/\/eterle.cz\/eshop\/wp-json\/wp\/v2\/media?parent=30068"}],"wp:term":[{"taxonomy":"product_brand","embeddable":true,"href":"https:\/\/eterle.cz\/eshop\/wp-json\/wp\/v2\/product_brand?post=30068"},{"taxonomy":"product_cat","embeddable":true,"href":"https:\/\/eterle.cz\/eshop\/wp-json\/wp\/v2\/product_cat?post=30068"},{"taxonomy":"product_tag","embeddable":true,"href":"https:\/\/eterle.cz\/eshop\/wp-json\/wp\/v2\/product_tag?post=30068"}],"curies":[{"name":"wp","href":"https:\/\/api.w.org\/{rel}","templated":true}]}}