{"id":30096,"date":"2025-10-20T11:23:50","date_gmt":"2025-10-20T09:23:50","guid":{"rendered":"https:\/\/eterle.cz\/eshop\/produkt\/sada-6-sklenic-na-sekt\/"},"modified":"2025-12-05T22:26:21","modified_gmt":"2025-12-05T21:26:21","slug":"sada-6-sklenic-na-sekt","status":"publish","type":"product","link":"https:\/\/eterle.cz\/eshop\/produkt\/sada-6-sklenic-na-sekt\/","title":{"rendered":"Sada 6 sklenic na sekt"},"content":{"rendered":"<p>Sada \u0161esti elegantn\u00edch vintage sklenic s jemn\u011b brou\u0161en\u00fdm dekorem v podob\u011b podlouhl\u00fdch ov\u00e1l\u016f. D\u00edky tvaru se sklenice v\u00fdborn\u011b hod\u00ed nejen na \u0161umiv\u00e1 v\u00edna, ale i na lehk\u00e9 dezertn\u00ed koktejly.<\/p>\n<p>Stav: velmi dobr\u00fd<br \/>\nObjem: 100 ml<\/p>\n<p>&nbsp;<\/p>\n","protected":false},"excerpt":{"rendered":"<p>Sada \u0161esti elegantn\u00edch vintage sklenic s jemn\u011b brou\u0161en\u00fdm dekorem v podob\u011b podlouhl\u00fdch ov\u00e1l\u016f. D\u00edky tvaru se sklenice v\u00fdborn\u011b hod\u00ed nejen<\/p>\n","protected":false},"featured_media":30098,"template":"","meta":[],"product_brand":[],"product_cat":[75,134],"product_tag":[],"class_list":{"0":"post-30096","1":"product","2":"type-product","3":"status-publish","4":"has-post-thumbnail","6":"product_cat-sklo","7":"product_cat-sklenice","9":"first","10":"instock","11":"purchasable","12":"product-type-simple"},"_links":{"self":[{"href":"https:\/\/eterle.cz\/eshop\/wp-json\/wp\/v2\/product\/30096","targetHints":{"allow":["GET"]}}],"collection":[{"href":"https:\/\/eterle.cz\/eshop\/wp-json\/wp\/v2\/product"}],"about":[{"href":"https:\/\/eterle.cz\/eshop\/wp-json\/wp\/v2\/types\/product"}],"version-history":[{"count":1,"href":"https:\/\/eterle.cz\/eshop\/wp-json\/wp\/v2\/product\/30096\/revisions"}],"predecessor-version":[{"id":30097,"href":"https:\/\/eterle.cz\/eshop\/wp-json\/wp\/v2\/product\/30096\/revisions\/30097"}],"wp:featuredmedia":[{"embeddable":true,"href":"https:\/\/eterle.cz\/eshop\/wp-json\/wp\/v2\/media\/30098"}],"wp:attachment":[{"href":"https:\/\/eterle.cz\/eshop\/wp-json\/wp\/v2\/media?parent=30096"}],"wp:term":[{"taxonomy":"product_brand","embeddable":true,"href":"https:\/\/eterle.cz\/eshop\/wp-json\/wp\/v2\/product_brand?post=30096"},{"taxonomy":"product_cat","embeddable":true,"href":"https:\/\/eterle.cz\/eshop\/wp-json\/wp\/v2\/product_cat?post=30096"},{"taxonomy":"product_tag","embeddable":true,"href":"https:\/\/eterle.cz\/eshop\/wp-json\/wp\/v2\/product_tag?post=30096"}],"curies":[{"name":"wp","href":"https:\/\/api.w.org\/{rel}","templated":true}]}}