{"id":30123,"date":"2025-10-20T11:24:08","date_gmt":"2025-10-20T09:24:08","guid":{"rendered":"https:\/\/eterle.cz\/eshop\/produkt\/dve-sklenice-na-konak-rosenthal\/"},"modified":"2025-12-05T22:27:28","modified_gmt":"2025-12-05T21:27:28","slug":"dve-sklenice-na-konak-rosenthal","status":"publish","type":"product","link":"https:\/\/eterle.cz\/eshop\/produkt\/dve-sklenice-na-konak-rosenthal\/","title":{"rendered":"Dv\u011b sklenice na ko\u0148ak \/ Rosenthal"},"content":{"rendered":"<p>Dvojice sklenic Rosenthal v elegantn\u00edm tvaru pro brandy \u010di ko\u0148ak. Typick\u00e9 pro zna\u010dku je dokonal\u00e9 vyv\u00e1\u017een\u00ed tvaru, kvality skla a lehkosti proveden\u00ed. Rosenthal pat\u0159\u00ed k ikon\u00e1m n\u011bmeck\u00e9ho designu, kter\u00fd spojuje tradici porcel\u00e1nu a skla s modern\u00edm citem pro detail. Ka\u017ed\u00fd kousek odr\u00e1\u017e\u00ed precizn\u00ed zpracov\u00e1n\u00ed a smysl pro estetiku, j\u00ed\u017e je zna\u010dka proslul\u00e1 ji\u017e od roku 1879.<\/p>\n<p>Stav: velmi dobr\u00fd<br \/>\nZna\u010dka: Rosenthal<br \/>\nObjem: 500 ml<\/p>\n<p>&nbsp;<\/p>\n","protected":false},"excerpt":{"rendered":"<p>Dvojice sklenic Rosenthal v elegantn\u00edm tvaru pro brandy \u010di ko\u0148ak. Typick\u00e9 pro zna\u010dku je dokonal\u00e9 vyv\u00e1\u017een\u00ed tvaru, kvality skla a<\/p>\n","protected":false},"featured_media":30125,"template":"","meta":[],"product_brand":[],"product_cat":[75,134],"product_tag":[],"class_list":{"0":"post-30123","1":"product","2":"type-product","3":"status-publish","4":"has-post-thumbnail","6":"product_cat-sklo","7":"product_cat-sklenice","9":"first","10":"instock","11":"purchasable","12":"product-type-simple"},"_links":{"self":[{"href":"https:\/\/eterle.cz\/eshop\/wp-json\/wp\/v2\/product\/30123","targetHints":{"allow":["GET"]}}],"collection":[{"href":"https:\/\/eterle.cz\/eshop\/wp-json\/wp\/v2\/product"}],"about":[{"href":"https:\/\/eterle.cz\/eshop\/wp-json\/wp\/v2\/types\/product"}],"version-history":[{"count":1,"href":"https:\/\/eterle.cz\/eshop\/wp-json\/wp\/v2\/product\/30123\/revisions"}],"predecessor-version":[{"id":30124,"href":"https:\/\/eterle.cz\/eshop\/wp-json\/wp\/v2\/product\/30123\/revisions\/30124"}],"wp:featuredmedia":[{"embeddable":true,"href":"https:\/\/eterle.cz\/eshop\/wp-json\/wp\/v2\/media\/30125"}],"wp:attachment":[{"href":"https:\/\/eterle.cz\/eshop\/wp-json\/wp\/v2\/media?parent=30123"}],"wp:term":[{"taxonomy":"product_brand","embeddable":true,"href":"https:\/\/eterle.cz\/eshop\/wp-json\/wp\/v2\/product_brand?post=30123"},{"taxonomy":"product_cat","embeddable":true,"href":"https:\/\/eterle.cz\/eshop\/wp-json\/wp\/v2\/product_cat?post=30123"},{"taxonomy":"product_tag","embeddable":true,"href":"https:\/\/eterle.cz\/eshop\/wp-json\/wp\/v2\/product_tag?post=30123"}],"curies":[{"name":"wp","href":"https:\/\/api.w.org\/{rel}","templated":true}]}}