{"id":30162,"date":"2025-10-20T11:29:08","date_gmt":"2025-10-20T09:29:08","guid":{"rendered":"https:\/\/eterle.cz\/eshop\/produkt\/jidelni-sada-pro-dva-wedgwood\/"},"modified":"2026-01-06T19:12:18","modified_gmt":"2026-01-06T18:12:18","slug":"jidelni-sada-pro-dva-wedgwood","status":"publish","type":"product","link":"https:\/\/eterle.cz\/eshop\/produkt\/jidelni-sada-pro-dva-wedgwood\/","title":{"rendered":"J\u00eddeln\u00ed sada pro dva \/ Wedgwood"},"content":{"rendered":"<p>Sada navr\u017een\u00e1 design\u00e9rkou Verou Wang ve spolupr\u00e1ci s britskou zna\u010dkou Wedgwood p\u0159edstavuje \u010distotu tvaru a klid modern\u00ed elegance. V matn\u00e9m antracitov\u00e9m proveden\u00ed p\u016fsob\u00ed sofistikovan\u011b a nad\u010dasov\u011b, p\u0159irozen\u011b zapadne do sou\u010dasn\u00e9ho i klasick\u00e9ho interi\u00e9ru. Komplet pro dv\u011b osoby zahrnuje m\u011blk\u00e9 tal\u00ed\u0159e, dezertn\u00ed tal\u00ed\u0159e a misky na pol\u00e9vku.<\/p>\n<p>Zna\u010dka Wedgwood, zalo\u017een\u00e1 v roce 1759, je ikonou britsk\u00e9ho porcel\u00e1nu a \u0159emesla. Ve spolupr\u00e1ci s Verou Wang, m\u00f3dn\u00ed ikonou, kter\u00e1 pro Wedgwood navrhuje u\u017e v\u00edce ne\u017e dv\u011b desetilet\u00ed, vznikaj\u00ed kolekce spojuj\u00edc\u00ed tradici, kvalitu a modern\u00ed cit pro detail.<\/p>\n<p>Stav: nov\u00fd<br \/>\nZna\u010dka: Vera Wang pro Wedgwood<br \/>\nRozm\u011br<br \/>\nPr\u016fm\u011br m\u011blk\u00e9ho tal\u00ed\u0159e: 28,5 cm<br \/>\nPr\u016fm\u011br hlubok\u00e9ho tal\u00ed\u0159e: 18 cm<br \/>\nV\u00fd\u0161ka hlubok\u00e9ho tal\u00ed\u0159e: 6 cm<br \/>\nPr\u016fm\u011br dezertn\u00edho: 23 cm<\/p>\n<p>&nbsp;<\/p>\n","protected":false},"excerpt":{"rendered":"<p>Sada navr\u017een\u00e1 design\u00e9rkou Verou Wang ve spolupr\u00e1ci s britskou zna\u010dkou Wedgwood p\u0159edstavuje \u010distotu tvaru a klid modern\u00ed elegance. V matn\u00e9m<\/p>\n","protected":false},"featured_media":30164,"template":"","meta":[],"product_brand":[],"product_cat":[76,111],"product_tag":[],"class_list":{"0":"post-30162","1":"product","2":"type-product","3":"status-publish","4":"has-post-thumbnail","6":"product_cat-porcelan","7":"product_cat-porcelanove-sady","9":"first","10":"instock","11":"purchasable","12":"product-type-simple"},"_links":{"self":[{"href":"https:\/\/eterle.cz\/eshop\/wp-json\/wp\/v2\/product\/30162","targetHints":{"allow":["GET"]}}],"collection":[{"href":"https:\/\/eterle.cz\/eshop\/wp-json\/wp\/v2\/product"}],"about":[{"href":"https:\/\/eterle.cz\/eshop\/wp-json\/wp\/v2\/types\/product"}],"version-history":[{"count":1,"href":"https:\/\/eterle.cz\/eshop\/wp-json\/wp\/v2\/product\/30162\/revisions"}],"predecessor-version":[{"id":30163,"href":"https:\/\/eterle.cz\/eshop\/wp-json\/wp\/v2\/product\/30162\/revisions\/30163"}],"wp:featuredmedia":[{"embeddable":true,"href":"https:\/\/eterle.cz\/eshop\/wp-json\/wp\/v2\/media\/30164"}],"wp:attachment":[{"href":"https:\/\/eterle.cz\/eshop\/wp-json\/wp\/v2\/media?parent=30162"}],"wp:term":[{"taxonomy":"product_brand","embeddable":true,"href":"https:\/\/eterle.cz\/eshop\/wp-json\/wp\/v2\/product_brand?post=30162"},{"taxonomy":"product_cat","embeddable":true,"href":"https:\/\/eterle.cz\/eshop\/wp-json\/wp\/v2\/product_cat?post=30162"},{"taxonomy":"product_tag","embeddable":true,"href":"https:\/\/eterle.cz\/eshop\/wp-json\/wp\/v2\/product_tag?post=30162"}],"curies":[{"name":"wp","href":"https:\/\/api.w.org\/{rel}","templated":true}]}}

Jídelní sada pro dva / Wedgwood

<p>Sada navržená designérkou Verou Wang ve spolupráci s britskou značkou Wedgwood představuje čistotu tvaru a klid moderní elegance. V matném antracitovém provedení působí sofistikovaně a nadčasově, přirozeně zapadne do současného i klasického interiéru. Komplet pro dvě osoby zahrnuje mělké talíře, dezertní talíře a misky na polévku.</p>
<p>Značka Wedgwood, založená v roce 1759, je ikonou britského porcelánu a řemesla. Ve spolupráci s Verou Wang, módní ikonou, která pro Wedgwood navrhuje už více než dvě desetiletí, vznikají kolekce spojující tradici, kvalitu a moderní cit pro detail.</p>
<p>Stav: nový<br />
Značka: Vera Wang pro Wedgwood<br />
Rozměr<br />
Průměr mělkého talíře: 28,5 cm<br />
Průměr hlubokého talíře: 18 cm<br />
Výška hlubokého talíře: 6 cm<br />
Průměr dezertního: 23 cm</p>
<p>&nbsp;</p>

<p>Sada navržená designérkou Verou Wang ve spolupráci s britskou značkou Wedgwood představuje čistotu tvaru a klid moderní elegance. V matném</p>
