{"id":30169,"date":"2025-10-20T11:29:13","date_gmt":"2025-10-20T09:29:13","guid":{"rendered":"https:\/\/eterle.cz\/eshop\/produkt\/misticka-wedgwood\/"},"modified":"2025-12-05T22:27:27","modified_gmt":"2025-12-05T21:27:27","slug":"misticka-wedgwood","status":"publish","type":"product","link":"https:\/\/eterle.cz\/eshop\/produkt\/misticka-wedgwood\/","title":{"rendered":"Misti\u010dka \/ Wedgwood"},"content":{"rendered":"<p>Porcel\u00e1nov\u00e1 miska z kolekce Vibrance, navr\u017een\u00e9 design\u00e9rkou Verou Wang pro britskou zna\u010dku Wedgwood. Kolekce je charakteristick\u00e1 kombinac\u00ed tlumen\u00fdch barev, v\u00fdrazn\u00fdch botanick\u00fdch motiv\u016f a jemn\u00fdch metalick\u00fdch detail\u016f. Ka\u017ed\u00fd kus z n\u00ed p\u016fsob\u00ed jako mal\u00fd objekt um\u011bn\u00ed \u2013 dekorativn\u00ed i funk\u010dn\u00ed z\u00e1rove\u0148.<\/p>\n<p>Uvnit\u0159 misky se rozv\u00edj\u00ed kresba tulip\u00e1nu na matn\u00e9m \u0161ed\u00e9m podkladu, vn\u011bj\u0161\u00ed \u010d\u00e1st zdob\u00ed v\u00fdrazn\u00e1 fuchsiov\u00e1 se zlat\u00fdm lemem a kontrastn\u00ed \u010dernou linkou. V\u00fdrazn\u00fd akcent pro interi\u00e9r, kter\u00fd spojuje modern\u00ed design a eleganci klasick\u00e9ho porcel\u00e1nu.<\/p>\n<p>Stav: nov\u00fd<br \/>\nZna\u010dka: Wedgwood<br \/>\nRozm\u011br<br \/>\nPr\u016fm\u011br: 14 cm<br \/>\nV\u00fd\u0161ka: 7 cm<\/p>\n<p>&nbsp;<\/p>\n","protected":false},"excerpt":{"rendered":"<p>Porcel\u00e1nov\u00e1 miska z kolekce Vibrance, navr\u017een\u00e9 design\u00e9rkou Verou Wang pro britskou zna\u010dku Wedgwood. Kolekce je charakteristick\u00e1 kombinac\u00ed tlumen\u00fdch barev, v\u00fdrazn\u00fdch<\/p>\n","protected":false},"featured_media":30171,"template":"","meta":[],"product_brand":[],"product_cat":[76,110],"product_tag":[],"class_list":{"0":"post-30169","1":"product","2":"type-product","3":"status-publish","4":"has-post-thumbnail","6":"product_cat-porcelan","7":"product_cat-misy","9":"first","10":"instock","11":"purchasable","12":"product-type-simple"},"_links":{"self":[{"href":"https:\/\/eterle.cz\/eshop\/wp-json\/wp\/v2\/product\/30169","targetHints":{"allow":["GET"]}}],"collection":[{"href":"https:\/\/eterle.cz\/eshop\/wp-json\/wp\/v2\/product"}],"about":[{"href":"https:\/\/eterle.cz\/eshop\/wp-json\/wp\/v2\/types\/product"}],"version-history":[{"count":1,"href":"https:\/\/eterle.cz\/eshop\/wp-json\/wp\/v2\/product\/30169\/revisions"}],"predecessor-version":[{"id":30170,"href":"https:\/\/eterle.cz\/eshop\/wp-json\/wp\/v2\/product\/30169\/revisions\/30170"}],"wp:featuredmedia":[{"embeddable":true,"href":"https:\/\/eterle.cz\/eshop\/wp-json\/wp\/v2\/media\/30171"}],"wp:attachment":[{"href":"https:\/\/eterle.cz\/eshop\/wp-json\/wp\/v2\/media?parent=30169"}],"wp:term":[{"taxonomy":"product_brand","embeddable":true,"href":"https:\/\/eterle.cz\/eshop\/wp-json\/wp\/v2\/product_brand?post=30169"},{"taxonomy":"product_cat","embeddable":true,"href":"https:\/\/eterle.cz\/eshop\/wp-json\/wp\/v2\/product_cat?post=30169"},{"taxonomy":"product_tag","embeddable":true,"href":"https:\/\/eterle.cz\/eshop\/wp-json\/wp\/v2\/product_tag?post=30169"}],"curies":[{"name":"wp","href":"https:\/\/api.w.org\/{rel}","templated":true}]}}