{"id":30263,"date":"2025-10-20T11:30:21","date_gmt":"2025-10-20T09:30:21","guid":{"rendered":"https:\/\/eterle.cz\/eshop\/produkt\/misa-bernadotte\/"},"modified":"2025-12-20T11:56:02","modified_gmt":"2025-12-20T10:56:02","slug":"misa-bernadotte","status":"publish","type":"product","link":"https:\/\/eterle.cz\/eshop\/produkt\/misa-bernadotte\/","title":{"rendered":"M\u00edsa \/ Bernadotte"},"content":{"rendered":"<p>Velk\u00e1 porcel\u00e1nov\u00e1 m\u00edsa ze s\u00e9rie Bernadotte, vyr\u00e1b\u011bn\u00e9 porcel\u00e1nkou Leander Lou\u010dky. V\u00fdrazn\u00fd kus, kter\u00fd se na stole neztrat\u00ed. Jemn\u00fd smetanov\u00fd t\u00f3n porcel\u00e1nu s charakteristick\u00fd reli\u00e9fn\u00edm okrajem a kv\u011btinov\u00fdm motivem odkazuj\u00ed na tradi\u010dn\u00ed \u010desk\u00fd dekor.<\/p>\n<p>Stav: velmi dobr\u00fd<br \/>\nZna\u010dka: Bernadotte<br \/>\nRozm\u011br: 64,5 cm x 24,5 cm<\/p>\n<p>&nbsp;<\/p>\n","protected":false},"excerpt":{"rendered":"<p>Velk\u00e1 porcel\u00e1nov\u00e1 m\u00edsa ze s\u00e9rie Bernadotte, vyr\u00e1b\u011bn\u00e9 porcel\u00e1nkou Leander Lou\u010dky. V\u00fdrazn\u00fd kus, kter\u00fd se na stole neztrat\u00ed. Jemn\u00fd smetanov\u00fd t\u00f3n<\/p>\n","protected":false},"featured_media":30265,"template":"","meta":[],"product_brand":[],"product_cat":[91],"product_tag":[],"class_list":{"0":"post-30263","1":"product","2":"type-product","3":"status-publish","4":"has-post-thumbnail","6":"product_cat-prodane","7":"product_shipping_class-nadrozmerne","9":"first","10":"outofstock","11":"purchasable","12":"product-type-simple"},"_links":{"self":[{"href":"https:\/\/eterle.cz\/eshop\/wp-json\/wp\/v2\/product\/30263","targetHints":{"allow":["GET"]}}],"collection":[{"href":"https:\/\/eterle.cz\/eshop\/wp-json\/wp\/v2\/product"}],"about":[{"href":"https:\/\/eterle.cz\/eshop\/wp-json\/wp\/v2\/types\/product"}],"version-history":[{"count":1,"href":"https:\/\/eterle.cz\/eshop\/wp-json\/wp\/v2\/product\/30263\/revisions"}],"predecessor-version":[{"id":30264,"href":"https:\/\/eterle.cz\/eshop\/wp-json\/wp\/v2\/product\/30263\/revisions\/30264"}],"wp:featuredmedia":[{"embeddable":true,"href":"https:\/\/eterle.cz\/eshop\/wp-json\/wp\/v2\/media\/30265"}],"wp:attachment":[{"href":"https:\/\/eterle.cz\/eshop\/wp-json\/wp\/v2\/media?parent=30263"}],"wp:term":[{"taxonomy":"product_brand","embeddable":true,"href":"https:\/\/eterle.cz\/eshop\/wp-json\/wp\/v2\/product_brand?post=30263"},{"taxonomy":"product_cat","embeddable":true,"href":"https:\/\/eterle.cz\/eshop\/wp-json\/wp\/v2\/product_cat?post=30263"},{"taxonomy":"product_tag","embeddable":true,"href":"https:\/\/eterle.cz\/eshop\/wp-json\/wp\/v2\/product_tag?post=30263"}],"curies":[{"name":"wp","href":"https:\/\/api.w.org\/{rel}","templated":true}]}}