{"id":30271,"date":"2025-10-20T11:30:26","date_gmt":"2025-10-20T09:30:26","guid":{"rendered":"https:\/\/eterle.cz\/eshop\/produkt\/jidelni-sada-pro-6-limoges\/"},"modified":"2026-01-01T19:19:41","modified_gmt":"2026-01-01T18:19:41","slug":"jidelni-sada-pro-6-limoges","status":"publish","type":"product","link":"https:\/\/eterle.cz\/eshop\/produkt\/jidelni-sada-pro-6-limoges\/","title":{"rendered":"J\u00eddeln\u00ed sada pro 6 \/ Limoges"},"content":{"rendered":"<p>Elegantn\u00ed j\u00eddeln\u00ed sada z francouzsk\u00e9 porcel\u00e1nky A. Lanternier &#038; Cie, vyroben\u00e1 v Limoges ve 40.\u201350. letech 20. stolet\u00ed. Tato oblast ve st\u0159edn\u00ed Francii je od 18. stolet\u00ed pova\u017eov\u00e1na za kol\u00e9bku evropsk\u00e9ho porcel\u00e1nu, zn\u00e1mou pro svou mimo\u0159\u00e1dnou kvalitu a jemnost zpracov\u00e1n\u00ed.<\/p>\n<p>Kolekce nese charakteristick\u00e9 prvky zna\u010dky Lanternier &#038; Cie, kter\u00e1 pat\u0159ila k nejv\u00fdznamn\u011bj\u0161\u00edm limogesk\u00fdm v\u00fdrobc\u016fm \u2013 precizn\u00ed proveden\u00ed, klasicistn\u00ed elegance a d\u016fraz na jemn\u00e9 detaily. Plastick\u00fd reli\u00e9f po obvodu dopl\u0148uje modr\u00e1 linka se zlat\u00fdm lemem, kter\u00e1 podtrhuje u\u0161lechtil\u00fd tvar a dod\u00e1v\u00e1 cel\u00e9 sad\u011b noblesn\u00ed klid. Porcel\u00e1n v odst\u00ednu slonov\u00e9 kosti p\u016fsob\u00ed harmonicky a v kombinaci se zlat\u00fdmi detaily tvo\u0159\u00ed nad\u010dasov\u00fd celek, kter\u00fd na stole rozsv\u00edt\u00ed ka\u017edou p\u0159\u00edle\u017eitost.<\/p>\n<p>Sada pro \u0161est osob obsahuje 14 kus\u016f: 6 m\u011blk\u00fdch tal\u00ed\u0159\u016f, 6 hlubok\u00fdch tal\u00ed\u0159\u016f, m\u00edsu a ov\u00e1lnou m\u00edsu.<\/p>\n<p>Stav: s patinou, misty sed\u0159en\u00fd zlat\u00fd i modr\u00fd prou\u017eek, bez o\u0165uk\u016f<br \/>\nZna\u010dka: Limoges, France<br \/>\nRozm\u011br<br \/>\nPr\u016fm\u011br m\u011blk\u00e9ho tal\u00ed\u0159e: 24 cm<br \/>\nPr\u016fm\u011br hlubok\u00e9ho tal\u00ed\u0159e: 23,5 cm<br \/>\nPr\u016fm\u011br m\u00edsy: 25,5 cm<br \/>\nV\u00fd\u0161ka m\u00edsy: 10 cm<br \/>\nRozm\u011br ov\u00e1ln\u00e9 m\u00edsy: 41,5 cm x 28,5 cm<\/p>\n<p>&nbsp;<\/p>\n","protected":false},"excerpt":{"rendered":"<p>Elegantn\u00ed j\u00eddeln\u00ed sada z francouzsk\u00e9 porcel\u00e1nky A. Lanternier &#038; Cie, vyroben\u00e1 v Limoges ve 40.\u201350. letech 20. stolet\u00ed. Tato oblast<\/p>\n","protected":false},"featured_media":30273,"template":"","meta":[],"product_brand":[],"product_cat":[76,111],"product_tag":[],"class_list":{"0":"post-30271","1":"product","2":"type-product","3":"status-publish","4":"has-post-thumbnail","6":"product_cat-porcelan","7":"product_cat-porcelanove-sady","8":"product_shipping_class-nadrozmerne","10":"first","11":"instock","12":"purchasable","13":"product-type-simple"},"_links":{"self":[{"href":"https:\/\/eterle.cz\/eshop\/wp-json\/wp\/v2\/product\/30271","targetHints":{"allow":["GET"]}}],"collection":[{"href":"https:\/\/eterle.cz\/eshop\/wp-json\/wp\/v2\/product"}],"about":[{"href":"https:\/\/eterle.cz\/eshop\/wp-json\/wp\/v2\/types\/product"}],"version-history":[{"count":1,"href":"https:\/\/eterle.cz\/eshop\/wp-json\/wp\/v2\/product\/30271\/revisions"}],"predecessor-version":[{"id":30272,"href":"https:\/\/eterle.cz\/eshop\/wp-json\/wp\/v2\/product\/30271\/revisions\/30272"}],"wp:featuredmedia":[{"embeddable":true,"href":"https:\/\/eterle.cz\/eshop\/wp-json\/wp\/v2\/media\/30273"}],"wp:attachment":[{"href":"https:\/\/eterle.cz\/eshop\/wp-json\/wp\/v2\/media?parent=30271"}],"wp:term":[{"taxonomy":"product_brand","embeddable":true,"href":"https:\/\/eterle.cz\/eshop\/wp-json\/wp\/v2\/product_brand?post=30271"},{"taxonomy":"product_cat","embeddable":true,"href":"https:\/\/eterle.cz\/eshop\/wp-json\/wp\/v2\/product_cat?post=30271"},{"taxonomy":"product_tag","embeddable":true,"href":"https:\/\/eterle.cz\/eshop\/wp-json\/wp\/v2\/product_tag?post=30271"}],"curies":[{"name":"wp","href":"https:\/\/api.w.org\/{rel}","templated":true}]}}

Jídelní sada pro 6 / Limoges

<p>Elegantní jídelní sada z francouzské porcelánky A. Lanternier &#038; Cie, vyrobená v Limoges ve 40.–50. letech 20. století. Tato oblast ve střední Francii je od 18. století považována za kolébku evropského porcelánu, známou pro svou mimořádnou kvalitu a jemnost zpracování.</p>
<p>Kolekce nese charakteristické prvky značky Lanternier &#038; Cie, která patřila k nejvýznamnějším limogeským výrobcům – precizní provedení, klasicistní elegance a důraz na jemné detaily. Plastický reliéf po obvodu doplňuje modrá linka se zlatým lemem, která podtrhuje ušlechtilý tvar a dodává celé sadě noblesní klid. Porcelán v odstínu slonové kosti působí harmonicky a v kombinaci se zlatými detaily tvoří nadčasový celek, který na stole rozsvítí každou příležitost.</p>
<p>Sada pro šest osob obsahuje 14 kusů: 6 mělkých talířů, 6 hlubokých talířů, mísu a oválnou mísu.</p>
<p>Stav: s patinou, misty sedřený zlatý i modrý proužek, bez oťuků<br />
Značka: Limoges, France<br />
Rozměr<br />
Průměr mělkého talíře: 24 cm<br />
Průměr hlubokého talíře: 23,5 cm<br />
Průměr mísy: 25,5 cm<br />
Výška mísy: 10 cm<br />
Rozměr oválné mísy: 41,5 cm x 28,5 cm</p>
<p>&nbsp;</p>

<p>Elegantní jídelní sada z francouzské porcelánky A. Lanternier &#038; Cie, vyrobená v Limoges ve 40.–50. letech 20. století. Tato oblast</p>
