{"id":30482,"date":"2025-10-23T11:29:48","date_gmt":"2025-10-23T09:29:48","guid":{"rendered":"https:\/\/eterle.cz\/eshop\/produkt\/stolni-lampicka-pokrok-zilina\/"},"modified":"2026-03-22T22:08:04","modified_gmt":"2026-03-22T21:08:04","slug":"stolni-lampicka-pokrok-zilina","status":"publish","type":"product","link":"https:\/\/eterle.cz\/eshop\/produkt\/stolni-lampicka-pokrok-zilina\/","title":{"rendered":"Stoln\u00ed lampi\u010dka \/ Pokrok \u017dilina"},"content":{"rendered":"<p>Minimalistick\u00fd tvar, kter\u00fd i po desetilet\u00edch p\u016fsob\u00ed sou\u010dasn\u011b. Ml\u00e9\u010dn\u011b b\u00edl\u00fd sklen\u011bn\u00fd klobouk rozptyluje sv\u011btlo do v\u0161ech stran a vytv\u00e1\u0159\u00ed m\u011bkk\u00e9, \u00fatuln\u00e9 nasv\u00edcen\u00ed. \u010cerven\u00e1 kovov\u00e1 z\u00e1kladna dod\u00e1v\u00e1 lamp\u011b hrav\u00fd kontrast \u2013 p\u0159esn\u011b v duchu optimismu 70. let, kdy design m\u00ed\u0159il k jednoduchosti, funk\u010dnosti a radosti z barev.<\/p>\n<p>Vyrobeno podnikem Pokrok \u017dilina, kter\u00fd v t\u00e9 dob\u011b pat\u0159il k nejv\u00fdznamn\u011bj\u0161\u00edm producent\u016fm kovov\u00fdch sv\u00edtidel v b\u00fdval\u00e9m \u010ceskoslovensku. Ide\u00e1ln\u00ed solit\u00e9r k posteli \u010di na polici.<\/p>\n<p>Stav: el. p\u016fvodn\u00ed, funk\u010dn\u00ed<br \/>\nZna\u010dka: Pokrok \u017dilina<br \/>\nRozm\u011br<br \/>\nV\u00fd\u0161ka: 18 cm<br \/>\nPr\u016fm\u011br: 12 cm<br \/>\nV\u00e1ha: 0,8 kg<\/p>\n<p>&nbsp;<\/p>\n","protected":false},"excerpt":{"rendered":"<p>Minimalistick\u00fd tvar, kter\u00fd i po desetilet\u00edch p\u016fsob\u00ed sou\u010dasn\u011b. Ml\u00e9\u010dn\u011b b\u00edl\u00fd sklen\u011bn\u00fd klobouk rozptyluje sv\u011btlo do v\u0161ech stran a vytv\u00e1\u0159\u00ed m\u011bkk\u00e9,<\/p>\n","protected":false},"featured_media":30484,"template":"","meta":[],"product_brand":[],"product_cat":[91],"product_tag":[],"class_list":{"0":"post-30482","1":"product","2":"type-product","3":"status-publish","4":"has-post-thumbnail","6":"product_cat-prodane","7":"product_shipping_class-nadrozmerne","9":"first","10":"outofstock","11":"purchasable","12":"product-type-simple"},"_links":{"self":[{"href":"https:\/\/eterle.cz\/eshop\/wp-json\/wp\/v2\/product\/30482","targetHints":{"allow":["GET"]}}],"collection":[{"href":"https:\/\/eterle.cz\/eshop\/wp-json\/wp\/v2\/product"}],"about":[{"href":"https:\/\/eterle.cz\/eshop\/wp-json\/wp\/v2\/types\/product"}],"version-history":[{"count":1,"href":"https:\/\/eterle.cz\/eshop\/wp-json\/wp\/v2\/product\/30482\/revisions"}],"predecessor-version":[{"id":30483,"href":"https:\/\/eterle.cz\/eshop\/wp-json\/wp\/v2\/product\/30482\/revisions\/30483"}],"wp:featuredmedia":[{"embeddable":true,"href":"https:\/\/eterle.cz\/eshop\/wp-json\/wp\/v2\/media\/30484"}],"wp:attachment":[{"href":"https:\/\/eterle.cz\/eshop\/wp-json\/wp\/v2\/media?parent=30482"}],"wp:term":[{"taxonomy":"product_brand","embeddable":true,"href":"https:\/\/eterle.cz\/eshop\/wp-json\/wp\/v2\/product_brand?post=30482"},{"taxonomy":"product_cat","embeddable":true,"href":"https:\/\/eterle.cz\/eshop\/wp-json\/wp\/v2\/product_cat?post=30482"},{"taxonomy":"product_tag","embeddable":true,"href":"https:\/\/eterle.cz\/eshop\/wp-json\/wp\/v2\/product_tag?post=30482"}],"curies":[{"name":"wp","href":"https:\/\/api.w.org\/{rel}","templated":true}]}}