{"id":30490,"date":"2025-10-23T11:29:54","date_gmt":"2025-10-23T09:29:54","guid":{"rendered":"https:\/\/eterle.cz\/eshop\/produkt\/stolni-lampicka-opalova\/"},"modified":"2026-03-04T22:07:05","modified_gmt":"2026-03-04T21:07:05","slug":"stolni-lampicka-opalova","status":"publish","type":"product","link":"https:\/\/eterle.cz\/eshop\/produkt\/stolni-lampicka-opalova\/","title":{"rendered":"Stoln\u00ed lampi\u010dka op\u00e1lov\u00e1"},"content":{"rendered":"<p>Lampa z produkce n\u00e1rodn\u00edho podniku Osv\u011btlovac\u00ed sklo Vala\u0161sk\u00e9 Mezi\u0159\u00ed\u010d\u00ed, kter\u00e1 dokonale vystihuje poetiku \u010desk\u00e9ho designu sedmdes\u00e1t\u00fdch let. Skl\u00e1d\u00e1 se ze dvou \u010d\u00e1st\u00ed \u2013 z b\u00edl\u00e9 podstavy z t\u0159\u00edvrstv\u00e9ho op\u00e1lov\u00e9ho skla a nasazen\u00e9ho st\u00ednidla s jemn\u00fdm oran\u017eov\u00fdm \u017e\u00edh\u00e1n\u00edm. P\u0159i rozsv\u00edcen\u00ed se barvy spoj\u00ed do h\u0159ejiv\u00e9ho t\u00f3nu p\u0159ipom\u00ednaj\u00edc\u00edho z\u00e1pad slunce za matn\u00fdm sklem. Ru\u010dn\u00ed zpracov\u00e1n\u00ed a charakteristick\u00e1 barevn\u00e1 struktura d\u011blaj\u00ed z ka\u017ed\u00e9ho kusu origin\u00e1l. Lampu lze pou\u017e\u00edt jako n\u00e1ladov\u00e9 osv\u011btlen\u00ed do lo\u017enice, ob\u00fdvac\u00edho pokoje nebo na no\u010dn\u00ed stolek.<\/p>\n<p>Stav: el. p\u016fvodn\u00ed, funk\u010dn\u00ed<br \/>\nRozm\u011br<br \/>\nV\u00fd\u0161ka: 24 cm<br \/>\nPr\u016fm\u011br: 20 cm<br \/>\nV\u00e1ha: 2 kg<\/p>\n<p>&nbsp;<\/p>\n","protected":false},"excerpt":{"rendered":"<p>Lampa z produkce n\u00e1rodn\u00edho podniku Osv\u011btlovac\u00ed sklo Vala\u0161sk\u00e9 Mezi\u0159\u00ed\u010d\u00ed, kter\u00e1 dokonale vystihuje poetiku \u010desk\u00e9ho designu sedmdes\u00e1t\u00fdch let. Skl\u00e1d\u00e1 se ze<\/p>\n","protected":false},"featured_media":30492,"template":"","meta":[],"product_brand":[],"product_cat":[91],"product_tag":[],"class_list":{"0":"post-30490","1":"product","2":"type-product","3":"status-publish","4":"has-post-thumbnail","6":"product_cat-prodane","7":"product_shipping_class-nadrozmerne","9":"first","10":"outofstock","11":"purchasable","12":"product-type-simple"},"_links":{"self":[{"href":"https:\/\/eterle.cz\/eshop\/wp-json\/wp\/v2\/product\/30490","targetHints":{"allow":["GET"]}}],"collection":[{"href":"https:\/\/eterle.cz\/eshop\/wp-json\/wp\/v2\/product"}],"about":[{"href":"https:\/\/eterle.cz\/eshop\/wp-json\/wp\/v2\/types\/product"}],"version-history":[{"count":1,"href":"https:\/\/eterle.cz\/eshop\/wp-json\/wp\/v2\/product\/30490\/revisions"}],"predecessor-version":[{"id":30491,"href":"https:\/\/eterle.cz\/eshop\/wp-json\/wp\/v2\/product\/30490\/revisions\/30491"}],"wp:featuredmedia":[{"embeddable":true,"href":"https:\/\/eterle.cz\/eshop\/wp-json\/wp\/v2\/media\/30492"}],"wp:attachment":[{"href":"https:\/\/eterle.cz\/eshop\/wp-json\/wp\/v2\/media?parent=30490"}],"wp:term":[{"taxonomy":"product_brand","embeddable":true,"href":"https:\/\/eterle.cz\/eshop\/wp-json\/wp\/v2\/product_brand?post=30490"},{"taxonomy":"product_cat","embeddable":true,"href":"https:\/\/eterle.cz\/eshop\/wp-json\/wp\/v2\/product_cat?post=30490"},{"taxonomy":"product_tag","embeddable":true,"href":"https:\/\/eterle.cz\/eshop\/wp-json\/wp\/v2\/product_tag?post=30490"}],"curies":[{"name":"wp","href":"https:\/\/api.w.org\/{rel}","templated":true}]}}