{"id":31034,"date":"2025-11-08T23:52:07","date_gmt":"2025-11-08T22:52:07","guid":{"rendered":"https:\/\/eterle.cz\/eshop\/produkt\/lustr-horcicny-tabery\/"},"modified":"2025-12-05T22:31:27","modified_gmt":"2025-12-05T21:31:27","slug":"lustr-horcicny-tabery","status":"publish","type":"product","link":"https:\/\/eterle.cz\/eshop\/produkt\/lustr-horcicny-tabery\/","title":{"rendered":"Lustr ho\u0159\u010di\u010dn\u00fd \/ Tabery"},"content":{"rendered":"<p>St\u00ednidlo je vyrobeno z op\u00e1lov\u00e9ho skla v leskl\u00e9 v\u00fdrazn\u00e9 \u017elut\u00e9 barv\u011b. Lustr poch\u00e1z\u00ed od n\u00e1vrh\u00e1\u0159e \u0160t\u011bp\u00e1na Tabery, kter\u00fd pracoval pro podnik OPP Jihlava. \u010cist\u00fdm tvarem i v\u00fdraznou barvou se bude kr\u00e1sn\u011b hodit jak do modern\u00edho interi\u00e9ru tak do retro stylu. Rozhodn\u011b s ebude jednat o v\u00fdrazn\u00fd prvek, kter\u00fd upout\u00e1 pozornost.<\/p>\n<p>Stav: el. nov\u00e1, funk\u010dn\u00ed<br \/>\nZna\u010dka: \u0160t\u011bp\u00e1n Tabery<br \/>\nRozm\u011br<br \/>\nV\u00fd\u0161ka: 76 cm<br \/>\nPr\u016fm\u011br: 29 cm<br \/>\nD\u00e9lka ty\u010de: 46 cm<br \/>\nV\u00e1ha: 3 kg<\/p>\n<p>&nbsp;<\/p>\n","protected":false},"excerpt":{"rendered":"<p>St\u00ednidlo je vyrobeno z op\u00e1lov\u00e9ho skla v leskl\u00e9 v\u00fdrazn\u00e9 \u017elut\u00e9 barv\u011b. Lustr poch\u00e1z\u00ed od n\u00e1vrh\u00e1\u0159e \u0160t\u011bp\u00e1na Tabery, kter\u00fd pracoval pro<\/p>\n","protected":false},"featured_media":31036,"template":"","meta":[],"product_brand":[],"product_cat":[79,140],"product_tag":[],"class_list":{"0":"post-31034","1":"product","2":"type-product","3":"status-publish","4":"has-post-thumbnail","6":"product_cat-svetla","7":"product_cat-lustry","8":"product_shipping_class-nadrozmerne","10":"first","11":"instock","12":"purchasable","13":"product-type-simple"},"_links":{"self":[{"href":"https:\/\/eterle.cz\/eshop\/wp-json\/wp\/v2\/product\/31034","targetHints":{"allow":["GET"]}}],"collection":[{"href":"https:\/\/eterle.cz\/eshop\/wp-json\/wp\/v2\/product"}],"about":[{"href":"https:\/\/eterle.cz\/eshop\/wp-json\/wp\/v2\/types\/product"}],"version-history":[{"count":1,"href":"https:\/\/eterle.cz\/eshop\/wp-json\/wp\/v2\/product\/31034\/revisions"}],"predecessor-version":[{"id":31035,"href":"https:\/\/eterle.cz\/eshop\/wp-json\/wp\/v2\/product\/31034\/revisions\/31035"}],"wp:featuredmedia":[{"embeddable":true,"href":"https:\/\/eterle.cz\/eshop\/wp-json\/wp\/v2\/media\/31036"}],"wp:attachment":[{"href":"https:\/\/eterle.cz\/eshop\/wp-json\/wp\/v2\/media?parent=31034"}],"wp:term":[{"taxonomy":"product_brand","embeddable":true,"href":"https:\/\/eterle.cz\/eshop\/wp-json\/wp\/v2\/product_brand?post=31034"},{"taxonomy":"product_cat","embeddable":true,"href":"https:\/\/eterle.cz\/eshop\/wp-json\/wp\/v2\/product_cat?post=31034"},{"taxonomy":"product_tag","embeddable":true,"href":"https:\/\/eterle.cz\/eshop\/wp-json\/wp\/v2\/product_tag?post=31034"}],"curies":[{"name":"wp","href":"https:\/\/api.w.org\/{rel}","templated":true}]}}