{"id":31060,"date":"2025-11-08T23:52:23","date_gmt":"2025-11-08T22:52:23","guid":{"rendered":"https:\/\/eterle.cz\/eshop\/produkt\/lustr-modry-prouzek\/"},"modified":"2025-12-05T22:31:26","modified_gmt":"2025-12-05T21:31:26","slug":"lustr-modry-prouzek","status":"publish","type":"product","link":"https:\/\/eterle.cz\/eshop\/produkt\/lustr-modry-prouzek\/","title":{"rendered":"Lustr modr\u00fd prou\u017eek"},"content":{"rendered":"<p>Z\u00e1v\u011bsn\u00e9 sv\u00edtidlo z op\u00e1lov\u00e9ho skla s ru\u010dn\u011b zata\u017een\u00fdm modr\u00fdm pruhem, kter\u00fd se vine po povrchu st\u00ednidla jako stopa sv\u011btla. Kombinace ml\u00e9\u010dn\u011b b\u00edl\u00e9ho skla a syt\u00e9 modr\u00e9 barvy vytv\u00e1\u0159\u00ed elegantn\u00ed kontrast a p\u0159i rozsv\u00edcen\u00ed p\u016fsob\u00ed klidn\u011b i hrav\u011b z\u00e1rove\u0148.<\/p>\n<p>Stav: el. nov\u00e1, funk\u010dn\u00ed<br \/>\nRozm\u011br<br \/>\nV\u00fd\u0161ka: 90 cm<br \/>\nPr\u016fm\u011br: 24 cm<br \/>\nD\u00e9lka ty\u010de: 60 cm<br \/>\nV\u00e1ha: 1,7 kg<\/p>\n<p>&nbsp;<\/p>\n","protected":false},"excerpt":{"rendered":"<p>Z\u00e1v\u011bsn\u00e9 sv\u00edtidlo z op\u00e1lov\u00e9ho skla s ru\u010dn\u011b zata\u017een\u00fdm modr\u00fdm pruhem, kter\u00fd se vine po povrchu st\u00ednidla jako stopa sv\u011btla. Kombinace<\/p>\n","protected":false},"featured_media":31062,"template":"","meta":[],"product_brand":[],"product_cat":[79,140],"product_tag":[],"class_list":{"0":"post-31060","1":"product","2":"type-product","3":"status-publish","4":"has-post-thumbnail","6":"product_cat-svetla","7":"product_cat-lustry","8":"product_shipping_class-nadrozmerne","10":"first","11":"instock","12":"purchasable","13":"product-type-simple"},"_links":{"self":[{"href":"https:\/\/eterle.cz\/eshop\/wp-json\/wp\/v2\/product\/31060","targetHints":{"allow":["GET"]}}],"collection":[{"href":"https:\/\/eterle.cz\/eshop\/wp-json\/wp\/v2\/product"}],"about":[{"href":"https:\/\/eterle.cz\/eshop\/wp-json\/wp\/v2\/types\/product"}],"version-history":[{"count":1,"href":"https:\/\/eterle.cz\/eshop\/wp-json\/wp\/v2\/product\/31060\/revisions"}],"predecessor-version":[{"id":31061,"href":"https:\/\/eterle.cz\/eshop\/wp-json\/wp\/v2\/product\/31060\/revisions\/31061"}],"wp:featuredmedia":[{"embeddable":true,"href":"https:\/\/eterle.cz\/eshop\/wp-json\/wp\/v2\/media\/31062"}],"wp:attachment":[{"href":"https:\/\/eterle.cz\/eshop\/wp-json\/wp\/v2\/media?parent=31060"}],"wp:term":[{"taxonomy":"product_brand","embeddable":true,"href":"https:\/\/eterle.cz\/eshop\/wp-json\/wp\/v2\/product_brand?post=31060"},{"taxonomy":"product_cat","embeddable":true,"href":"https:\/\/eterle.cz\/eshop\/wp-json\/wp\/v2\/product_cat?post=31060"},{"taxonomy":"product_tag","embeddable":true,"href":"https:\/\/eterle.cz\/eshop\/wp-json\/wp\/v2\/product_tag?post=31060"}],"curies":[{"name":"wp","href":"https:\/\/api.w.org\/{rel}","templated":true}]}}