{"id":31141,"date":"2025-11-08T23:53:18","date_gmt":"2025-11-08T22:53:18","guid":{"rendered":"https:\/\/eterle.cz\/eshop\/produkt\/lustr-smycka\/"},"modified":"2025-12-05T22:31:25","modified_gmt":"2025-12-05T21:31:25","slug":"lustr-smycka","status":"publish","type":"product","link":"https:\/\/eterle.cz\/eshop\/produkt\/lustr-smycka\/","title":{"rendered":"Lustr smy\u010dka"},"content":{"rendered":"<p>Dvojice sklen\u011bn\u00fdch v\u00e1lcov\u00fdch st\u00ednidel s jemn\u00fdm plastick\u00fdm vzorem a kovov\u00e1 konstrukce s obloukov\u00fdmi rameny \u2013 spojen\u00ed, kter\u00e9 p\u016fsob\u00ed z\u00e1rove\u0148 elegantn\u011b i technicky p\u0159esn\u011b. Ml\u00e9\u010dn\u00e9 sklo rozptyluje sv\u011btlo do m\u011bkk\u00e9 z\u00e1\u0159e, zat\u00edmco pochromovan\u00e9 detaily dod\u00e1vaj\u00ed cel\u00e9 kompozici lesk a lehkost.<br \/>\nTypick\u00e1 uk\u00e1zka \u010desk\u00e9ho osv\u011btlen\u00ed z 50.\u201360. let, kdy se modernistick\u00e1 jednoduchost za\u010dala propojovat s jemn\u011bj\u0161\u00edmi, dekorativn\u00edmi prvky.<\/p>\n<p>Stav: el. nov\u00e1<br \/>\nRozm\u011br:<br \/>\n V\u00fd\u0161ka: 78 cm<br \/>\n V\u00fd\u0161ka ty\u010de: 66 cm<br \/>\n Pr\u016fm\u011br st\u00ednidla: 11 cm<br \/>\n \u0160\u00ed\u0159ka: 37<br \/>\n V\u00e1ha: 1,7 kg<\/p>\n<p>&nbsp;<\/p>\n","protected":false},"excerpt":{"rendered":"<p>Dvojice sklen\u011bn\u00fdch v\u00e1lcov\u00fdch st\u00ednidel s jemn\u00fdm plastick\u00fdm vzorem a kovov\u00e1 konstrukce s obloukov\u00fdmi rameny \u2013 spojen\u00ed, kter\u00e9 p\u016fsob\u00ed z\u00e1rove\u0148 elegantn\u011b<\/p>\n","protected":false},"featured_media":31143,"template":"","meta":[],"product_brand":[],"product_cat":[79,140],"product_tag":[],"class_list":{"0":"post-31141","1":"product","2":"type-product","3":"status-publish","4":"has-post-thumbnail","6":"product_cat-svetla","7":"product_cat-lustry","8":"product_shipping_class-nadrozmerne","10":"first","11":"instock","12":"purchasable","13":"product-type-simple"},"_links":{"self":[{"href":"https:\/\/eterle.cz\/eshop\/wp-json\/wp\/v2\/product\/31141","targetHints":{"allow":["GET"]}}],"collection":[{"href":"https:\/\/eterle.cz\/eshop\/wp-json\/wp\/v2\/product"}],"about":[{"href":"https:\/\/eterle.cz\/eshop\/wp-json\/wp\/v2\/types\/product"}],"version-history":[{"count":1,"href":"https:\/\/eterle.cz\/eshop\/wp-json\/wp\/v2\/product\/31141\/revisions"}],"predecessor-version":[{"id":31142,"href":"https:\/\/eterle.cz\/eshop\/wp-json\/wp\/v2\/product\/31141\/revisions\/31142"}],"wp:featuredmedia":[{"embeddable":true,"href":"https:\/\/eterle.cz\/eshop\/wp-json\/wp\/v2\/media\/31143"}],"wp:attachment":[{"href":"https:\/\/eterle.cz\/eshop\/wp-json\/wp\/v2\/media?parent=31141"}],"wp:term":[{"taxonomy":"product_brand","embeddable":true,"href":"https:\/\/eterle.cz\/eshop\/wp-json\/wp\/v2\/product_brand?post=31141"},{"taxonomy":"product_cat","embeddable":true,"href":"https:\/\/eterle.cz\/eshop\/wp-json\/wp\/v2\/product_cat?post=31141"},{"taxonomy":"product_tag","embeddable":true,"href":"https:\/\/eterle.cz\/eshop\/wp-json\/wp\/v2\/product_tag?post=31141"}],"curies":[{"name":"wp","href":"https:\/\/api.w.org\/{rel}","templated":true}]}}